{"id":10642,"date":"2016-11-21T13:46:52","date_gmt":"2016-11-21T13:46:52","guid":{"rendered":"http:\/\/www.adrianwood.ch\/?page_id=10642"},"modified":"2016-11-21T14:13:15","modified_gmt":"2016-11-21T14:13:15","slug":"01-10-santorin-naxos","status":"publish","type":"page","link":"https:\/\/www.adrianwood.ch\/?page_id=10642","title":{"rendered":"01 10 Santorin-Naxos"},"content":{"rendered":"<figure id=\"attachment_10643\" aria-describedby=\"caption-attachment-10643\" style=\"width: 730px\" class=\"wp-caption alignleft\"><a href=\"http:\/\/www.adrianwood.ch\/wp-content\/uploads\/2016\/11\/KYK_0314_r7.jpg\"><img loading=\"lazy\" decoding=\"async\" class=\"size-full wp-image-10643\" src=\"http:\/\/www.adrianwood.ch\/wp-content\/uploads\/2016\/11\/KYK_0314_r7.jpg\" alt=\"Kreuzfahrtschiff vor Fira, Santorin\" width=\"730\" height=\"487\" srcset=\"https:\/\/www.adrianwood.ch\/wp-content\/uploads\/2016\/11\/KYK_0314_r7.jpg 730w, https:\/\/www.adrianwood.ch\/wp-content\/uploads\/2016\/11\/KYK_0314_r7-300x200.jpg 300w\" sizes=\"auto, (max-width: 730px) 100vw, 730px\" \/><\/a><figcaption id=\"caption-attachment-10643\" class=\"wp-caption-text\">Kreuzfahrtschiff vor Fira, Santorin<\/figcaption><\/figure>\n<h2><strong>Samstag, 01. Oktober \u2013 von Santorin nach Naxos<\/strong><\/h2>\n<p style=\"text-align: justify;\">Koffer gepackt, 10.oo Uhr Abmarsch zum Stadtgang nach Fira. Wir schlendern durch die bev\u00f6lkerten Gassen mit unz\u00e4hligen L\u00e4dchen. Erw\u00e4hnenswert ist die katholische Kirche in dem sog. katholischen Viertel. Hier lebte ab dem fr\u00fchen 18, Jh. ein Gro\u00dfteil der auf Santorin nach dem Ende der italienischen Herrschaft verbliebenen r\u00f6mischen Katholiken. Dem Dominikanerinnenkloster widmen wir nur einen Blick von au\u00dfen und schauen auf dem R\u00fcckweg kurz in die kleine r\u00f6misch-katholische Kathedrale (1823) hinein. Weit auff\u00e4lliger dominiert der schneewei\u00dfe Kuppelbau der orthodoxen Kathedrale, errichtet 1956\/57. Von der prachtvollen Innenausstattung sind mir die Kristallleuchten in Erinnerung. Die gro\u00dffl\u00e4chigen Malereien auf W\u00e4nden und Decken stammen von einem \u00f6rtlichen K\u00fcnstler und sagen mir inhaltlich nichts. Ein gro\u00dfer freier Hof schlie\u00dft sich an die Kirche. Hier endet unsere Stadtf\u00fchrung mit dem Hinweis auf zwei sehenswerte Kirchen im Kraterrand, von denen wir selbst\u00e4ndig eine verschlossene umrunden, auf die andere verzichten. Ins Blickfeld geraten etwas au\u00dferhalb gelegene Steinbr\u00fcche. Im gro\u00dfen Stil wurde auf Santorin seit Mitte 19. Jh. bis in die 1980er Jahre Bimsstein abgebaut und zu Mehl verarbeitet als Baumaterial eingesetzt. Im Gemisch mit gebranntem Kalk + Wasser erh\u00e4lt man einen Zement, der unter Wasser erh\u00e4rtet, was ich noch nie h\u00f6rte. Deshalb benutzte man ihn vor allem bei Hafenbauten (das Becken des Suez-Kanal wurde mit Santoriner Bimsteinm\u00f6rtel ausgebaut). Heute sind die alten Steinbr\u00fcche stillgelegt und sehenswerte Industrieruinen. Wieder gemeinsam laufen wir zum Hotel zur\u00fcck, verladen die Koffer im Hotelshuttle und fahren zum Haupthafen <strong>Athinios<\/strong>. Hier warten wir auf die versp\u00e4tete Super F\u00e4hre \u201eBlue Star\u201c, mit der wir auf unsere n\u00e4chste Insel h\u00fcpfen. Noch nie bin ich auf einer solch modernen Gro\u00dff\u00e4hre gefahren. Rolltreppen bringen uns zu Kofferf\u00e4chern. Bei Sonnenschein gibt es ausreichend freie Sitzgelegenheiten auf der \u00fcberdachten Aussichtsterrasse. Ich habe die zweist\u00fcndige \u00dcberfahrt voll genossen.<\/p>\n<p style=\"text-align: justify;\">Auf <strong>Naxos<\/strong> werden die Koffer transportiert. \u00dcbrigens ist Naxos die gr\u00f6\u00dfte Insel der Kykladen. Wir laufen zum Hotel, wobei sich der Weg doch in die L\u00e4nge zieht. Unerwartet erblicke ich einen Sandstrand (!) anstatt der bisherigen Str\u00e4nde aus grauschwarzem, grobem Lavakies. Nach dem Hotelbezug Treff zum gemeinsamen Abendessen in Hafenn\u00e4he, selbstverst\u00e4ndlich mit Fisch.<\/p>\nngg_shortcode_0_placeholder\n<p style=\"text-align: justify;\">\n","protected":false},"excerpt":{"rendered":"<p>Samstag, 01. Oktober \u2013 von Santorin nach Naxos Koffer gepackt, 10.oo Uhr Abmarsch zum Stadtgang nach Fira. Wir schlendern durch die bev\u00f6lkerten Gassen mit unz\u00e4hligen L\u00e4dchen. Erw\u00e4hnenswert ist die katholische Kirche in dem sog. katholischen Viertel. Hier lebte ab dem fr\u00fchen 18, Jh. ein Gro\u00dfteil der auf Santorin nach dem Ende der italienischen Herrschaft verbliebenen &hellip; <a href=\"https:\/\/www.adrianwood.ch\/?page_id=10642\" class=\"more-link\">Continue reading <span class=\"screen-reader-text\">01 10 Santorin-Naxos<\/span> <span class=\"meta-nav\">&rarr;<\/span><\/a><\/p>\n","protected":false},"author":1,"featured_media":0,"parent":10491,"menu_order":4834,"comment_status":"closed","ping_status":"closed","template":"","meta":{"ngg_post_thumbnail":0,"footnotes":""},"class_list":["post-10642","page","type-page","status-publish","hentry"],"_links":{"self":[{"href":"https:\/\/www.adrianwood.ch\/index.php?rest_route=\/wp\/v2\/pages\/10642","targetHints":{"allow":["GET"]}}],"collection":[{"href":"https:\/\/www.adrianwood.ch\/index.php?rest_route=\/wp\/v2\/pages"}],"about":[{"href":"https:\/\/www.adrianwood.ch\/index.php?rest_route=\/wp\/v2\/types\/page"}],"author":[{"embeddable":true,"href":"https:\/\/www.adrianwood.ch\/index.php?rest_route=\/wp\/v2\/users\/1"}],"replies":[{"embeddable":true,"href":"https:\/\/www.adrianwood.ch\/index.php?rest_route=%2Fwp%2Fv2%2Fcomments&post=10642"}],"version-history":[{"count":2,"href":"https:\/\/www.adrianwood.ch\/index.php?rest_route=\/wp\/v2\/pages\/10642\/revisions"}],"predecessor-version":[{"id":10807,"href":"https:\/\/www.adrianwood.ch\/index.php?rest_route=\/wp\/v2\/pages\/10642\/revisions\/10807"}],"up":[{"embeddable":true,"href":"https:\/\/www.adrianwood.ch\/index.php?rest_route=\/wp\/v2\/pages\/10491"}],"wp:attachment":[{"href":"https:\/\/www.adrianwood.ch\/index.php?rest_route=%2Fwp%2Fv2%2Fmedia&parent=10642"}],"curies":[{"name":"wp","href":"https:\/\/api.w.org\/{rel}","templated":true}]}}

<figure id="attachment_10643" aria-describedby="caption-attachment-10643" style="width: 730px" class="wp-caption alignleft"><a href="http://www.adrianwood.ch/wp-content/uploads/2016/11/KYK_0314_r7.jpg"><img loading="lazy" decoding="async" class="size-full wp-image-10643" src="http://www.adrianwood.ch/wp-content/uploads/2016/11/KYK_0314_r7.jpg" alt="Kreuzfahrtschiff vor Fira, Santorin" width="730" height="487" srcset="https://www.adrianwood.ch/wp-content/uploads/2016/11/KYK_0314_r7.jpg 730w, https://www.adrianwood.ch/wp-content/uploads/2016/11/KYK_0314_r7-300x200.jpg 300w" sizes="auto, (max-width: 730px) 100vw, 730px" /></a><figcaption id="caption-attachment-10643" class="wp-caption-text">Kreuzfahrtschiff vor Fira, Santorin</figcaption></figure>
<h2><strong>Samstag, 01. Oktober – von Santorin nach Naxos</strong></h2>
<p style="text-align: justify;">Koffer gepackt, 10.oo Uhr Abmarsch zum Stadtgang nach Fira. Wir schlendern durch die bevölkerten Gassen mit unzähligen Lädchen. Erwähnenswert ist die katholische Kirche in dem sog. katholischen Viertel. Hier lebte ab dem frühen 18, Jh. ein Großteil der auf Santorin nach dem Ende der italienischen Herrschaft verbliebenen römischen Katholiken. Dem Dominikanerinnenkloster widmen wir nur einen Blick von außen und schauen auf dem Rückweg kurz in die kleine römisch-katholische Kathedrale (1823) hinein. Weit auffälliger dominiert der schneeweiße Kuppelbau der orthodoxen Kathedrale, errichtet 1956/57. Von der prachtvollen Innenausstattung sind mir die Kristallleuchten in Erinnerung. Die großflächigen Malereien auf Wänden und Decken stammen von einem örtlichen Künstler und sagen mir inhaltlich nichts. Ein großer freier Hof schließt sich an die Kirche. Hier endet unsere Stadtführung mit dem Hinweis auf zwei sehenswerte Kirchen im Kraterrand, von denen wir selbständig eine verschlossene umrunden, auf die andere verzichten. Ins Blickfeld geraten etwas außerhalb gelegene Steinbrüche. Im großen Stil wurde auf Santorin seit Mitte 19. Jh. bis in die 1980er Jahre Bimsstein abgebaut und zu Mehl verarbeitet als Baumaterial eingesetzt. Im Gemisch mit gebranntem Kalk + Wasser erhält man einen Zement, der unter Wasser erhärtet, was ich noch nie hörte. Deshalb benutzte man ihn vor allem bei Hafenbauten (das Becken des Suez-Kanal wurde mit Santoriner Bimsteinmörtel ausgebaut). Heute sind die alten Steinbrüche stillgelegt und sehenswerte Industrieruinen. Wieder gemeinsam laufen wir zum Hotel zurück, verladen die Koffer im Hotelshuttle und fahren zum Haupthafen <strong>Athinios</strong>. Hier warten wir auf die verspätete Super Fähre „Blue Star“, mit der wir auf unsere nächste Insel hüpfen. Noch nie bin ich auf einer solch modernen Großfähre gefahren. Rolltreppen bringen uns zu Kofferfächern. Bei Sonnenschein gibt es ausreichend freie Sitzgelegenheiten auf der überdachten Aussichtsterrasse. Ich habe die zweistündige Überfahrt voll genossen.</p>
<p style="text-align: justify;">Auf <strong>Naxos</strong> werden die Koffer transportiert. Übrigens ist Naxos die größte Insel der Kykladen. Wir laufen zum Hotel, wobei sich der Weg doch in die Länge zieht. Unerwartet erblicke ich einen Sandstrand (!) anstatt der bisherigen Strände aus grauschwarzem, grobem Lavakies. Nach dem Hotelbezug Treff zum gemeinsamen Abendessen in Hafennähe, selbstverständlich mit Fisch.</p>
ngg_shortcode_0_placeholder
<p style="text-align: justify;">

<p>Samstag, 01. Oktober – von Santorin nach Naxos Koffer gepackt, 10.oo Uhr Abmarsch zum Stadtgang nach Fira. Wir schlendern durch die bevölkerten Gassen mit unzähligen Lädchen. Erwähnenswert ist die katholische Kirche in dem sog. katholischen Viertel. Hier lebte ab dem frühen 18, Jh. ein Großteil der auf Santorin nach dem Ende der italienischen Herrschaft verbliebenen &hellip; <a href="https://www.adrianwood.ch/?page_id=10642" class="more-link">Continue reading <span class="screen-reader-text">01 10 Santorin-Naxos</span> <span class="meta-nav">&rarr;</span></a></p>
