{"id":10948,"date":"2016-11-21T15:42:08","date_gmt":"2016-11-21T15:42:08","guid":{"rendered":"http:\/\/www.adrianwood.ch\/?page_id=10948"},"modified":"2016-11-21T16:00:49","modified_gmt":"2016-11-21T16:00:49","slug":"06-10-paros-freie-tag","status":"publish","type":"page","link":"https:\/\/www.adrianwood.ch\/?page_id=10948","title":{"rendered":"06 10 Paros Freie Tag"},"content":{"rendered":"<figure id=\"attachment_10949\" aria-describedby=\"caption-attachment-10949\" style=\"width: 730px\" class=\"wp-caption alignleft\"><a href=\"http:\/\/www.adrianwood.ch\/wp-content\/uploads\/2016\/11\/KYK_0750_r7.jpg\"><img loading=\"lazy\" decoding=\"async\" class=\"size-full wp-image-10949\" src=\"http:\/\/www.adrianwood.ch\/wp-content\/uploads\/2016\/11\/KYK_0750_r7.jpg\" alt=\"Einsame Badebucht bei Sonnenuntergang\" width=\"730\" height=\"487\" srcset=\"https:\/\/www.adrianwood.ch\/wp-content\/uploads\/2016\/11\/KYK_0750_r7.jpg 730w, https:\/\/www.adrianwood.ch\/wp-content\/uploads\/2016\/11\/KYK_0750_r7-300x200.jpg 300w\" sizes=\"auto, (max-width: 730px) 100vw, 730px\" \/><\/a><figcaption id=\"caption-attachment-10949\" class=\"wp-caption-text\">Einsame Badebucht bei Sonnenuntergang<\/figcaption><\/figure>\n<h2><strong>Donnerstag, 06. Oktober \u2013 Freie Tag<\/strong><\/h2>\n<p style=\"text-align: justify;\">Fr\u00fchst\u00fcck auf der Terrasse ohne Eile, wir haben Freizeit. Ein gemeinsames Unternehmen kommt nicht zustande, obwohl Adrian ein Mietauto zum Transport anbietet. Sabine, Siggi und ich machen uns auf die Suche nach einer einsamen Badebucht, was sich nicht so einfach gestaltet. Ziemlich weit au\u00dferhalb der Stadt werden wir f\u00fcndig. Das einsame Pl\u00e4tzchen am Meer verlassen wir erst um 15.3o Uhr. Ausspannen am Hotelpool, bevor wir zu viert zum individuellen Abendessen aufbrechen. An der Hafenpromenade suchen wir nach einem empfohlenen Lokal und beschlie\u00dfen den Ruhetag mit Rotwein.<\/p>\nngg_shortcode_0_placeholder\n","protected":false},"excerpt":{"rendered":"<p>Donnerstag, 06. Oktober \u2013 Freie Tag Fr\u00fchst\u00fcck auf der Terrasse ohne Eile, wir haben Freizeit. Ein gemeinsames Unternehmen kommt nicht zustande, obwohl Adrian ein Mietauto zum Transport anbietet. Sabine, Siggi und ich machen uns auf die Suche nach einer einsamen Badebucht, was sich nicht so einfach gestaltet. Ziemlich weit au\u00dferhalb der Stadt werden wir f\u00fcndig. &hellip; <a href=\"https:\/\/www.adrianwood.ch\/?page_id=10948\" class=\"more-link\">Continue reading <span class=\"screen-reader-text\">06 10 Paros Freie Tag<\/span> <span class=\"meta-nav\">&rarr;<\/span><\/a><\/p>\n","protected":false},"author":1,"featured_media":0,"parent":10491,"menu_order":4839,"comment_status":"closed","ping_status":"closed","template":"","meta":{"ngg_post_thumbnail":0,"footnotes":""},"class_list":["post-10948","page","type-page","status-publish","hentry"],"_links":{"self":[{"href":"https:\/\/www.adrianwood.ch\/index.php?rest_route=\/wp\/v2\/pages\/10948","targetHints":{"allow":["GET"]}}],"collection":[{"href":"https:\/\/www.adrianwood.ch\/index.php?rest_route=\/wp\/v2\/pages"}],"about":[{"href":"https:\/\/www.adrianwood.ch\/index.php?rest_route=\/wp\/v2\/types\/page"}],"author":[{"embeddable":true,"href":"https:\/\/www.adrianwood.ch\/index.php?rest_route=\/wp\/v2\/users\/1"}],"replies":[{"embeddable":true,"href":"https:\/\/www.adrianwood.ch\/index.php?rest_route=%2Fwp%2Fv2%2Fcomments&post=10948"}],"version-history":[{"count":4,"href":"https:\/\/www.adrianwood.ch\/index.php?rest_route=\/wp\/v2\/pages\/10948\/revisions"}],"predecessor-version":[{"id":10969,"href":"https:\/\/www.adrianwood.ch\/index.php?rest_route=\/wp\/v2\/pages\/10948\/revisions\/10969"}],"up":[{"embeddable":true,"href":"https:\/\/www.adrianwood.ch\/index.php?rest_route=\/wp\/v2\/pages\/10491"}],"wp:attachment":[{"href":"https:\/\/www.adrianwood.ch\/index.php?rest_route=%2Fwp%2Fv2%2Fmedia&parent=10948"}],"curies":[{"name":"wp","href":"https:\/\/api.w.org\/{rel}","templated":true}]}}

<figure id="attachment_10949" aria-describedby="caption-attachment-10949" style="width: 730px" class="wp-caption alignleft"><a href="http://www.adrianwood.ch/wp-content/uploads/2016/11/KYK_0750_r7.jpg"><img loading="lazy" decoding="async" class="size-full wp-image-10949" src="http://www.adrianwood.ch/wp-content/uploads/2016/11/KYK_0750_r7.jpg" alt="Einsame Badebucht bei Sonnenuntergang" width="730" height="487" srcset="https://www.adrianwood.ch/wp-content/uploads/2016/11/KYK_0750_r7.jpg 730w, https://www.adrianwood.ch/wp-content/uploads/2016/11/KYK_0750_r7-300x200.jpg 300w" sizes="auto, (max-width: 730px) 100vw, 730px" /></a><figcaption id="caption-attachment-10949" class="wp-caption-text">Einsame Badebucht bei Sonnenuntergang</figcaption></figure>
<h2><strong>Donnerstag, 06. Oktober – Freie Tag</strong></h2>
<p style="text-align: justify;">Frühstück auf der Terrasse ohne Eile, wir haben Freizeit. Ein gemeinsames Unternehmen kommt nicht zustande, obwohl Adrian ein Mietauto zum Transport anbietet. Sabine, Siggi und ich machen uns auf die Suche nach einer einsamen Badebucht, was sich nicht so einfach gestaltet. Ziemlich weit außerhalb der Stadt werden wir fündig. Das einsame Plätzchen am Meer verlassen wir erst um 15.3o Uhr. Ausspannen am Hotelpool, bevor wir zu viert zum individuellen Abendessen aufbrechen. An der Hafenpromenade suchen wir nach einem empfohlenen Lokal und beschließen den Ruhetag mit Rotwein.</p>
ngg_shortcode_0_placeholder

<p>Donnerstag, 06. Oktober – Freie Tag Frühstück auf der Terrasse ohne Eile, wir haben Freizeit. Ein gemeinsames Unternehmen kommt nicht zustande, obwohl Adrian ein Mietauto zum Transport anbietet. Sabine, Siggi und ich machen uns auf die Suche nach einer einsamen Badebucht, was sich nicht so einfach gestaltet. Ziemlich weit außerhalb der Stadt werden wir fündig. &hellip; <a href="https://www.adrianwood.ch/?page_id=10948" class="more-link">Continue reading <span class="screen-reader-text">06 10 Paros Freie Tag</span> <span class="meta-nav">&rarr;</span></a></p>
