{"id":11069,"date":"2016-11-27T12:04:47","date_gmt":"2016-11-27T12:04:47","guid":{"rendered":"http:\/\/www.adrianwood.ch\/?page_id=11069"},"modified":"2016-11-27T12:04:47","modified_gmt":"2016-11-27T12:04:47","slug":"08-10-parikia","status":"publish","type":"page","link":"https:\/\/www.adrianwood.ch\/?page_id=11069","title":{"rendered":"08 10 Parikia"},"content":{"rendered":"<figure id=\"attachment_11070\" aria-describedby=\"caption-attachment-11070\" style=\"width: 1620px\" class=\"wp-caption alignleft\"><a href=\"http:\/\/www.adrianwood.ch\/wp-content\/uploads\/2016\/11\/KYK_0886a.jpg\"><img loading=\"lazy\" decoding=\"async\" class=\"size-full wp-image-11070\" src=\"http:\/\/www.adrianwood.ch\/wp-content\/uploads\/2016\/11\/KYK_0886a.jpg\" alt=\"in Panagia Ekatontapiliani\" height=\"1080\" width=\"1620\" srcset=\"https:\/\/www.adrianwood.ch\/wp-content\/uploads\/2016\/11\/KYK_0886a.jpg 1620w, https:\/\/www.adrianwood.ch\/wp-content\/uploads\/2016\/11\/KYK_0886a-300x200.jpg 300w, https:\/\/www.adrianwood.ch\/wp-content\/uploads\/2016\/11\/KYK_0886a-768x512.jpg 768w, https:\/\/www.adrianwood.ch\/wp-content\/uploads\/2016\/11\/KYK_0886a-1024x683.jpg 1024w\" sizes=\"auto, (max-width: 1620px) 100vw, 1620px\" \/><\/a><figcaption id=\"caption-attachment-11070\" class=\"wp-caption-text\">in Panagia Ekatontapiliani<\/figcaption><\/figure>\n<h2><strong>Samstag, 08. Oktober \u2013 von Parikia nach Kamari<\/strong><\/h2>\n<p style=\"text-align: justify;\">Ungewohnt sind leichte Wolken am Himmel. 9.4o Uhr laufen wir Richtung Zentrum <strong>Parikia<\/strong>. Etwas tiefer gelegen direkt an der Uferstra\u00dfe \u2013 und bislang von uns total \u00fcbersehen \u2013 stehen wir auf dem Ausgrabungsgel\u00e4nde des antiken Friedhofs mit zahlreichen Urnen und Sarkophagen. Erst 1983 wurde diese bedeutende Grabst\u00e4tte entdeckt, die vom 8. Jh. v. Chr. bis in r\u00f6mische Zeit als Friedhof der Stadt fungierte. Bald erreichen wir die \u00e4lteste Kirche der Kykladen und gleichzeitig eine der sch\u00f6nsten Kirchen Griechenlands, die Panagia Ekatontapiliani (\u201edie mit den hundert Pforten\u201c). Als Helena, die Mutter des r\u00f6mischen Kaisers Konstantin, w\u00e4hrend ihrer Pilgerreise ins Heilige Land wegen des Wintereinbruchs auf der Insel Halt machte, veranlasste sie der Legende nach den Kirchenbau. Die \u00e4ltesten Teile dieses imponierenden Gotteshauses stammen aus dem 4. Jh. Die eigentliche Kirche wurde im 6. Jh. w\u00e4hrend der Regierungszeit des byzantinischen Kaisers Justinian II. erbaut. Ein bisschen erinnert die Kirche mit ihren harmonischen Kreuzkuppeln an die Hagia Sofia in Istanbul; der Erbauer war angeblich ein Sch\u00fcler des Baumeisters der Hagia Sofia. Der Komplex besteht aus der Hauptkirche = ein hoher Innenraum mit schlanken S\u00e4ulen, umlaufende Emporen und kunstvollen, farbenpr\u00e4chtigen Ikonostasen. Daran angebaut sind zwei Kapellen. Das Baptisterium steht auf der rechten Seite der Kirche, der Taufstein ist aus Marmor und hat die Form eines Kreuzes. Der Name bedeutet \u00fcbersetzt \u201eKirche der 100 T\u00fcren\u201c, von denen man bisher aber nur 99 gefunden hat. Einer Legende nach wird, wenn die 100. T\u00fcr gefunden ist, Konstantinopel wieder zu Griechenland geh\u00f6ren. Eine weitere Besonderheit sind die Kirchenglocken, die in einer Zypresse im Innenhof h\u00e4ngen. 1960\/70 erfolgten umfassende Restaurierungsarbeiten.<\/p>\n<p style=\"text-align: justify;\">Vorbei an einem kleinen Kreisverkehr, in dessen Mitte das Wahrzeichen von Parikia eine Windm\u00fchle steht, gelangen wir in den \u00e4ltesten Teil der Stadt, das mittelalterlich Kastro-Viertel. Der Name &#8220;Frankish Castle&#8221; der 1260 errichteten Befestigungsanlage erinnert an die franz\u00f6sischen Ritter des 4. Kreuzzugs, benutzt wurde die Burg von den Venezianern. Sehr gut erhalten ist der etwa 10 m hohe Turm, f\u00fcr dessen Bau ausschlie\u00dflich antike Spolien (Marmorbl\u00f6cke und S\u00e4ulentrommeln) verwendet wurden. Wir erklim\u00admen die Spitze des H\u00fcgels und erfreuen uns am wunderbaren Meeresblick von einer Aussichtsterrasse. Ich erinnere mich noch an eine dortige geschlossene Kirche. Nach dem Reisef\u00fchrer m\u00fcsste es sich um die romantische Doppelkapelle Agios Konstantinos handeln. \u00dcber enge Gassen eilen wir p\u00fcnktlich zum Hafen. 11.55 Uhr legt die Blue Star ab, es ist k\u00fchl. 15 Uhr laufen wir den Neuen Hafen Athini\u00f3s auf Santorin an. Ein Bus bringt uns zum Hotel in <strong>Kamari<\/strong>. Nach Einkauf im Minimarkt erkunde ich Strand und Meer mit Bad zwischen kleinen Felsen, gesonnt bis zum Treff um 19 Uhr zum Abendessen.<\/p>\nngg_shortcode_0_placeholder\n","protected":false},"excerpt":{"rendered":"<p>Samstag, 08. Oktober \u2013 von Parikia nach Kamari Ungewohnt sind leichte Wolken am Himmel. 9.4o Uhr laufen wir Richtung Zentrum Parikia. Etwas tiefer gelegen direkt an der Uferstra\u00dfe \u2013 und bislang von uns total \u00fcbersehen \u2013 stehen wir auf dem Ausgrabungsgel\u00e4nde des antiken Friedhofs mit zahlreichen Urnen und Sarkophagen. Erst 1983 wurde diese bedeutende Grabst\u00e4tte &hellip; <a href=\"https:\/\/www.adrianwood.ch\/?page_id=11069\" class=\"more-link\">Continue reading <span class=\"screen-reader-text\">08 10 Parikia<\/span> <span class=\"meta-nav\">&rarr;<\/span><\/a><\/p>\n","protected":false},"author":1,"featured_media":0,"parent":10491,"menu_order":4841,"comment_status":"closed","ping_status":"closed","template":"","meta":{"ngg_post_thumbnail":0,"footnotes":""},"class_list":["post-11069","page","type-page","status-publish","hentry"],"_links":{"self":[{"href":"https:\/\/www.adrianwood.ch\/index.php?rest_route=\/wp\/v2\/pages\/11069","targetHints":{"allow":["GET"]}}],"collection":[{"href":"https:\/\/www.adrianwood.ch\/index.php?rest_route=\/wp\/v2\/pages"}],"about":[{"href":"https:\/\/www.adrianwood.ch\/index.php?rest_route=\/wp\/v2\/types\/page"}],"author":[{"embeddable":true,"href":"https:\/\/www.adrianwood.ch\/index.php?rest_route=\/wp\/v2\/users\/1"}],"replies":[{"embeddable":true,"href":"https:\/\/www.adrianwood.ch\/index.php?rest_route=%2Fwp%2Fv2%2Fcomments&post=11069"}],"version-history":[{"count":2,"href":"https:\/\/www.adrianwood.ch\/index.php?rest_route=\/wp\/v2\/pages\/11069\/revisions"}],"predecessor-version":[{"id":11072,"href":"https:\/\/www.adrianwood.ch\/index.php?rest_route=\/wp\/v2\/pages\/11069\/revisions\/11072"}],"up":[{"embeddable":true,"href":"https:\/\/www.adrianwood.ch\/index.php?rest_route=\/wp\/v2\/pages\/10491"}],"wp:attachment":[{"href":"https:\/\/www.adrianwood.ch\/index.php?rest_route=%2Fwp%2Fv2%2Fmedia&parent=11069"}],"curies":[{"name":"wp","href":"https:\/\/api.w.org\/{rel}","templated":true}]}}