{"id":1171,"date":"2011-03-18T11:32:30","date_gmt":"2011-03-18T11:32:30","guid":{"rendered":"http:\/\/adrianwood.ch\/?page_id=1171"},"modified":"2016-01-28T12:50:06","modified_gmt":"2016-01-28T12:50:06","slug":"2011-03-farneren","status":"publish","type":"page","link":"https:\/\/www.adrianwood.ch\/?page_id=1171","title":{"rendered":"2011-03 Farneren"},"content":{"rendered":"<div>\n<h2><strong>Samstag, 12. M\u00e4rz 2011, Farneren, Entlebuch, Schneeschuhtour<\/strong><strong>\u00a0<\/strong><\/h2>\n<table border=\"0\" cellspacing=\"0\" cellpadding=\"0\">\n<tbody>\n<tr>\n<td colspan=\"2\" valign=\"top\" width=\"815\">Teilnehmer: Toni Jost, Alex Z\u00fcrcher, Ingo Weiss (N), Fanny Hildebrand (N), Hildi Rotzetter (NFS), Regina Denzler (N), Marianne Frei, Hanspeter Sauter, Brunni Kr\u00e4henb\u00fcnl, Peter Wood, Adrian Wood (Leitung).Es war ein schneearmer Winter und ich bin erste k\u00fcrzlich von Indien zur\u00fcck gekommen. In Basel ist es fr\u00fchlingshaft und die Krokusse und Primeln spriessen schon. Trotzdem war die Wetterprognose zuerst nichts besonders, aber es wurde besser dank F\u00f6hneinfluss. Die meisten Anmeldungen kamen entsprechend sp\u00e4t, aber wir wurden schlussendlich 11 Personen, inklusive mein Bruder aus England. Neues Blut aus Novartis Berg &amp; Skiclub und den Naturfreunden war auch willkommen.<\/td>\n<\/tr>\n<tr>\n<td valign=\"top\" width=\"407\">\u00a0<img decoding=\"async\" class=\"ngg-singlepic ngg-none\" src=\"http:\/\/adrianwood.ch\/wp-content\/gallery\/farneren03\/image001_r4.jpg\" alt=\"image001_r4\" \/><\/td>\n<td valign=\"top\" width=\"407\">\u00a0<img decoding=\"async\" class=\"ngg-singlepic ngg-none\" src=\"http:\/\/adrianwood.ch\/wp-content\/gallery\/farneren03\/image003_r4.jpg\" alt=\"image003_r4\" \/><\/td>\n<\/tr>\n<tr>\n<td colspan=\"2\" valign=\"top\" width=\"815\">Der fr\u00fche Start mit dem 6.15 Zug nach Luzern hat sich sehr gelohnt, weil der Vormittag der beste Teil des Tages war. Wir konnten vor 9.00 in Heiligenkreuz auf 1127m mit den Schneeschuhen losmarschieren und erreichten, teilweise \u00fcber praktisch menschenleere Pisten, innerhalb einer Stunde die Bergwirtschaft First (1366m), wo wir erwartet wurden. Wir r\u00fcckten die Tische in die Sonne und genossen eine Kaffeepause auf der Terasse mit herrlicher Aussicht. Titlis und die Bl\u00fcmlisalp waren in verschiedenen Richtungen in der Ferne auszumachen.<\/td>\n<\/tr>\n<tr>\n<td colspan=\"2\" valign=\"top\" width=\"815\">\u00a0<img decoding=\"async\" class=\"ngg-singlepic ngg-none\" src=\"http:\/\/adrianwood.ch\/wp-content\/gallery\/farneren03\/image005_r2.jpg\" alt=\"image005_r2\" \/><\/td>\n<\/tr>\n<tr>\n<td colspan=\"2\" valign=\"top\" width=\"815\">Der Weiterweg auf dem Bergr\u00fccken Richtung Farneren war Genuss pur, und wir machten immer wieder Fotohalts. Der letzte kurze Steilhang war schnell bew\u00e4ltigt, und wir erreichten den Gipfel (1572m) noch vor 12.00. Hier war schon Mittagspause und mein Bruder nutzte die Gelegenheit eine Skizze von der tief unter uns liegenden Kirche von Sch\u00fcpfheim zu machen. Eiger, M\u00f6nch und Jungfrau waren gut sichtbar aber es wurde im Laufe der Pause immer dunstiger. Die Wolken dr\u00fcckten von S\u00fcden und der sch\u00f6ne blaue Himmel verwandelte sich langsam in grau. Zeit zum aufbrechen.<\/td>\n<\/tr>\n<tr>\n<td valign=\"top\" width=\"407\">\u00a0<strong><img decoding=\"async\" src=\"http:\/\/adrianwood.ch\/wp-content\/gallery\/farneren03\/image007_r4.jpg\" alt=\"image007_r4\" \/><\/strong><\/td>\n<td valign=\"top\" width=\"407\">\u00a0<strong><img decoding=\"async\" src=\"http:\/\/adrianwood.ch\/wp-content\/gallery\/farneren03\/image009_r4.jpg\" alt=\"image009_r4\" \/><\/strong><\/td>\n<\/tr>\n<tr>\n<td valign=\"top\" width=\"407\">Es ging vom Gipfel auf dem gleichem Weg zur\u00fcck zur Senke vor dem Farneren und dann in s\u00fcdlicher Richtung zur L\u00e4ngegg und Finish\u00fctte. Einen Abstieg \u00fcber einen fast aperen Hang und ca 200m auf einer kleinen Strasse waren n\u00f6tig, bevor wir wieder guten Schnee f\u00fcr den Aufstieg zur Unteren Bargleren hatten. Dort w\u00e4hlten wir den l\u00e4ngeren Weg nach Fl\u00fchli, was sich als sehr sch\u00f6ne Variante entpuppte. Es gab einen kurzen Halt bei Baumgarten. Bei Salzb\u00fchl war es m\u00f6glich, anstatt auf der Strasse abzusteigen, auf einem sogenannten Moorweg wieder etwas zu steigen und auf dem Schnee zu bleiben.<\/td>\n<td valign=\"top\" width=\"407\">\u00a0<strong><img decoding=\"async\" src=\"http:\/\/adrianwood.ch\/wp-content\/gallery\/farneren03\/image011_r4.jpg\" alt=\"image011_r4\" \/><\/strong><\/td>\n<\/tr>\n<tr>\n<td valign=\"top\" width=\"407\">\u00a0<strong><img decoding=\"async\" src=\"http:\/\/adrianwood.ch\/wp-content\/gallery\/farneren03\/image013_r4.jpg\" alt=\"image013_r4\" \/><\/strong><\/td>\n<td valign=\"top\" width=\"407\">\u00a0<strong><img decoding=\"async\" src=\"http:\/\/adrianwood.ch\/wp-content\/gallery\/farneren03\/image015_r4.jpg\" alt=\"image015_r4\" \/><\/strong><\/td>\n<\/tr>\n<tr>\n<td valign=\"top\" width=\"407\">Der Moorweg verwandelte sich nach Aeschi in einen Bergweg mit einem etwas heiklen schneefreien Waldst\u00fcck und einer Bach-\u00fcberquerung.Als es endlich hinunterging waren wir nicht mehr weit von Fl\u00fchli entfernt. Der letzte Abstieg \u00fcber schneefreie Wiesen wurde schnell geschafft. Das war gut so, weil wir gerade 5 Minuten vor dem Bus nach Sch\u00fcpfheim eintrafen. Es blieb aber leider keine Zeit f\u00fcr den versprochenen Wirtschaftsbesuch.Die ganze Tour ist sehr gut verlaufen und alle haben es toll gemeistert. Ich danke ihnen f\u00fcr ihrer freundliche Gesellschaft. Adrian<\/td>\n<td valign=\"top\" width=\"407\">\u00a0<strong><img decoding=\"async\" src=\"http:\/\/adrianwood.ch\/wp-content\/gallery\/farneren03\/image017_r4.jpg\" alt=\"image017_r4\" \/><\/strong><\/td>\n<\/tr>\n<\/tbody>\n<\/table>\nngg_shortcode_0_placeholder\n<figure id=\"attachment_1178\" aria-describedby=\"caption-attachment-1178\" style=\"width: 858px\" class=\"wp-caption alignleft\"><a href=\"http:\/\/adrianwood.ch\/club-tours\/innerschweiz\/2011-03-farneren\/2011-03-12-00s_r\/\" rel=\"attachment wp-att-1178\"><img loading=\"lazy\" decoding=\"async\" class=\"size-full wp-image-1178\" title=\"2011-03-12 00s_r\" src=\"http:\/\/adrianwood.ch\/wp-content\/uploads\/2011\/03\/2011-03-12-00s_r.jpg\" alt=\"GPS Aufzeichnung von Hanspeter Sauter\" width=\"858\" height=\"619\" \/><\/a><figcaption id=\"caption-attachment-1178\" class=\"wp-caption-text\">GPS Aufzeichnung von Hanspeter Sauter<\/figcaption><\/figure>\n<\/div>\n","protected":false},"excerpt":{"rendered":"<p>Samstag, 12. M\u00e4rz 2011, Farneren, Entlebuch, Schneeschuhtour\u00a0 Teilnehmer: Toni Jost, Alex Z\u00fcrcher, Ingo Weiss (N), Fanny Hildebrand (N), Hildi Rotzetter (NFS), Regina Denzler (N), Marianne Frei, Hanspeter Sauter, Brunni Kr\u00e4henb\u00fcnl, Peter Wood, Adrian Wood (Leitung).Es war ein schneearmer Winter und ich bin erste k\u00fcrzlich von Indien zur\u00fcck gekommen. In Basel ist es fr\u00fchlingshaft und die &hellip; <a href=\"https:\/\/www.adrianwood.ch\/?page_id=1171\" class=\"more-link\">Continue reading <span class=\"screen-reader-text\">2011-03 Farneren<\/span> <span class=\"meta-nav\">&rarr;<\/span><\/a><\/p>\n","protected":false},"author":1,"featured_media":0,"parent":122,"menu_order":1125,"comment_status":"closed","ping_status":"closed","template":"","meta":{"ngg_post_thumbnail":0,"footnotes":""},"class_list":["post-1171","page","type-page","status-publish","hentry"],"_links":{"self":[{"href":"https:\/\/www.adrianwood.ch\/index.php?rest_route=\/wp\/v2\/pages\/1171","targetHints":{"allow":["GET"]}}],"collection":[{"href":"https:\/\/www.adrianwood.ch\/index.php?rest_route=\/wp\/v2\/pages"}],"about":[{"href":"https:\/\/www.adrianwood.ch\/index.php?rest_route=\/wp\/v2\/types\/page"}],"author":[{"embeddable":true,"href":"https:\/\/www.adrianwood.ch\/index.php?rest_route=\/wp\/v2\/users\/1"}],"replies":[{"embeddable":true,"href":"https:\/\/www.adrianwood.ch\/index.php?rest_route=%2Fwp%2Fv2%2Fcomments&post=1171"}],"version-history":[{"count":1,"href":"https:\/\/www.adrianwood.ch\/index.php?rest_route=\/wp\/v2\/pages\/1171\/revisions"}],"predecessor-version":[{"id":4860,"href":"https:\/\/www.adrianwood.ch\/index.php?rest_route=\/wp\/v2\/pages\/1171\/revisions\/4860"}],"up":[{"embeddable":true,"href":"https:\/\/www.adrianwood.ch\/index.php?rest_route=\/wp\/v2\/pages\/122"}],"wp:attachment":[{"href":"https:\/\/www.adrianwood.ch\/index.php?rest_route=%2Fwp%2Fv2%2Fmedia&parent=1171"}],"curies":[{"name":"wp","href":"https:\/\/api.w.org\/{rel}","templated":true}]}}