{"id":1183,"date":"2011-03-20T19:09:36","date_gmt":"2011-03-20T18:09:36","guid":{"rendered":"http:\/\/adrianwood.ch\/?page_id=1183"},"modified":"2019-11-02T20:15:23","modified_gmt":"2019-11-02T20:15:23","slug":"2007-05-corsica","status":"publish","type":"page","link":"https:\/\/www.adrianwood.ch\/?page_id=1183","title":{"rendered":"2007-05 Corsica"},"content":{"rendered":"<h2 style=\"mso-pagination: widow-orphan;\"><strong style=\"mso-bidi-font-weight: normal;\"><span style=\"font-size: 15pt; mso-bidi-font-size: 10.0pt;\" lang=\"DE\">13.-27. Mai 2007, Korsika, Insel der Sch\u00f6nheit<\/span><\/strong><\/h2>\n<h3><a href=\"http:\/\/www.adrianwood.ch\/?page_id=6820\">Inhalt<\/a><\/h3>\n<table class=\"MsoTableGrid\" style=\"border-collapse: collapse; mso-yfti-tbllook: 480; mso-padding-alt: 0cm 5.4pt 0cm 5.4pt;\" cellspacing=\"0\" cellpadding=\"0\" border=\"0\">\n<tbody>\n<tr style=\"mso-yfti-irow: 0;\">\n<td style=\"width: 518.8pt; padding: 0cm 5.4pt 0cm 5.4pt;\" colspan=\"2\" width=\"692\" valign=\"top\"><img decoding=\"async\" class=\"ngg-singlepic ngg-none\" src=\"http:\/\/adrianwood.ch\/wp-content\/gallery\/corsica01\/cor_0379_r2.jpg\" alt=\"cor_0379_r2\"><\/td>\n<\/tr>\n<tr style=\"mso-yfti-irow: 1;\">\n<td style=\"width: 518.8pt; padding: 0cm 5.4pt 0cm 5.4pt;\" colspan=\"2\" width=\"692\" valign=\"top\">\n<p class=\"MsoBodyText\" style=\"margin-top: 6pt; mso-pagination: widow-orphan;\"><span lang=\"DE\"><\/span><span style=\"font-size: 11pt;\" lang=\"DE\"><span lang=\"DE\"><span style=\"mso-spacerun: yes;\"><\/span><\/span><span style=\"font-size: 11pt;\" lang=\"DE\">\u201eKaliste\u201c \u2013 die Sch\u00f6nste \u2013 nannten schon die Phoenizier jenes Eiland das von den Wellen des Mittelmeeres umsp\u00fclt wird. Zu Frankreich geh\u00f6rend, mangelt es dem Eilandnicht an Beinamen, die von \u201eInsel der Sch\u00f6nheit\u201c \u00fcber \u201eInsel der Kontraste\u201c bis zu \u201eGebirge im Meer\u201c reichen. Auf keiner anderen Mittelmeerinsel besteht die M\u00f6glichkeit sonnenumflutete K\u00fcsten und eine einzigartige Bergwelt so intensiv auf engstem Raum zu erleben. Der Reichtum an farben und Formen, den Korsika, bietet, ist kaum zu \u00fcbertreffen. Zauberhafte Sandstr\u00e4nde, felsige Buchten, scharfkantige Zweitausander und sattgr\u00fcne Flusst\u00e4ler machen die Insel zu einem Paradies f\u00fcr Naturfreunde und Wanderer.<\/span><\/span><\/p>\n<\/td>\n<\/tr>\n<tr style=\"mso-yfti-irow: 2;\">\n<td style=\"width: 518.8pt; padding: 0cm 5.4pt 0cm 5.4pt;\" colspan=\"2\" width=\"692\" valign=\"top\">\n<p class=\"MsoBodyText\" style=\"mso-pagination: widow-orphan;\"><span style=\"font-size: 11pt;\" lang=\"DE\">Das erste, was man von der Insel sehen wird, ist die wilde, weitgehend naturbelassene und vielf\u00e4ltige k\u00fcste. Vor allem im Westen trifft man auf landsch\u00e4ftliche Sch\u00f6nheiten voll erhabener Anmut, die in unterschiedlichsten Rott\u00f6nen mit dem tiefblauen Meer wetteifern. 100km kurvenreiche K\u00fcstenstrasse verbinden die Calanche-Stadt Piana mit Calvi. 100km Tiefblicke, zerkl\u00fcftete Steilk\u00fcsten und abwechslungsreiche Panoramen, die in einsamen Girolata und dem Naturreservat von Scandola gipfeln. Im Norden formen Fruchtbarkeit, altes Kunsthandwerk und ein reicher geschichtlicher Hintergrund die Balange, eine der traditionsreichsten und reizvollsten Winkel der Insel. Der S\u00fcden wird von urspr\u00fcnglichen Blocklandschaften und bizarren Gebirgsformen gepr\u00e4gt, denen der Beinamen \u201eKorsische Dolomiten\u201c anhaftet.<\/span><\/p>\n<\/td>\n<\/tr>\n<tr style=\"mso-yfti-irow: 3;\">\n<td style=\"width: 518.8pt; padding: 0cm 5.4pt 0cm 5.4pt;\" colspan=\"2\" width=\"692\" valign=\"top\">\n<p class=\"MsoBodyText\" style=\"mso-pagination: widow-orphan;\"><span style=\"font-size: 11pt;\" lang=\"DE\"><img decoding=\"async\" class=\"ngg-singlepic ngg-none\" src=\"http:\/\/adrianwood.ch\/wp-content\/gallery\/corsica01\/image003_r2.jpg\" alt=\"image003_r2\"><\/span><\/p>\n<\/td>\n<\/tr>\n<tr style=\"mso-yfti-irow: 4;\">\n<td style=\"width: 518.8pt; padding: 0cm 5.4pt 0cm 5.4pt;\" colspan=\"2\" width=\"692\" valign=\"top\">\n<p class=\"MsoNormal\" style=\"text-align: justify; margin-bottom: 6pt; mso-pagination: widow-orphan;\"><span style=\"font-size: 11pt;\" lang=\"DE\">Abwechslungsreich wie die Natur pr\u00e4sentieren sich auch die Wanderrouten, die von sanften K\u00fcstentouren, eindr\u00fcckvollen D\u00f6rferwanderungen bis zu hochalpinen Klettereien reichen. Um den Duft der Macchie zu geniessen, wird man auf alten Saumpfaden der K\u00fcstenlinie folgen, wahrend sich die Gipfelst\u00fcrmer begeistert in den schroffen korsischen Fels krallen. Velleicht erklimmt man den h\u00f6chsten Berg der Insel, den Monte Cinto, oder den K\u00f6nig der Berge, den Paglia Orba. Aber auch klassische Wanderer kommen auf ihre Rechnung. Gut markierte Wege durchziehen die Insel von Nord nach Sud, von Ost nach West. Besonders der alpine Weitwanderweg GR20, geniesst ein grossen Bekanntheitsgrad \u2013 daselbe gilt auch f\u00fcr die gem\u00e4ssigteren Weitwanderwege Mare e Monti und Mare e Mare.<\/span><\/p>\n<\/td>\n<\/tr>\n<tr style=\"mso-yfti-irow: 5;\">\n<td style=\"width: 518.8pt; padding: 0cm 5.4pt 0cm 5.4pt;\" colspan=\"2\" width=\"692\" valign=\"top\">\n<p class=\"MsoNormal\" style=\"text-align: justify; margin-bottom: 6pt; mso-pagination: widow-orphan;\"><span style=\"font-size: 11pt;\" lang=\"DE\"><img decoding=\"async\" class=\"ngg-singlepic ngg-none\" src=\"http:\/\/adrianwood.ch\/wp-content\/gallery\/corsica01\/image005_r2.jpg\" alt=\"image005_r2\"><\/span><\/p>\n<\/td>\n<\/tr>\n<tr style=\"mso-yfti-irow: 6;\">\n<td style=\"width: 518.8pt; padding: 0cm 5.4pt 0cm 5.4pt;\" colspan=\"2\" width=\"692\" valign=\"top\">\n<p class=\"MsoNormal\" style=\"text-align: justify; margin-bottom: 6pt; mso-pagination: widow-orphan;\"><strong style=\"mso-bidi-font-weight: normal;\"><span style=\"font-size: 11pt;\" lang=\"DE\">Unsere Reise<\/span><\/strong><\/p>\n<p class=\"MsoNormal\" style=\"text-align: justify; margin-bottom: 6pt; mso-pagination: widow-orphan;\"><span style=\"font-size: 11pt;\" lang=\"DE\">Wir via Nizza nach Calvi im Nordwesten und zur\u00fcck von Figari ganz im S\u00fcden der Insel geflogen. Es wurden jeden Tag, au\u00dfer an einer der Hotel-transfer Tagen, drei- bis sechs-st\u00fcndige Wanderungen angeboten. Ein Bus brachte uns zum Ausgangspunkt der Wanderung und transportiert auch unser Gep\u00e4ck ins n\u00e4chste Hotel. An einem Tag ben\u00fctzten wir das Schiff und wanderten immer ohne gro\u00dfes Gep\u00e4ck. Die Wanderung f\u00fchrten, auf markierte aber trotzdem stellenweisel anspruchsvolle Wege, auf einsame Gipfel, durch Schluchten oder entlang der K\u00fcste. An manchen Tagen bestunde die M\u00f6glichkeit, eine kurze Wanderung auf eigene Faust oder einen anderen Ausflug zu machen. Es hat \u00f6fters eine Badegelegenheit unterwegs oder am Schluss der Wanderung gegeben und, obwohl das Wasser zu diese Jahreszeitimmer noch kalt war, wurde davon rege Gebrauch gemacht. Das Hotel in Evisa verf\u00fcgte auch \u00fcber ein Schwimmb\u00e4d. <\/span><span style=\"font-size: 11pt;\" lang=\"DE\">Wir \u00fcbernachteten in vier verschiedenen 3- Sterne Hotels, wovon zwei an der K\u00fcste und zwei in den Bergen lagen.<\/span><\/p>\n<h3><span style=\"font-size: 11pt;\" lang=\"DE\"><a href=\"http:\/\/www.adrianwood.ch\/?page_id=6820\">Inhalt<\/a><\/span><\/h3>\n<\/td>\n<\/tr>\n<tr style=\"mso-yfti-irow: 7; mso-yfti-lastrow: yes;\">\n<td style=\"width: 259.4pt; padding: 0cm 5.4pt 0cm 5.4pt;\" width=\"346\" valign=\"top\">\n<p class=\"MsoNormal\" style=\"text-align: justify; margin-bottom: 6pt; mso-pagination: widow-orphan;\"><strong style=\"mso-bidi-font-weight: normal;\"><img decoding=\"async\" class=\"ngg-singlepic ngg-none\" src=\"http:\/\/adrianwood.ch\/wp-content\/gallery\/corsica01\/image007.jpg\" alt=\"image007\"><\/strong><\/p>\n<\/td>\n<td style=\"width: 259.4pt; padding: 0cm 5.4pt 0cm 5.4pt;\" width=\"346\" valign=\"top\"><\/td>\n<\/tr>\n<\/tbody>\n<\/table>\nngg_shortcode_0_placeholder\n","protected":false},"excerpt":{"rendered":"<p>13.-27. Mai 2007, Korsika, Insel der Sch\u00f6nheit Inhalt \u201eKaliste\u201c \u2013 die Sch\u00f6nste \u2013 nannten schon die Phoenizier jenes Eiland das von den Wellen des Mittelmeeres umsp\u00fclt wird. Zu Frankreich geh\u00f6rend, mangelt es dem Eilandnicht an Beinamen, die von \u201eInsel der Sch\u00f6nheit\u201c \u00fcber \u201eInsel der Kontraste\u201c bis zu \u201eGebirge im Meer\u201c reichen. Auf keiner anderen Mittelmeerinsel &hellip; <a href=\"https:\/\/www.adrianwood.ch\/?page_id=1183\" class=\"more-link\">Continue reading <span class=\"screen-reader-text\">2007-05 Corsica<\/span> <span class=\"meta-nav\">&rarr;<\/span><\/a><\/p>\n","protected":false},"author":1,"featured_media":0,"parent":20736,"menu_order":226,"comment_status":"closed","ping_status":"closed","template":"","meta":{"ngg_post_thumbnail":0,"footnotes":""},"class_list":["post-1183","page","type-page","status-publish","hentry"],"_links":{"self":[{"href":"https:\/\/www.adrianwood.ch\/index.php?rest_route=\/wp\/v2\/pages\/1183","targetHints":{"allow":["GET"]}}],"collection":[{"href":"https:\/\/www.adrianwood.ch\/index.php?rest_route=\/wp\/v2\/pages"}],"about":[{"href":"https:\/\/www.adrianwood.ch\/index.php?rest_route=\/wp\/v2\/types\/page"}],"author":[{"embeddable":true,"href":"https:\/\/www.adrianwood.ch\/index.php?rest_route=\/wp\/v2\/users\/1"}],"replies":[{"embeddable":true,"href":"https:\/\/www.adrianwood.ch\/index.php?rest_route=%2Fwp%2Fv2%2Fcomments&post=1183"}],"version-history":[{"count":4,"href":"https:\/\/www.adrianwood.ch\/index.php?rest_route=\/wp\/v2\/pages\/1183\/revisions"}],"predecessor-version":[{"id":20742,"href":"https:\/\/www.adrianwood.ch\/index.php?rest_route=\/wp\/v2\/pages\/1183\/revisions\/20742"}],"up":[{"embeddable":true,"href":"https:\/\/www.adrianwood.ch\/index.php?rest_route=\/wp\/v2\/pages\/20736"}],"wp:attachment":[{"href":"https:\/\/www.adrianwood.ch\/index.php?rest_route=%2Fwp%2Fv2%2Fmedia&parent=1183"}],"curies":[{"name":"wp","href":"https:\/\/api.w.org\/{rel}","templated":true}]}}

<h2 style="mso-pagination: widow-orphan;"><strong style="mso-bidi-font-weight: normal;"><span style="font-size: 15pt; mso-bidi-font-size: 10.0pt;" lang="DE">13.-27. Mai 2007, Korsika, Insel der Schönheit</span></strong></h2>
<h3><a href="http://www.adrianwood.ch/?page_id=6820">Inhalt</a></h3>
<table class="MsoTableGrid" style="border-collapse: collapse; mso-yfti-tbllook: 480; mso-padding-alt: 0cm 5.4pt 0cm 5.4pt;" cellspacing="0" cellpadding="0" border="0">
<tbody>
<tr style="mso-yfti-irow: 0;">
<td style="width: 518.8pt; padding: 0cm 5.4pt 0cm 5.4pt;" colspan="2" width="692" valign="top"><img decoding="async" class="ngg-singlepic ngg-none" src="http://adrianwood.ch/wp-content/gallery/corsica01/cor_0379_r2.jpg" alt="cor_0379_r2"></td>
</tr>
<tr style="mso-yfti-irow: 1;">
<td style="width: 518.8pt; padding: 0cm 5.4pt 0cm 5.4pt;" colspan="2" width="692" valign="top">
<p class="MsoBodyText" style="margin-top: 6pt; mso-pagination: widow-orphan;"><span lang="DE"></span><span style="font-size: 11pt;" lang="DE"><span lang="DE"><span style="mso-spacerun: yes;"></span></span><span style="font-size: 11pt;" lang="DE">„Kaliste“ – die Schönste – nannten schon die Phoenizier jenes Eiland das von den Wellen des Mittelmeeres umspült wird. Zu Frankreich gehörend, mangelt es dem Eilandnicht an Beinamen, die von „Insel der Schönheit“ über „Insel der Kontraste“ bis zu „Gebirge im Meer“ reichen. Auf keiner anderen Mittelmeerinsel besteht die Möglichkeit sonnenumflutete Küsten und eine einzigartige Bergwelt so intensiv auf engstem Raum zu erleben. Der Reichtum an farben und Formen, den Korsika, bietet, ist kaum zu übertreffen. Zauberhafte Sandstrände, felsige Buchten, scharfkantige Zweitausander und sattgrüne Flusstäler machen die Insel zu einem Paradies für Naturfreunde und Wanderer.</span></span></p>
</td>
</tr>
<tr style="mso-yfti-irow: 2;">
<td style="width: 518.8pt; padding: 0cm 5.4pt 0cm 5.4pt;" colspan="2" width="692" valign="top">
<p class="MsoBodyText" style="mso-pagination: widow-orphan;"><span style="font-size: 11pt;" lang="DE">Das erste, was man von der Insel sehen wird, ist die wilde, weitgehend naturbelassene und vielfältige küste. Vor allem im Westen trifft man auf landschäftliche Schönheiten voll erhabener Anmut, die in unterschiedlichsten Rottönen mit dem tiefblauen Meer wetteifern. 100km kurvenreiche Küstenstrasse verbinden die Calanche-Stadt Piana mit Calvi. 100km Tiefblicke, zerklüftete Steilküsten und abwechslungsreiche Panoramen, die in einsamen Girolata und dem Naturreservat von Scandola gipfeln. Im Norden formen Fruchtbarkeit, altes Kunsthandwerk und ein reicher geschichtlicher Hintergrund die Balange, eine der traditionsreichsten und reizvollsten Winkel der Insel. Der Süden wird von ursprünglichen Blocklandschaften und bizarren Gebirgsformen geprägt, denen der Beinamen „Korsische Dolomiten“ anhaftet.</span></p>
</td>
</tr>
<tr style="mso-yfti-irow: 3;">
<td style="width: 518.8pt; padding: 0cm 5.4pt 0cm 5.4pt;" colspan="2" width="692" valign="top">
<p class="MsoBodyText" style="mso-pagination: widow-orphan;"><span style="font-size: 11pt;" lang="DE"><img decoding="async" class="ngg-singlepic ngg-none" src="http://adrianwood.ch/wp-content/gallery/corsica01/image003_r2.jpg" alt="image003_r2"></span></p>
</td>
</tr>
<tr style="mso-yfti-irow: 4;">
<td style="width: 518.8pt; padding: 0cm 5.4pt 0cm 5.4pt;" colspan="2" width="692" valign="top">
<p class="MsoNormal" style="text-align: justify; margin-bottom: 6pt; mso-pagination: widow-orphan;"><span style="font-size: 11pt;" lang="DE">Abwechslungsreich wie die Natur präsentieren sich auch die Wanderrouten, die von sanften Küstentouren, eindrückvollen Dörferwanderungen bis zu hochalpinen Klettereien reichen. Um den Duft der Macchie zu geniessen, wird man auf alten Saumpfaden der Küstenlinie folgen, wahrend sich die Gipfelstürmer begeistert in den schroffen korsischen Fels krallen. Velleicht erklimmt man den höchsten Berg der Insel, den Monte Cinto, oder den König der Berge, den Paglia Orba. Aber auch klassische Wanderer kommen auf ihre Rechnung. Gut markierte Wege durchziehen die Insel von Nord nach Sud, von Ost nach West. Besonders der alpine Weitwanderweg GR20, geniesst ein grossen Bekanntheitsgrad – daselbe gilt auch für die gemässigteren Weitwanderwege Mare e Monti und Mare e Mare.</span></p>
</td>
</tr>
<tr style="mso-yfti-irow: 5;">
<td style="width: 518.8pt; padding: 0cm 5.4pt 0cm 5.4pt;" colspan="2" width="692" valign="top">
<p class="MsoNormal" style="text-align: justify; margin-bottom: 6pt; mso-pagination: widow-orphan;"><span style="font-size: 11pt;" lang="DE"><img decoding="async" class="ngg-singlepic ngg-none" src="http://adrianwood.ch/wp-content/gallery/corsica01/image005_r2.jpg" alt="image005_r2"></span></p>
</td>
</tr>
<tr style="mso-yfti-irow: 6;">
<td style="width: 518.8pt; padding: 0cm 5.4pt 0cm 5.4pt;" colspan="2" width="692" valign="top">
<p class="MsoNormal" style="text-align: justify; margin-bottom: 6pt; mso-pagination: widow-orphan;"><strong style="mso-bidi-font-weight: normal;"><span style="font-size: 11pt;" lang="DE">Unsere Reise</span></strong></p>
<p class="MsoNormal" style="text-align: justify; margin-bottom: 6pt; mso-pagination: widow-orphan;"><span style="font-size: 11pt;" lang="DE">Wir via Nizza nach Calvi im Nordwesten und zurück von Figari ganz im Süden der Insel geflogen. Es wurden jeden Tag, außer an einer der Hotel-transfer Tagen, drei- bis sechs-stündige Wanderungen angeboten. Ein Bus brachte uns zum Ausgangspunkt der Wanderung und transportiert auch unser Gepäck ins nächste Hotel. An einem Tag benützten wir das Schiff und wanderten immer ohne großes Gepäck. Die Wanderung führten, auf markierte aber trotzdem stellenweisel anspruchsvolle Wege, auf einsame Gipfel, durch Schluchten oder entlang der Küste. An manchen Tagen bestunde die Möglichkeit, eine kurze Wanderung auf eigene Faust oder einen anderen Ausflug zu machen. Es hat öfters eine Badegelegenheit unterwegs oder am Schluss der Wanderung gegeben und, obwohl das Wasser zu diese Jahreszeitimmer noch kalt war, wurde davon rege Gebrauch gemacht. Das Hotel in Evisa verfügte auch über ein Schwimmbäd. </span><span style="font-size: 11pt;" lang="DE">Wir übernachteten in vier verschiedenen 3- Sterne Hotels, wovon zwei an der Küste und zwei in den Bergen lagen.</span></p>
<h3><span style="font-size: 11pt;" lang="DE"><a href="http://www.adrianwood.ch/?page_id=6820">Inhalt</a></span></h3>
</td>
</tr>
<tr style="mso-yfti-irow: 7; mso-yfti-lastrow: yes;">
<td style="width: 259.4pt; padding: 0cm 5.4pt 0cm 5.4pt;" width="346" valign="top">
<p class="MsoNormal" style="text-align: justify; margin-bottom: 6pt; mso-pagination: widow-orphan;"><strong style="mso-bidi-font-weight: normal;"><img decoding="async" class="ngg-singlepic ngg-none" src="http://adrianwood.ch/wp-content/gallery/corsica01/image007.jpg" alt="image007"></strong></p>
</td>
<td style="width: 259.4pt; padding: 0cm 5.4pt 0cm 5.4pt;" width="346" valign="top"></td>
</tr>
</tbody>
</table>
ngg_shortcode_0_placeholder

<p>13.-27. Mai 2007, Korsika, Insel der Schönheit Inhalt „Kaliste“ – die Schönste – nannten schon die Phoenizier jenes Eiland das von den Wellen des Mittelmeeres umspült wird. Zu Frankreich gehörend, mangelt es dem Eilandnicht an Beinamen, die von „Insel der Schönheit“ über „Insel der Kontraste“ bis zu „Gebirge im Meer“ reichen. Auf keiner anderen Mittelmeerinsel &hellip; <a href="https://www.adrianwood.ch/?page_id=1183" class="more-link">Continue reading <span class="screen-reader-text">2007-05 Corsica</span> <span class="meta-nav">&rarr;</span></a></p>
