{"id":12244,"date":"2017-07-02T13:14:23","date_gmt":"2017-07-02T13:14:23","guid":{"rendered":"http:\/\/www.adrianwood.ch\/?page_id=12244"},"modified":"2017-07-02T19:07:42","modified_gmt":"2017-07-02T19:07:42","slug":"05-03-valsequillo","status":"publish","type":"page","link":"https:\/\/www.adrianwood.ch\/?page_id=12244","title":{"rendered":"05-03 Valsequillo"},"content":{"rendered":"<div class=\"pmdi_content_wrapper\">\n<p class=\"Normal-P\" style=\"margin-bottom: 6pt; text-align: justify; text-justify: inter-ideograph; direction: ltr; unicode-bidi: normal;\"><span class=\"Normal-H\"><span style=\"font-family: Times New Roman; font-weight: bold;\">Mittwoch, 3. Mai 2017<\/span><span style=\"font-family: Times New Roman; font-weight: bold;\">, Aussichtsreicher Abstieg durch den Natternkopfwald bei <\/span><span style=\"font-family: Times New Roman; font-weight: bold;\">Valsequillo<\/span><\/span><\/p>\n<table class=\"TableGrid-T\" style=\"border-collapse: collapse;\" cellspacing=\"0\">\n<tbody>\n<tr class=\"-R\">\n<td class=\"-C\" style=\"width: 481.4pt; border: none windowtext 0pt;\" colspan=\"2\">\n<p class=\"Normal-P\" style=\"margin-bottom: 6pt; text-align: justify; text-justify: inter-ideograph; direction: ltr; unicode-bidi: normal;\"><span class=\"Normal-H\"><span style=\"font-family: Times New Roman;\">Nach einem wie gewohnt reichhaltigen Fr\u00fchst\u00fccksbuffet fahren wir um 09.20 h mit dem Bus via Flughafen, <\/span><span style=\"font-family: Times New Roman;\">Telde<\/span><span style=\"font-family: Times New Roman;\"> nach El Rincon und verlassen den Bus um 10.30 h oberhalb des Vulkankessels Caldera d<\/span><span style=\"font-family: Times New Roman;\">e los <\/span><span style=\"font-family: Times New Roman;\">Marteles<\/span><span style=\"font-family: Times New Roman;\"> auf 1550 m H\u00f6he.<\/span><\/span><\/p>\n<\/td>\n<\/tr>\n<tr class=\"-R\">\n<td class=\"-C\" style=\"width: 240.7pt; border: none windowtext 0pt;\">\n<p class=\"Normal-P\" style=\"margin-bottom: 6pt; text-align: justify; text-justify: inter-ideograph; direction: ltr; unicode-bidi: normal;\"><span class=\"Normal-H\"><span style=\"font-family: Times New Roman;\"><img loading=\"lazy\" decoding=\"async\" class=\"\" src=\"http:\/\/www.adrianwood.ch\/wp-content\/uploads\/2017\/07\/1499001101_image1.jpeg\" data-link=\"\" width=\"349\" height=\"232\"><\/span><\/span><\/p>\n<\/td>\n<td class=\"-C\" style=\"width: 240.7pt; border: none windowtext 0pt;\">\n<p class=\"Normal-P\" style=\"margin-bottom: 6pt; text-align: justify; text-justify: inter-ideograph; direction: ltr; unicode-bidi: normal;\"><span class=\"Normal-H\"><span style=\"font-family: Times New Roman;\"><img loading=\"lazy\" decoding=\"async\" class=\"\" src=\"http:\/\/www.adrianwood.ch\/wp-content\/uploads\/2017\/07\/1499001101_image2.jpeg\" data-link=\"\" width=\"349\" height=\"232\"><\/span><\/span><\/p>\n<\/td>\n<\/tr>\n<tr class=\"-R\">\n<td class=\"-C\" style=\"width: 481.4pt; border: none windowtext 0pt;\" colspan=\"2\">\n<p class=\"Normal-P\" style=\"margin-bottom: 6pt; text-align: justify; text-justify: inter-ideograph; direction: ltr; unicode-bidi: normal;\"><span class=\"Normal-H\"><span style=\"font-family: Times New Roman;\">Auf einem schmalen Weg gelangen wir durch den bewachsenen Hang hinunter a<\/span><span style=\"font-family: Times New Roman;\">uf den Boden des <\/span><span style=\"font-family: Times New Roman;\">eindrucksvollen Kraters. Diese Ebene diente in fr\u00fcheren Zeiten f\u00fcr landwirtschaftliche Zwecke, weist aber heute nur noch Gras und wilde Getreidehalme auf. Am seitlichen Kraterrand sind noch \u00dcberreste von Steinmauern erkennbar. Auf steil<\/span><span style=\"font-family: Times New Roman;\">em Pfad erreichen wir um 11.15 h wieder die Strasse am Vulkanrand, wo immer noch unser<\/span><span style=\"font-family: Times New Roman;\"> Bus steht.<\/span><\/span><\/p>\n<\/td>\n<\/tr>\n<tr class=\"-R\">\n<td class=\"-C\" style=\"width: 240.7pt; border: none windowtext 0pt;\">\n<p class=\"Normal-P\" style=\"margin-bottom: 6pt; text-align: justify; text-justify: inter-ideograph; direction: ltr; unicode-bidi: normal;\"><span class=\"Normal-H\"><span style=\"font-family: Times New Roman;\"><img loading=\"lazy\" decoding=\"async\" class=\"\" src=\"http:\/\/www.adrianwood.ch\/wp-content\/uploads\/2017\/07\/1499001101_image3.jpeg\" data-link=\"\" width=\"349\" height=\"232\"><\/span><\/span><\/p>\n<\/td>\n<td class=\"-C\" style=\"width: 240.7pt; border: none windowtext 0pt;\">\n<p class=\"Normal-P\" style=\"margin-bottom: 6pt; text-align: justify; text-justify: inter-ideograph; direction: ltr; unicode-bidi: normal;\"><span class=\"Normal-H\"><span style=\"font-family: Times New Roman;\"><img loading=\"lazy\" decoding=\"async\" class=\"\" src=\"http:\/\/www.adrianwood.ch\/wp-content\/uploads\/2017\/07\/1499001101_image4.jpeg\" data-link=\"\" width=\"349\" height=\"232\"><\/span><\/span><\/p>\n<\/td>\n<\/tr>\n<tr class=\"-R\">\n<td class=\"-C\" style=\"width: 481.4pt; border: none windowtext 0pt;\" colspan=\"2\">\n<p class=\"Normal-P\" style=\"margin-bottom: 6pt; text-align: justify; text-justify: inter-ideograph; direction: ltr; unicode-bidi: normal;\"><span class=\"Normal-H\"><span style=\"font-family: Times New Roman;\">Die Wandergruppe begibt sich nun aber auf den Felsenpfad, der uns \u00fcber eine mit F\u00f6hren bespickte Bergflanke f\u00fchrt. Wir begegnen gelb bl\u00fchenden, mannshohen Fenchelstauden und vielen, bereits verwelkten Natternk\u00f6pfen, welche sonst zu dieser Zeit einen Wald von prachtvoll blauen Bl\u00fcten bilden w\u00fcrden. Der Pfad f\u00fchrt uns ins Tal von <\/span><span style=\"font-family: Times New Roman;\">Valsequillo<\/span><span style=\"font-family: Times New Roman;\">, mit herrlichen Aussichten auf die sanft h\u00fcgeli<\/span><span style=\"font-family: Times New Roman;\">ge Landschaft des Roque Grande.<\/span><\/span><\/p>\n<\/td>\n<\/tr>\n<tr class=\"-R\">\n<td class=\"-C\" style=\"width: 240.7pt; border: none windowtext 0pt;\">\n<p class=\"Normal-P\" style=\"margin-bottom: 6pt; text-align: justify; text-justify: inter-ideograph; direction: ltr; unicode-bidi: normal;\"><span class=\"Normal-H\"><span style=\"font-family: Times New Roman;\"><img loading=\"lazy\" decoding=\"async\" class=\"\" src=\"http:\/\/www.adrianwood.ch\/wp-content\/uploads\/2017\/07\/1499001101_image5.jpeg\" data-link=\"\" width=\"349\" height=\"232\"><\/span><\/span><\/p>\n<\/td>\n<td class=\"-C\" style=\"width: 240.7pt; border: none windowtext 0pt;\">\n<p class=\"Normal-P\" style=\"margin-bottom: 6pt; text-align: justify; text-justify: inter-ideograph; direction: ltr; unicode-bidi: normal;\"><span class=\"Normal-H\"><span style=\"font-family: Times New Roman;\"><img loading=\"lazy\" decoding=\"async\" class=\"\" src=\"http:\/\/www.adrianwood.ch\/wp-content\/uploads\/2017\/07\/1499001101_image6.jpeg\" data-link=\"\" width=\"349\" height=\"232\"><\/span><\/span><\/p>\n<\/td>\n<\/tr>\n<tr class=\"-R\">\n<td class=\"-C\" style=\"width: 481.4pt; border: none windowtext 0pt;\" colspan=\"2\">\n<p class=\"Normal-P\" style=\"margin-bottom: 6pt; text-align: justify; text-justify: inter-ideograph; direction: ltr; unicode-bidi: normal;\"><span class=\"Normal-H\"><span style=\"font-family: Times New Roman;\">Gegen 13 Uhr erreichen wir das Dorf El Rincon de <\/span><span style=\"font-family: Times New Roman;\">Tenteniguada<\/span><span style=\"font-family: Times New Roman;\">, wo uns 20 Minuten sp\u00e4ter der Bus abholt und via Las Vegas nach <\/span><span style=\"font-family: Times New Roman;\">Tenteniguada<\/span><span style=\"font-family: Times New Roman;\"> bringt. Aber die schmalen und kurvigen G\u00e4sschen versperren ihm die <\/span><span style=\"font-family: Times New Roman;\">Durchfahrt, sodass wir gezwungen sind, in der Mittagshitze auf einem kleinen Str\u00e4sschen den knapp viertelst\u00fcndigen Weg zur <\/span><span style=\"font-family: Times New Roman;\">Vina<\/span><span style=\"font-family: Times New Roman;\"> Cantina von <\/span><span style=\"font-family: Times New Roman;\">Tenteniguada<\/span><span style=\"font-family: Times New Roman;\"> selbst zu bew\u00e4ltigen.<\/span><\/span><\/p>\n<\/td>\n<\/tr>\n<tr class=\"-R\">\n<td class=\"-C\" style=\"width: 240.7pt; border: none windowtext 0pt;\">\n<p class=\"Normal-P\" style=\"margin-bottom: 6pt; text-align: justify; text-justify: inter-ideograph; direction: ltr; unicode-bidi: normal;\"><span class=\"Normal-H\"><span style=\"font-family: Times New Roman;\"><img loading=\"lazy\" decoding=\"async\" class=\"\" src=\"http:\/\/www.adrianwood.ch\/wp-content\/uploads\/2017\/07\/1499001101_image7.jpeg\" data-link=\"\" width=\"349\" height=\"232\"><\/span><\/span><\/p>\n<\/td>\n<td class=\"-C\" style=\"width: 240.7pt; border: none windowtext 0pt;\">\n<p class=\"Normal-P\" style=\"margin-bottom: 6pt; text-align: justify; text-justify: inter-ideograph; direction: ltr; unicode-bidi: normal;\"><span class=\"Normal-H\"><span style=\"font-family: Times New Roman;\"><img loading=\"lazy\" decoding=\"async\" class=\"\" src=\"http:\/\/www.adrianwood.ch\/wp-content\/uploads\/2017\/07\/1499001101_image8.jpeg\" data-link=\"\" width=\"349\" height=\"232\"><\/span><\/span><\/p>\n<\/td>\n<\/tr>\n<tr class=\"-R\">\n<td class=\"-C\" style=\"width: 481.4pt; border: none windowtext 0pt;\" colspan=\"2\">\n<p class=\"Normal-P\" style=\"margin-bottom: 6pt; text-align: justify; text-justify: inter-ideograph; direction: ltr; unicode-bidi: normal;\"><span class=\"Normal-H\"><span style=\"font-family: Times New Roman;\">Um 14 Uhr sitzen wir alle ziemlich ersch\u00f6pft auf einer beschatteten Terrasse auf hohen Barst\u00fchlen an runden Tischen. Es folgt eine K\u00e4se- und Oliven-Degustation mit dem Weisswein \u201e<\/span><span style=\"font-family: Times New Roman;\">Vina<\/span><span style=\"font-family: Times New Roman;\">Cantera<\/span><span style=\"font-family: Times New Roman;\"> Blanco <\/span><span style=\"font-family: Times New Roman;\">semi<\/span><span style=\"font-family: Times New Roman;\">seco<\/span><span style=\"font-family: Times New Roman;\">, 13,5 % vol.\u201c, ein aus Malvasia- und <\/span><span style=\"font-family: Times New Roman;\">Moscatel<\/span><span style=\"font-family: Times New Roman;\">-Trauben gewonnener wunderbarer Wein mit Muskatgeschmack. Sp\u00e4ter geniessen wir den Rotwein \u201e<\/span><span style=\"font-family: Times New Roman;\">Vina<\/span><span style=\"font-family: Times New Roman;\">Cantera<\/span><span style=\"font-family: Times New Roman;\"> Tinto <\/span><span style=\"font-family: Times New Roman;\">Joven<\/span><span style=\"font-family: Times New Roman;\">, 12,5 % vol.\u201c, der uns auch gut gef\u00e4llt. Da direkt neben dem <\/span><span style=\"font-family: Times New Roman;\">Straussi<\/span><span style=\"font-family: Times New Roman;\"> auch riesige Erdbeerkulturen angelegt sind, kommen wir durch spendierfreudige Teilnehmer zus\u00e4tzlich in den Genuss einiger k\u00f6stlichen, reifen Erdbeeren, da die E<\/span><span style=\"font-family: Times New Roman;\">rntesaison soeben begonnen hat.<\/span><\/span><\/p>\n<p class=\"Normal-P\" style=\"margin-bottom: 6pt; text-align: justify; text-justify: inter-ideograph; direction: ltr; unicode-bidi: normal;\"><span class=\"Normal-H\"><span style=\"font-family: Times New Roman;\">Um 15.10 h heisst es wieder Aufbrechen und R\u00fcckmarsch ins Dorf, von wo wir um 15.25 h die R\u00fcckfahrt mit unserem Bus antreten und um 16.15 h wieder im Hotel eintreffen. Leider konnten an diesem wunderbaren Ausflug Hanspeter, Marianne und Esther aus gesundheitlichen Problemen nicht teilnehmen. Um 18 Uhr trafen wir uns zum letzten Abendbuffet im Gloria Palace-Hotel vor dem Flug nach Lanzarote.<\/span><\/span><\/p>\n<p class=\"Normal-P\" style=\"margin-bottom: 6pt; text-align: justify; text-justify: inter-ideograph; direction: ltr; unicode-bidi: normal;\"><span class=\"Normal-H\"><span style=\"font-family: Times New Roman;\">Peter Stalder<\/span><\/span><\/p>\n<\/td>\n<\/tr>\n<tr class=\"-R\">\n<td class=\"-C\" style=\"width: 240.7pt; border: none windowtext 0pt;\"><\/td>\n<td class=\"-C\" style=\"width: 240.7pt; border: none windowtext 0pt;\"><\/td>\n<\/tr>\n<tr class=\"-R\">\n<td class=\"-C\" style=\"width: 481.4pt; border: none windowtext 0pt;\" colspan=\"2\">\n<p class=\"Normal-P\" style=\"margin-bottom: 6pt; text-align: justify; text-justify: inter-ideograph; direction: ltr; unicode-bidi: normal;\"><span class=\"Normal-H\"><span style=\"font-family: Times New Roman;\"><img loading=\"lazy\" decoding=\"async\" class=\"\" src=\"http:\/\/www.adrianwood.ch\/wp-content\/uploads\/2017\/07\/1499001101_image9.jpeg\" data-link=\"\" width=\"749\" height=\"428\"><\/span><\/span><\/p>\n<\/td>\n<\/tr>\n<p><!-- [if !supportMisalignedColumns]--><\/tbody>\n<\/table>\n<\/div>\n","protected":false},"excerpt":{"rendered":"<p>Mittwoch, 3. Mai 2017, Aussichtsreicher Abstieg durch den Natternkopfwald bei Valsequillo Nach einem wie gewohnt reichhaltigen Fr\u00fchst\u00fccksbuffet fahren wir um 09.20 h mit dem Bus via Flughafen, Telde nach El Rincon und verlassen den Bus um 10.30 h oberhalb des Vulkankessels Caldera de los Marteles auf 1550 m H\u00f6he. Auf einem schmalen Weg gelangen wir &hellip; <a href=\"https:\/\/www.adrianwood.ch\/?page_id=12244\" class=\"more-link\">Continue reading <span class=\"screen-reader-text\">05-03 Valsequillo<\/span> <span class=\"meta-nav\">&rarr;<\/span><\/a><\/p>\n","protected":false},"author":1,"featured_media":0,"parent":12056,"menu_order":2570,"comment_status":"closed","ping_status":"closed","template":"","meta":{"ngg_post_thumbnail":0,"footnotes":""},"class_list":["post-12244","page","type-page","status-publish","hentry"],"_links":{"self":[{"href":"https:\/\/www.adrianwood.ch\/index.php?rest_route=\/wp\/v2\/pages\/12244","targetHints":{"allow":["GET"]}}],"collection":[{"href":"https:\/\/www.adrianwood.ch\/index.php?rest_route=\/wp\/v2\/pages"}],"about":[{"href":"https:\/\/www.adrianwood.ch\/index.php?rest_route=\/wp\/v2\/types\/page"}],"author":[{"embeddable":true,"href":"https:\/\/www.adrianwood.ch\/index.php?rest_route=\/wp\/v2\/users\/1"}],"replies":[{"embeddable":true,"href":"https:\/\/www.adrianwood.ch\/index.php?rest_route=%2Fwp%2Fv2%2Fcomments&post=12244"}],"version-history":[{"count":4,"href":"https:\/\/www.adrianwood.ch\/index.php?rest_route=\/wp\/v2\/pages\/12244\/revisions"}],"predecessor-version":[{"id":12255,"href":"https:\/\/www.adrianwood.ch\/index.php?rest_route=\/wp\/v2\/pages\/12244\/revisions\/12255"}],"up":[{"embeddable":true,"href":"https:\/\/www.adrianwood.ch\/index.php?rest_route=\/wp\/v2\/pages\/12056"}],"wp:attachment":[{"href":"https:\/\/www.adrianwood.ch\/index.php?rest_route=%2Fwp%2Fv2%2Fmedia&parent=12244"}],"curies":[{"name":"wp","href":"https:\/\/api.w.org\/{rel}","templated":true}]}}