{"id":12334,"date":"2017-07-02T19:26:33","date_gmt":"2017-07-02T19:26:33","guid":{"rendered":"http:\/\/www.adrianwood.ch\/?page_id=12334"},"modified":"2017-07-02T19:26:33","modified_gmt":"2017-07-02T19:26:33","slug":"lanzarote","status":"publish","type":"page","link":"https:\/\/www.adrianwood.ch\/?page_id=12334","title":{"rendered":"Lanzarote"},"content":{"rendered":"<div class=\"pmdi_content_wrapper\">\n<figure id=\"attachment_12335\" aria-describedby=\"caption-attachment-12335\" style=\"width: 730px\" class=\"wp-caption alignleft\"><a href=\"http:\/\/www.adrianwood.ch\/wp-content\/uploads\/2017\/07\/GCL_0694_r7.jpg\"><img loading=\"lazy\" decoding=\"async\" class=\"size-full wp-image-12335\" src=\"http:\/\/www.adrianwood.ch\/wp-content\/uploads\/2017\/07\/GCL_0694_r7.jpg\" alt=\"\" width=\"730\" height=\"487\" srcset=\"https:\/\/www.adrianwood.ch\/wp-content\/uploads\/2017\/07\/GCL_0694_r7.jpg 730w, https:\/\/www.adrianwood.ch\/wp-content\/uploads\/2017\/07\/GCL_0694_r7-300x200.jpg 300w\" sizes=\"auto, (max-width: 730px) 100vw, 730px\" \/><\/a><figcaption id=\"caption-attachment-12335\" class=\"wp-caption-text\">Aussicht von Risco de Famara nach S\u00fcden<\/figcaption><\/figure>\n<p class=\"Standard-P\" style=\"margin-bottom: 6pt; text-align: justify; text-justify: inter-ideograph; direction: ltr; unicode-bidi: normal;\"><span class=\"Standard-H\"><span style=\"font-weight: bold; font-size: 14pt;\">04.Mai \u2013 10.Mai <\/span><span style=\"font-weight: bold; font-size: 14pt;\">2017<\/span><span style=\"font-weight: bold; font-size: 14pt;\">, <\/span><span style=\"font-weight: bold; font-size: 14pt;\">Lanzarote<\/span><span style=\"font-weight: bold; font-size: 14pt;\">,<\/span><span style=\"font-weight: bold; font-size: 14pt;\"> Reiseprogramm und Bilder<\/span><\/span><\/p>\nngg_shortcode_0_placeholder\n<p class=\"Standard-P\" style=\"margin-bottom: 6pt; text-align: justify; text-justify: inter-ideograph; direction: ltr; unicode-bidi: normal;\"><span class=\"Standard-H\"><span style=\"font-weight: bold;\">9. Tag, <\/span><span style=\"font-weight: bold;\">D<\/span><span style=\"font-weight: bold;\">o. <\/span><span style=\"font-weight: bold;\">04.05<\/span><span style=\"font-weight: bold;\">. <\/span><span style=\"font-weight: bold;\">Von Gran Canaria mit der kanarischen Fluggesellschaft <\/span><span style=\"font-weight: bold;\">Canaryfly<\/span><span style=\"font-weight: bold;\"> nach Lanzarote<\/span> <\/span><\/p>\n<p class=\"Standard-P\" style=\"margin-bottom: 6pt; text-align: justify; text-justify: inter-ideograph; direction: ltr; unicode-bidi: normal;\"><span class=\"Standard-H\">Am Vormittag Flug von Gran Canaria nach Lanzarote, dort werden wir vom Flughafen abgeholt und mit einem Bus ins Hotel Seaside Jameos Playa Puerto del Carmen, gebracht. Der Nachmittag steht uns zur freien Verf\u00fcgung f\u00fcr die Erkundung der Hotelanlage und der Umgebung.<\/span><\/p>\n<p class=\"Standard-P\" style=\"margin-bottom: 6pt; text-align: justify; text-justify: inter-ideograph; direction: ltr; unicode-bidi: normal;\"><span class=\"Standard-H\"><span style=\"font-weight: bold;\">10.Tag, <\/span><span style=\"font-weight: bold;\">Fr<\/span><span style=\"font-weight: bold;\">. <\/span><span style=\"font-weight: bold;\">05<\/span><span style=\"font-weight: bold;\">.05. Durch das Tal der tausend Palmen <\/span><span style=\"font-weight: bold;\">nach Haria und <\/span><span style=\"font-weight: bold;\">bis zur K\u00fcste<\/span><\/span><\/p>\n<p class=\"Standard-P\" style=\"margin-bottom: 0pt; text-align: justify; text-justify: inter-ideograph; direction: ltr; unicode-bidi: normal;\"><span class=\"Standard-H\">Wanderzeit ca. 4, &#8211; 4,5 Std. \/ Auf 200 m \/Ab 450 m<\/span><\/p>\n<p class=\"Standard-P\" style=\"margin-bottom: 6pt; text-align: justify; text-justify: inter-ideograph; direction: ltr; unicode-bidi: normal;\"><span class=\"Standard-H\">Zun\u00e4chst wandern wir oberhalb der Steilk\u00fcste Risco de Famara entlang bevor \u00fcber den Bergsattel nach Haria, in das Dorf der tausend Palmen hinabwandern. Vorbei am Haus und Museum des K\u00fcnstlers C\u00e9sar Manrique wandern wir \u00fcber den alten Camino zur Playa de la Garita. Anschl. Badeaufenthalt und Einkehr am Strand von Arieta.<\/span><\/p>\n<p class=\"Standard-P\" style=\"margin-bottom: 6pt; text-align: justify; text-justify: inter-ideograph; direction: ltr; unicode-bidi: normal;\"><span class=\"Standard-H\"><span style=\"font-weight: bold;\">11. Tag, <\/span><span style=\"font-weight: bold;\">Sa<\/span><span style=\"font-weight: bold;\">. 0<\/span><span style=\"font-weight: bold;\">6<\/span><span style=\"font-weight: bold;\">.05. Durch das Weinanbau La Geria auf Lanzarote<\/span><\/span><\/p>\n<p class=\"Standard-P\" style=\"margin-bottom: 0pt; text-align: justify; text-justify: inter-ideograph; direction: ltr; unicode-bidi: normal;\"><span class=\"Standard-H\">Wanderzeit ca. 3 Std. \/ Auf 250 m \/Ab 250 m <\/span><\/p>\n<p class=\"Standard-P\" style=\"margin-bottom: 6pt; text-align: justify; text-justify: inter-ideograph; direction: ltr; unicode-bidi: normal;\"><span class=\"Standard-H\">Unsere heutige Wanderung f\u00fchrt uns durch das Weinbaugebiet von Lanzarote. Hier k\u00f6nnen wir uns die traditionelle Anbauweise der goldenen Weine der Insel einmal n\u00e4her anschauen. Wer m\u00f6chte kann bis zum Gipfel des Vulkan Guardilama aufsteigen und den wunderbaren Rundumblick genie\u00dfen. Im Anschluss besuchen wir eine Bodega in La Geria (Degustation und Essen).<\/span><\/p>\n<p class=\"Standard-P\" style=\"margin-bottom: 6pt; text-align: justify; text-justify: inter-ideograph; direction: ltr; unicode-bidi: normal;\"><span class=\"Standard-H\"><span style=\"font-weight: bold;\">12. Tag, <\/span><span style=\"font-weight: bold;\">So,<\/span><span style=\"font-weight: bold;\"> 0<\/span><span style=\"font-weight: bold;\">7<\/span><span style=\"font-weight: bold;\">.05. Dur<\/span><span style=\"font-weight: bold;\">ch das alte Gebirge Los Ajaches<\/span><\/span><\/p>\n<p class=\"Standard-P\" style=\"margin-bottom: 0pt; text-align: justify; text-justify: inter-ideograph; direction: ltr; unicode-bidi: normal;\"><span class=\"Standard-H\">Wanderzeit ca. 3,5 \u2013 4 Std. \/ Auf 250 m \/Ab 480 m<\/span><\/p>\n<p class=\"Standard-P\" style=\"margin-bottom: 6pt; text-align: justify; text-justify: inter-ideograph; direction: ltr; unicode-bidi: normal;\"><span class=\"Standard-H\">Von Femes steigen wir zum Bergsattel einer Ziegenfinca auf. Von dort oben genie\u00dfen wir den herrlichen Ausblick \u00fcber das uralte Ajachesmassiv und die Rubiconebne. Wir durchwandern einsame T\u00e4ler und den Barranco de la Higuera mit seinen antropolgischen Fundst\u00e4tten. An der Playa del Pozo g\u00f6nnen wir uns ein ausgiebiges Bad.<\/span><\/p>\n<p class=\"Standard-P\" style=\"margin-bottom: 0pt; text-align: justify; text-justify: inter-ideograph; direction: ltr; unicode-bidi: normal;\"><span class=\"Standard-H\"><span style=\"font-weight: bold;\">13. Tag, <\/span><span style=\"font-weight: bold;\">M<\/span><span style=\"font-weight: bold;\">o. 0<\/span><span style=\"font-weight: bold;\">8<\/span><span style=\"font-weight: bold;\">.05. Rund um die Monta\u1fc6a del los Cuervos mit anchl. Besuch des Nationalparks <\/span>Wanderzeit ca. 3 Std. \/ Auf 20 m \/Ab 20 m<\/span><\/p>\n<p class=\"Standard-P\" style=\"margin-bottom: 6pt; text-align: justify; text-justify: inter-ideograph; direction: ltr; unicode-bidi: normal;\"><span class=\"Standard-H\">Heute steht eine Wanderung um die Monta\u1fc6a de los Cuervos am Rande des Nationalparks Timanfaya auf dem Programm. Ein Blick in den Krater verr\u00e4t uns mehr \u00fcber die geologischen Gegebenheiten der Vulkane. Im Anschluss besuchen wir den Park und vertiefen bei einer vulkanologischen F\u00fchrung unser Wissen \u00fcber den Vulkanismus.<\/span><\/p>\n<p class=\"Standard-P\" style=\"margin-bottom: 6pt; text-align: justify; text-justify: inter-ideograph; direction: ltr; unicode-bidi: normal;\"><span class=\"Standard-H\"><span style=\"font-weight: bold;\">14. Tag, <\/span><span style=\"font-weight: bold;\">Di<\/span><span style=\"font-weight: bold;\">. 0<\/span><span style=\"font-weight: bold;\">9<\/span><span style=\"font-weight: bold;\">.05. <\/span><span style=\"font-weight: bold;\">Ausklangtag, fakultativ: Besuch der Nachbarinsel Graciosa<\/span> <\/span><\/p>\n<p class=\"Standard-P\" style=\"margin-bottom: 6pt; text-align: justify; text-justify: inter-ideograph; direction: ltr; unicode-bidi: normal;\"><span class=\"Standard-H\"><span style=\"font-weight: bold;\">15. Tag, <\/span><span style=\"font-weight: bold;\">Mi<\/span><span style=\"font-weight: bold;\">. <\/span><span style=\"font-weight: bold;\">10<\/span><span style=\"font-weight: bold;\">.05. <\/span><span style=\"font-weight: bold;\">Abreise, R\u00fcckflug in die Schweiz\/Basel<\/span> <\/span><\/p>\n<p class=\"Standard-P\" style=\"margin-bottom: 6pt; text-align: justify; text-justify: inter-ideograph; direction: ltr; unicode-bidi: normal;\"><span class=\"Standard-H\"><\/span><\/p>\n<\/div>\n","protected":false},"excerpt":{"rendered":"<p>04.Mai \u2013 10.Mai 2017, Lanzarote, Reiseprogramm und Bilder &#8221; order_by=&#8221;sortorder&#8221; order_direction=&#8221;ASC&#8221; returns=&#8221;included&#8221; maximum_entity_count=&#8221;500&#8243;] 9. Tag, Do. 04.05. Von Gran Canaria mit der kanarischen Fluggesellschaft Canaryfly nach Lanzarote Am Vormittag Flug von Gran Canaria nach Lanzarote, dort werden wir vom Flughafen abgeholt und mit einem Bus ins Hotel Seaside Jameos Playa Puerto del Carmen, gebracht. Der &hellip; <a href=\"https:\/\/www.adrianwood.ch\/?page_id=12334\" class=\"more-link\">Continue reading <span class=\"screen-reader-text\">Lanzarote<\/span> <span class=\"meta-nav\">&rarr;<\/span><\/a><\/p>\n","protected":false},"author":1,"featured_media":0,"parent":12056,"menu_order":2571,"comment_status":"closed","ping_status":"closed","template":"","meta":{"ngg_post_thumbnail":0,"footnotes":""},"class_list":["post-12334","page","type-page","status-publish","hentry"],"_links":{"self":[{"href":"https:\/\/www.adrianwood.ch\/index.php?rest_route=\/wp\/v2\/pages\/12334","targetHints":{"allow":["GET"]}}],"collection":[{"href":"https:\/\/www.adrianwood.ch\/index.php?rest_route=\/wp\/v2\/pages"}],"about":[{"href":"https:\/\/www.adrianwood.ch\/index.php?rest_route=\/wp\/v2\/types\/page"}],"author":[{"embeddable":true,"href":"https:\/\/www.adrianwood.ch\/index.php?rest_route=\/wp\/v2\/users\/1"}],"replies":[{"embeddable":true,"href":"https:\/\/www.adrianwood.ch\/index.php?rest_route=%2Fwp%2Fv2%2Fcomments&post=12334"}],"version-history":[{"count":2,"href":"https:\/\/www.adrianwood.ch\/index.php?rest_route=\/wp\/v2\/pages\/12334\/revisions"}],"predecessor-version":[{"id":12337,"href":"https:\/\/www.adrianwood.ch\/index.php?rest_route=\/wp\/v2\/pages\/12334\/revisions\/12337"}],"up":[{"embeddable":true,"href":"https:\/\/www.adrianwood.ch\/index.php?rest_route=\/wp\/v2\/pages\/12056"}],"wp:attachment":[{"href":"https:\/\/www.adrianwood.ch\/index.php?rest_route=%2Fwp%2Fv2%2Fmedia&parent=12334"}],"curies":[{"name":"wp","href":"https:\/\/api.w.org\/{rel}","templated":true}]}}

<div class="pmdi_content_wrapper">
<figure id="attachment_12335" aria-describedby="caption-attachment-12335" style="width: 730px" class="wp-caption alignleft"><a href="http://www.adrianwood.ch/wp-content/uploads/2017/07/GCL_0694_r7.jpg"><img loading="lazy" decoding="async" class="size-full wp-image-12335" src="http://www.adrianwood.ch/wp-content/uploads/2017/07/GCL_0694_r7.jpg" alt="" width="730" height="487" srcset="https://www.adrianwood.ch/wp-content/uploads/2017/07/GCL_0694_r7.jpg 730w, https://www.adrianwood.ch/wp-content/uploads/2017/07/GCL_0694_r7-300x200.jpg 300w" sizes="auto, (max-width: 730px) 100vw, 730px" /></a><figcaption id="caption-attachment-12335" class="wp-caption-text">Aussicht von Risco de Famara nach Süden</figcaption></figure>
<p class="Standard-P" style="margin-bottom: 6pt; text-align: justify; text-justify: inter-ideograph; direction: ltr; unicode-bidi: normal;"><span class="Standard-H"><span style="font-weight: bold; font-size: 14pt;">04.Mai – 10.Mai </span><span style="font-weight: bold; font-size: 14pt;">2017</span><span style="font-weight: bold; font-size: 14pt;">, </span><span style="font-weight: bold; font-size: 14pt;">Lanzarote</span><span style="font-weight: bold; font-size: 14pt;">,</span><span style="font-weight: bold; font-size: 14pt;"> Reiseprogramm und Bilder</span></span></p>
ngg_shortcode_0_placeholder
<p class="Standard-P" style="margin-bottom: 6pt; text-align: justify; text-justify: inter-ideograph; direction: ltr; unicode-bidi: normal;"><span class="Standard-H"><span style="font-weight: bold;">9. Tag, </span><span style="font-weight: bold;">D</span><span style="font-weight: bold;">o. </span><span style="font-weight: bold;">04.05</span><span style="font-weight: bold;">. </span><span style="font-weight: bold;">Von Gran Canaria mit der kanarischen Fluggesellschaft </span><span style="font-weight: bold;">Canaryfly</span><span style="font-weight: bold;"> nach Lanzarote</span> </span></p>
<p class="Standard-P" style="margin-bottom: 6pt; text-align: justify; text-justify: inter-ideograph; direction: ltr; unicode-bidi: normal;"><span class="Standard-H">Am Vormittag Flug von Gran Canaria nach Lanzarote, dort werden wir vom Flughafen abgeholt und mit einem Bus ins Hotel Seaside Jameos Playa Puerto del Carmen, gebracht. Der Nachmittag steht uns zur freien Verfügung für die Erkundung der Hotelanlage und der Umgebung.</span></p>
<p class="Standard-P" style="margin-bottom: 6pt; text-align: justify; text-justify: inter-ideograph; direction: ltr; unicode-bidi: normal;"><span class="Standard-H"><span style="font-weight: bold;">10.Tag, </span><span style="font-weight: bold;">Fr</span><span style="font-weight: bold;">. </span><span style="font-weight: bold;">05</span><span style="font-weight: bold;">.05. Durch das Tal der tausend Palmen </span><span style="font-weight: bold;">nach Haria und </span><span style="font-weight: bold;">bis zur Küste</span></span></p>
<p class="Standard-P" style="margin-bottom: 0pt; text-align: justify; text-justify: inter-ideograph; direction: ltr; unicode-bidi: normal;"><span class="Standard-H">Wanderzeit ca. 4, &#8211; 4,5 Std. / Auf 200 m /Ab 450 m</span></p>
<p class="Standard-P" style="margin-bottom: 6pt; text-align: justify; text-justify: inter-ideograph; direction: ltr; unicode-bidi: normal;"><span class="Standard-H">Zunächst wandern wir oberhalb der Steilküste Risco de Famara entlang bevor über den Bergsattel nach Haria, in das Dorf der tausend Palmen hinabwandern. Vorbei am Haus und Museum des Künstlers César Manrique wandern wir über den alten Camino zur Playa de la Garita. Anschl. Badeaufenthalt und Einkehr am Strand von Arieta.</span></p>
<p class="Standard-P" style="margin-bottom: 6pt; text-align: justify; text-justify: inter-ideograph; direction: ltr; unicode-bidi: normal;"><span class="Standard-H"><span style="font-weight: bold;">11. Tag, </span><span style="font-weight: bold;">Sa</span><span style="font-weight: bold;">. 0</span><span style="font-weight: bold;">6</span><span style="font-weight: bold;">.05. Durch das Weinanbau La Geria auf Lanzarote</span></span></p>
<p class="Standard-P" style="margin-bottom: 0pt; text-align: justify; text-justify: inter-ideograph; direction: ltr; unicode-bidi: normal;"><span class="Standard-H">Wanderzeit ca. 3 Std. / Auf 250 m /Ab 250 m </span></p>
<p class="Standard-P" style="margin-bottom: 6pt; text-align: justify; text-justify: inter-ideograph; direction: ltr; unicode-bidi: normal;"><span class="Standard-H">Unsere heutige Wanderung führt uns durch das Weinbaugebiet von Lanzarote. Hier können wir uns die traditionelle Anbauweise der goldenen Weine der Insel einmal näher anschauen. Wer möchte kann bis zum Gipfel des Vulkan Guardilama aufsteigen und den wunderbaren Rundumblick genießen. Im Anschluss besuchen wir eine Bodega in La Geria (Degustation und Essen).</span></p>
<p class="Standard-P" style="margin-bottom: 6pt; text-align: justify; text-justify: inter-ideograph; direction: ltr; unicode-bidi: normal;"><span class="Standard-H"><span style="font-weight: bold;">12. Tag, </span><span style="font-weight: bold;">So,</span><span style="font-weight: bold;"> 0</span><span style="font-weight: bold;">7</span><span style="font-weight: bold;">.05. Dur</span><span style="font-weight: bold;">ch das alte Gebirge Los Ajaches</span></span></p>
<p class="Standard-P" style="margin-bottom: 0pt; text-align: justify; text-justify: inter-ideograph; direction: ltr; unicode-bidi: normal;"><span class="Standard-H">Wanderzeit ca. 3,5 – 4 Std. / Auf 250 m /Ab 480 m</span></p>
<p class="Standard-P" style="margin-bottom: 6pt; text-align: justify; text-justify: inter-ideograph; direction: ltr; unicode-bidi: normal;"><span class="Standard-H">Von Femes steigen wir zum Bergsattel einer Ziegenfinca auf. Von dort oben genießen wir den herrlichen Ausblick über das uralte Ajachesmassiv und die Rubiconebne. Wir durchwandern einsame Täler und den Barranco de la Higuera mit seinen antropolgischen Fundstätten. An der Playa del Pozo gönnen wir uns ein ausgiebiges Bad.</span></p>
<p class="Standard-P" style="margin-bottom: 0pt; text-align: justify; text-justify: inter-ideograph; direction: ltr; unicode-bidi: normal;"><span class="Standard-H"><span style="font-weight: bold;">13. Tag, </span><span style="font-weight: bold;">M</span><span style="font-weight: bold;">o. 0</span><span style="font-weight: bold;">8</span><span style="font-weight: bold;">.05. Rund um die Montaῆa del los Cuervos mit anchl. Besuch des Nationalparks </span>Wanderzeit ca. 3 Std. / Auf 20 m /Ab 20 m</span></p>
<p class="Standard-P" style="margin-bottom: 6pt; text-align: justify; text-justify: inter-ideograph; direction: ltr; unicode-bidi: normal;"><span class="Standard-H">Heute steht eine Wanderung um die Montaῆa de los Cuervos am Rande des Nationalparks Timanfaya auf dem Programm. Ein Blick in den Krater verrät uns mehr über die geologischen Gegebenheiten der Vulkane. Im Anschluss besuchen wir den Park und vertiefen bei einer vulkanologischen Führung unser Wissen über den Vulkanismus.</span></p>
<p class="Standard-P" style="margin-bottom: 6pt; text-align: justify; text-justify: inter-ideograph; direction: ltr; unicode-bidi: normal;"><span class="Standard-H"><span style="font-weight: bold;">14. Tag, </span><span style="font-weight: bold;">Di</span><span style="font-weight: bold;">. 0</span><span style="font-weight: bold;">9</span><span style="font-weight: bold;">.05. </span><span style="font-weight: bold;">Ausklangtag, fakultativ: Besuch der Nachbarinsel Graciosa</span> </span></p>
<p class="Standard-P" style="margin-bottom: 6pt; text-align: justify; text-justify: inter-ideograph; direction: ltr; unicode-bidi: normal;"><span class="Standard-H"><span style="font-weight: bold;">15. Tag, </span><span style="font-weight: bold;">Mi</span><span style="font-weight: bold;">. </span><span style="font-weight: bold;">10</span><span style="font-weight: bold;">.05. </span><span style="font-weight: bold;">Abreise, Rückflug in die Schweiz/Basel</span> </span></p>
<p class="Standard-P" style="margin-bottom: 6pt; text-align: justify; text-justify: inter-ideograph; direction: ltr; unicode-bidi: normal;"><span class="Standard-H"></span></p>
</div>
