{"id":1262,"date":"2011-07-20T11:25:41","date_gmt":"2011-07-20T10:25:41","guid":{"rendered":"http:\/\/adrianwood.ch\/?page_id=1262"},"modified":"2019-11-02T20:42:27","modified_gmt":"2019-11-02T20:42:27","slug":"2011-05-croatia","status":"publish","type":"page","link":"https:\/\/www.adrianwood.ch\/?page_id=1262","title":{"rendered":"2011-05 Croatia"},"content":{"rendered":"<figure id=\"attachment_1263\" aria-describedby=\"caption-attachment-1263\" style=\"width: 720px\" class=\"wp-caption alignleft\"><a href=\"http:\/\/adrianwood.ch\/club-holidays\/2011-05-croatia\/pak_0828_1_r\/\" rel=\"attachment wp-att-1263\"><img loading=\"lazy\" decoding=\"async\" class=\"size-full wp-image-1263\" title=\"PAK_0828_1_r\" src=\"http:\/\/adrianwood.ch\/wp-content\/uploads\/2011\/07\/PAK_0828_1_r.jpg\" alt=\"\" width=\"720\" height=\"480\"><\/a><figcaption id=\"caption-attachment-1263\" class=\"wp-caption-text\">oberhalb Velika Paklenica<\/figcaption><\/figure>\n<h2 style=\"text-align: left;\" align=\"center\"><strong>Kroatien,Wanderkreuzfahrt und Bergwanderungen in Dalmatien<\/strong><\/h2>\n<h2 style=\"text-align: left;\"><strong>13. Mai \u2013 28. Mai 2011<\/strong><\/h2>\n<p style=\"text-align: justify;\">Ein <a title=\"Urlaub in Kroatien\" href=\"http:\/\/www.kroatien-adrialin.de\">Urlaub in Kroatien<\/a> ist so abwechslungsreich wie das Land selbst. Kroatien zeigt sich mit allen seinen Gesichtern, die sich in blauem Meer und in einemMeer roter D\u00e4cher ebenso zeigen wie in den winzigen <a title=\"Inseln in Kroatien\" href=\"http:\/\/www.kroatien-adrialin.de\/ortsinfos\/inseln\/\">kroatischen Inseln<\/a> und in seiner faszinierendenBergwelt. Es zieht viele Reisende auf der Suche nach Sonne, Himmel und Wasseran die Adriak\u00fcste, an der alte Hafenst\u00e4dte mit ihren mittelalterlichen Stadtmauern und r\u00f6mischen Pal\u00e4sten neben Badevergn\u00fcgen auch jahrtausendealte Kultur bieten. Anderseits ist der <a title=\"Kroatien Landesinnere\" href=\"http:\/\/www.kroatien-adrialin.de\/landesinnere.html\">Landesinnere von Kroatien<\/a> ein wahres Eldorado f\u00fcr Aktivurlauber, die mit <a title=\"Wandern in Kroatien\" href=\"http:\/\/www.kroatien-adrialin.de\/ortsinfos\/kroatien-wandern.html\">Wandern<\/a>, Mountainbiking, <a title=\"Kroatien Tauchen\" href=\"http:\/\/www.kroatien-adrialin.de\/ortsinfos\/ktoatien-tauchen.html\">Riverrafting <\/a>oder Klettern die Gegend auf ihre Weise erkunden m\u00f6chten. Die T\u00e4ler der Karstgebirge \u00fcberraschen mit ihrer herben Sch\u00f6nheit und unz\u00e4hligen Seen, w\u00e4hrend gewaltige Naturlandschaften ihren wilden Bewohnern wie W\u00f6lfen, Luchsen und sogar B\u00e4ren ideale Lebensbedingungen bieten.<\/p>\n<p style=\"text-align: justify;\">Nur wenige Kilometer von der K\u00fcsteentfernt steigt eine beeindruckende Bergwelt empor, die geradezu dazu herausfordert, in ausgedehnten Wanderungen entdeckt zu werden. Auch Kroatiens Inselwelt l\u00e4dt zu entdeckungsreichen Wanderungen ein, die \u00f6fters durch Olivenhaine und W\u00e4lder mit Feigenb\u00e4umen und aromatisch duftenden Kr\u00e4uter f\u00fchren. Kleine Kirchen, D\u00f6rfer und Kapellen runden diese Touren ebenso stimmungsvoll wie interessant ab. Wer es gern etwas anspruchsvoller mag, findet im norddalmatischen Velebit-Gebirge und den Biokovo Bergen Mitteldalmatiens ein reiches Bet\u00e4tigungsfeld. Der Nationalpark Paklenica umfasst die eindrucksvollsten Gebiete des s\u00fcdlichen Velebits, einschlie\u00dflich seiner h\u00f6chsten Gipfel. Die Hauptattraktion des Parks sind die zwei, tief in den Berg eingeschnittenen Schluchten Velika und Mala Paklenica, die sich von schwindelerregender H\u00f6he, bis hinab zum Meer hinziehen.<\/p>\n<p style=\"text-align: justify;\">Der Krka Fluss, auch ein National Park, ist wegen seiner zahlreichen Wasserf\u00e4lle ber\u00fchmt, die, wie auch die Plitwitzer Seen, durch die Ablagerung des Travertin, einer besonderen Kalksteinart, entstanden sind. Der etwa einen Kilometer lange Strand vor dem K\u00fcstenst\u00e4dtchen <a title=\"Omis Kroatien\" href=\"http:\/\/www.kroatien-adrialin.de\/ortsinfos\/omis\/\">Omis<\/a>, einem ehemaligen Piratennest, verdankt seine Entstehung der Schwemmkraft des in einen gro\u00dfartigen Canyon m\u00fcndenden Flusses Cetina und z\u00e4hlt wie die anschliessende Makarska Riviera zu einem der beeindruckendsten Abschnitte der Adriak\u00fcste.<\/p>\n<p style=\"text-align: justify;\">Wir starten unsere Reise in Trogir und gehen gleich an Bord des nur f\u00fcr uns gecharterten Motorseglers, der unser schwimmendes Heim f\u00fcr die n\u00e4chste Woche bilden wird (siehe angeh\u00e4ngtes Programm). Nach diesem Wander- und Badevergn\u00fcgen wird es im Paklenica National Park n\u00f6rdlich von Zadar etwas ernster. L\u00e4ngere Bergwanderungen erg\u00e4nzt durch Jeep Fahrten im Karstgebirge werden angeboten. Anschliessend geht es, nach einem Besichtigungshalt bei den Krka Wasserf\u00e4llen, nach Omis, ca. 25km s\u00fcdlich von Split. Hier haben wir die M\u00f6glichkeit die Cetinaschlucht zu erkunden und den Kula (863m), den h\u00f6chsten Berg des Dinara-gebirges zu besteigen. Die Ferien beginnen an einem Freitag und dauern 16 Tage (15 \u00dcbernachtungen).<\/p>\n<p style=\"text-align: justify;\">Die Wanderungen haben zwischen 3 und 6 Stunden Marschzeit und H\u00f6henunterschiede bis 1100 m. Auf den Inseln sind sie meistens<br \/>\neinfach, aber trotzdem \u00f6fters steinig. Auf dem Festland gibt es stellenweise kurze felsige Passagen, die aber nicht ausgesetzt sind. Es werden wie immer, je nach M\u00f6glichkeit, k\u00fcrzere Varianten angeboten.<\/p>\n<h3 style=\"text-align: justify;\"><a href=\"http:\/\/www.adrianwood.ch\/?page_id=1425\">Inhalt \/ Contents<\/a><\/h3>\n<p style=\"text-align: justify;\"><a href=\"http:\/\/adrianwood.ch\/club-holidays\/2011-05-croatia\/col_0130_2_r\/\" rel=\"attachment wp-att-1336\"><img loading=\"lazy\" decoding=\"async\" class=\"alignleft size-full wp-image-1336\" title=\"COL_0130_2_r\" src=\"http:\/\/adrianwood.ch\/wp-content\/uploads\/2011\/07\/COL_0130_2_r.jpg\" alt=\"\" width=\"920\" height=\"322\"><\/a><\/p>\n<p style=\"text-align: justify;\"><a href=\"http:\/\/adrianwood.ch\/club-holidays\/2011-05-croatia\/img_3256-2_r-2\/\" rel=\"attachment wp-att-1337\"><img loading=\"lazy\" decoding=\"async\" class=\"alignleft size-full wp-image-1337\" title=\"IMG_3256-2_r\" src=\"http:\/\/adrianwood.ch\/wp-content\/uploads\/2011\/07\/IMG_3256-2_r1.jpg\" alt=\"\" width=\"920\" height=\"492\"><\/a><\/p>\n<h3 style=\"text-align: justify;\"><strong>Die Teilnehmer<\/strong><\/h3>\n<table width=\"610\" cellspacing=\"0\" cellpadding=\"0\" border=\"0\">\n<colgroup>\n<col width=\"198\"><\/colgroup>\n<colgroup>\n<col width=\"202\"><\/colgroup>\n<colgroup>\n<col width=\"210\"><\/colgroup>\n<tbody>\n<tr>\n<td width=\"198\" height=\"34\">Name<\/td>\n<td width=\"202\">Adresse<\/td>\n<td width=\"210\">Stadt<\/td>\n<\/tr>\n<tr>\n<td height=\"17\">Traber Rainer<\/td>\n<td>Im Stockacker 26<\/td>\n<td>4153 Reinach<\/td>\n<\/tr>\n<tr>\n<td height=\"17\">Jacobs Ingrid<\/td>\n<td>Im Stockacker 26<\/td>\n<td>4153 Reinach<\/td>\n<\/tr>\n<tr>\n<td height=\"17\">Sutter Anna<\/td>\n<td>Aegertenweg 9<\/td>\n<td>4450 Sissach<\/td>\n<\/tr>\n<tr>\n<td height=\"17\">Sutter Peter<\/td>\n<td>Aegertenweg 9<\/td>\n<td>4450 Sissach<\/td>\n<\/tr>\n<tr>\n<td height=\"17\">Delloca Silvana<\/td>\n<td>Merkurstr. 97<\/td>\n<td>4123 Allschwil<\/td>\n<\/tr>\n<tr>\n<td height=\"17\">M\u00fcller Eric<\/td>\n<td>Merkurstr. 97<\/td>\n<td>4123 Allschwil<\/td>\n<\/tr>\n<tr>\n<td height=\"17\">Stampf Jean-Francois<\/td>\n<td>Rue des Landes 13<\/td>\n<td>F-68220 Neuwiller<\/td>\n<\/tr>\n<tr>\n<td height=\"17\">Stampf Huguette<\/td>\n<td>Rue des Landes 13<\/td>\n<td>F-68220 Neuwiller<\/td>\n<\/tr>\n<tr>\n<td height=\"17\">Operschall Bert<\/td>\n<td>Oberer Rebbergweg 12<\/td>\n<td>4153 Reinach<\/td>\n<\/tr>\n<tr>\n<td height=\"17\">Gubler Veronika<\/td>\n<td>Im Hirshalm 42<\/td>\n<td>4125 Riehen<\/td>\n<\/tr>\n<tr>\n<td height=\"17\">Schepperle Peter<\/td>\n<td>Thiersteinerstr. 20\/10<\/td>\n<td>4153 Reinach<\/td>\n<\/tr>\n<tr>\n<td height=\"17\">Schepperle Vreny<\/td>\n<td>Thiersteinerstr. 20\/10<\/td>\n<td>4153 Reinach<\/td>\n<\/tr>\n<tr>\n<td height=\"17\">Pavel Jiri<\/td>\n<td>Poststrasse 17<\/td>\n<td>4123 Allschwil<\/td>\n<\/tr>\n<tr>\n<td height=\"17\">Malanowski Jan<\/td>\n<td>R\u00f6merweg 11<\/td>\n<td>4123 Allschwil<\/td>\n<\/tr>\n<tr>\n<td height=\"17\">Peter Hans K.<\/td>\n<td>Rheintalweg 102<\/td>\n<td>4125 Riehen<\/td>\n<\/tr>\n<tr>\n<td height=\"17\">Schaetti Philippe<\/td>\n<td>Leimenweg 11<\/td>\n<td>4124 Sch\u00f6nenbuch<\/td>\n<\/tr>\n<tr>\n<td height=\"17\">Michaelis Jochen<\/td>\n<td>Hebelstr. 6<\/td>\n<td>D-75305 Neuenb\u00fcrg<\/td>\n<\/tr>\n<tr>\n<td height=\"17\">Michaelis Peter<\/td>\n<td>Rue Gen.de Gaulle 8<\/td>\n<td>F-68510 Geispitzen<\/td>\n<\/tr>\n<tr>\n<td height=\"17\">Schweizer Alfred<\/td>\n<td>Nufenenstr.20<\/td>\n<td>4054 Basel<\/td>\n<\/tr>\n<tr>\n<td height=\"17\">Schweizer Walpurga<\/td>\n<td>Nufenenstr.20<\/td>\n<td>4054 Basel<\/td>\n<\/tr>\n<tr>\n<td height=\"17\">Frei-H\u00e4uslerMarianne<\/td>\n<td>Strengig\u00e4ssli 20<\/td>\n<td>4123 Allschwil<\/td>\n<\/tr>\n<tr>\n<td height=\"17\">Kr\u00e4henb\u00fchl Brunhilde<\/td>\n<td>Rheinparkstrasse 4<\/td>\n<td>4127 Birsfelden<\/td>\n<\/tr>\n<tr>\n<td height=\"17\">Helbing Brigitte<\/td>\n<td>Rauracherstr.15<\/td>\n<td>4125 Riehen<\/td>\n<\/tr>\n<tr>\n<td height=\"17\">Masberg Anne<\/td>\n<td width=\"202\">Gellertstrasse 23<\/td>\n<td>4052 Basel<\/td>\n<\/tr>\n<tr>\n<td height=\"17\">Schwendimann Edith<\/td>\n<td>Laufenburgerstr. 10\/4<\/td>\n<td>4058 Basel<\/td>\n<\/tr>\n<tr>\n<td height=\"17\">Regine Peter<\/td>\n<td>Am Stausee 25\/7<\/td>\n<td>Birsfelden<\/td>\n<\/tr>\n<tr>\n<td height=\"17\">Deindl Brigitte<\/td>\n<td>Leutrumweg 20<\/td>\n<td>D-79539 L\u00f6rrach<\/td>\n<\/tr>\n<tr>\n<td height=\"17\">Kunimuench Monika<\/td>\n<td>Pestalozzistr. 12<\/td>\n<td>D-79540 L\u00f6rrach<\/td>\n<\/tr>\n<tr>\n<td height=\"17\">Schwer Wolfgang<\/td>\n<td>Winkelg\u00e4sschen 5<\/td>\n<td>4125 Riehen<\/td>\n<\/tr>\n<tr>\n<td height=\"17\">Wood Adrian<\/td>\n<td>R\u00fcttackerweg 20<\/td>\n<td>4104 Oberwil<\/td>\n<\/tr>\n<tr>\n<td height=\"17\">Ceresoli Verena<\/td>\n<td>Teichweg 17<\/td>\n<td>4142 M\u00fcnchenstein<\/td>\n<\/tr>\n<tr>\n<td height=\"17\">Lutz Marie-Madeleine<\/td>\n<td>Baselmattweg 229<\/td>\n<td>4123 Allschwil<\/td>\n<\/tr>\n<tr>\n<td width=\"198\" height=\"17\">Zingg-Handley Adrian<\/td>\n<td>Dorfplatz 10<\/td>\n<td>4142 M\u00fcnchenstein<\/td>\n<\/tr>\n<tr>\n<td height=\"17\">Neuenschwander Susanne<\/td>\n<td>Austrasse 15<\/td>\n<td>4106 Therwil<\/td>\n<\/tr>\n<\/tbody>\n<\/table>\n","protected":false},"excerpt":{"rendered":"<p>Kroatien,Wanderkreuzfahrt und Bergwanderungen in Dalmatien 13. Mai \u2013 28. Mai 2011 Ein Urlaub in Kroatien ist so abwechslungsreich wie das Land selbst. Kroatien zeigt sich mit allen seinen Gesichtern, die sich in blauem Meer und in einemMeer roter D\u00e4cher ebenso zeigen wie in den winzigen kroatischen Inseln und in seiner faszinierendenBergwelt. Es zieht viele Reisende &hellip; <a href=\"https:\/\/www.adrianwood.ch\/?page_id=1262\" class=\"more-link\">Continue reading <span class=\"screen-reader-text\">2011-05 Croatia<\/span> <span class=\"meta-nav\">&rarr;<\/span><\/a><\/p>\n","protected":false},"author":1,"featured_media":0,"parent":20764,"menu_order":238,"comment_status":"closed","ping_status":"closed","template":"","meta":{"ngg_post_thumbnail":0,"footnotes":""},"class_list":["post-1262","page","type-page","status-publish","hentry"],"_links":{"self":[{"href":"https:\/\/www.adrianwood.ch\/index.php?rest_route=\/wp\/v2\/pages\/1262","targetHints":{"allow":["GET"]}}],"collection":[{"href":"https:\/\/www.adrianwood.ch\/index.php?rest_route=\/wp\/v2\/pages"}],"about":[{"href":"https:\/\/www.adrianwood.ch\/index.php?rest_route=\/wp\/v2\/types\/page"}],"author":[{"embeddable":true,"href":"https:\/\/www.adrianwood.ch\/index.php?rest_route=\/wp\/v2\/users\/1"}],"replies":[{"embeddable":true,"href":"https:\/\/www.adrianwood.ch\/index.php?rest_route=%2Fwp%2Fv2%2Fcomments&post=1262"}],"version-history":[{"count":5,"href":"https:\/\/www.adrianwood.ch\/index.php?rest_route=\/wp\/v2\/pages\/1262\/revisions"}],"predecessor-version":[{"id":20767,"href":"https:\/\/www.adrianwood.ch\/index.php?rest_route=\/wp\/v2\/pages\/1262\/revisions\/20767"}],"up":[{"embeddable":true,"href":"https:\/\/www.adrianwood.ch\/index.php?rest_route=\/wp\/v2\/pages\/20764"}],"wp:attachment":[{"href":"https:\/\/www.adrianwood.ch\/index.php?rest_route=%2Fwp%2Fv2%2Fmedia&parent=1262"}],"curies":[{"name":"wp","href":"https:\/\/api.w.org\/{rel}","templated":true}]}}

<figure id="attachment_1263" aria-describedby="caption-attachment-1263" style="width: 720px" class="wp-caption alignleft"><a href="http://adrianwood.ch/club-holidays/2011-05-croatia/pak_0828_1_r/" rel="attachment wp-att-1263"><img loading="lazy" decoding="async" class="size-full wp-image-1263" title="PAK_0828_1_r" src="http://adrianwood.ch/wp-content/uploads/2011/07/PAK_0828_1_r.jpg" alt="" width="720" height="480"></a><figcaption id="caption-attachment-1263" class="wp-caption-text">oberhalb Velika Paklenica</figcaption></figure>
<h2 style="text-align: left;" align="center"><strong>Kroatien,Wanderkreuzfahrt und Bergwanderungen in Dalmatien</strong></h2>
<h2 style="text-align: left;"><strong>13. Mai – 28. Mai 2011</strong></h2>
<p style="text-align: justify;">Ein <a title="Urlaub in Kroatien" href="http://www.kroatien-adrialin.de">Urlaub in Kroatien</a> ist so abwechslungsreich wie das Land selbst. Kroatien zeigt sich mit allen seinen Gesichtern, die sich in blauem Meer und in einemMeer roter Dächer ebenso zeigen wie in den winzigen <a title="Inseln in Kroatien" href="http://www.kroatien-adrialin.de/ortsinfos/inseln/">kroatischen Inseln</a> und in seiner faszinierendenBergwelt. Es zieht viele Reisende auf der Suche nach Sonne, Himmel und Wasseran die Adriaküste, an der alte Hafenstädte mit ihren mittelalterlichen Stadtmauern und römischen Palästen neben Badevergnügen auch jahrtausendealte Kultur bieten. Anderseits ist der <a title="Kroatien Landesinnere" href="http://www.kroatien-adrialin.de/landesinnere.html">Landesinnere von Kroatien</a> ein wahres Eldorado für Aktivurlauber, die mit <a title="Wandern in Kroatien" href="http://www.kroatien-adrialin.de/ortsinfos/kroatien-wandern.html">Wandern</a>, Mountainbiking, <a title="Kroatien Tauchen" href="http://www.kroatien-adrialin.de/ortsinfos/ktoatien-tauchen.html">Riverrafting </a>oder Klettern die Gegend auf ihre Weise erkunden möchten. Die Täler der Karstgebirge überraschen mit ihrer herben Schönheit und unzähligen Seen, während gewaltige Naturlandschaften ihren wilden Bewohnern wie Wölfen, Luchsen und sogar Bären ideale Lebensbedingungen bieten.</p>
<p style="text-align: justify;">Nur wenige Kilometer von der Küsteentfernt steigt eine beeindruckende Bergwelt empor, die geradezu dazu herausfordert, in ausgedehnten Wanderungen entdeckt zu werden. Auch Kroatiens Inselwelt lädt zu entdeckungsreichen Wanderungen ein, die öfters durch Olivenhaine und Wälder mit Feigenbäumen und aromatisch duftenden Kräuter führen. Kleine Kirchen, Dörfer und Kapellen runden diese Touren ebenso stimmungsvoll wie interessant ab. Wer es gern etwas anspruchsvoller mag, findet im norddalmatischen Velebit-Gebirge und den Biokovo Bergen Mitteldalmatiens ein reiches Betätigungsfeld. Der Nationalpark Paklenica umfasst die eindrucksvollsten Gebiete des südlichen Velebits, einschließlich seiner höchsten Gipfel. Die Hauptattraktion des Parks sind die zwei, tief in den Berg eingeschnittenen Schluchten Velika und Mala Paklenica, die sich von schwindelerregender Höhe, bis hinab zum Meer hinziehen.</p>
<p style="text-align: justify;">Der Krka Fluss, auch ein National Park, ist wegen seiner zahlreichen Wasserfälle berühmt, die, wie auch die Plitwitzer Seen, durch die Ablagerung des Travertin, einer besonderen Kalksteinart, entstanden sind. Der etwa einen Kilometer lange Strand vor dem Küstenstädtchen <a title="Omis Kroatien" href="http://www.kroatien-adrialin.de/ortsinfos/omis/">Omis</a>, einem ehemaligen Piratennest, verdankt seine Entstehung der Schwemmkraft des in einen großartigen Canyon mündenden Flusses Cetina und zählt wie die anschliessende Makarska Riviera zu einem der beeindruckendsten Abschnitte der Adriaküste.</p>
<p style="text-align: justify;">Wir starten unsere Reise in Trogir und gehen gleich an Bord des nur für uns gecharterten Motorseglers, der unser schwimmendes Heim für die nächste Woche bilden wird (siehe angehängtes Programm). Nach diesem Wander- und Badevergnügen wird es im Paklenica National Park nördlich von Zadar etwas ernster. Längere Bergwanderungen ergänzt durch Jeep Fahrten im Karstgebirge werden angeboten. Anschliessend geht es, nach einem Besichtigungshalt bei den Krka Wasserfällen, nach Omis, ca. 25km südlich von Split. Hier haben wir die Möglichkeit die Cetinaschlucht zu erkunden und den Kula (863m), den höchsten Berg des Dinara-gebirges zu besteigen. Die Ferien beginnen an einem Freitag und dauern 16 Tage (15 Übernachtungen).</p>
<p style="text-align: justify;">Die Wanderungen haben zwischen 3 und 6 Stunden Marschzeit und Höhenunterschiede bis 1100 m. Auf den Inseln sind sie meistens<br />
einfach, aber trotzdem öfters steinig. Auf dem Festland gibt es stellenweise kurze felsige Passagen, die aber nicht ausgesetzt sind. Es werden wie immer, je nach Möglichkeit, kürzere Varianten angeboten.</p>
<h3 style="text-align: justify;"><a href="http://www.adrianwood.ch/?page_id=1425">Inhalt / Contents</a></h3>
<p style="text-align: justify;"><a href="http://adrianwood.ch/club-holidays/2011-05-croatia/col_0130_2_r/" rel="attachment wp-att-1336"><img loading="lazy" decoding="async" class="alignleft size-full wp-image-1336" title="COL_0130_2_r" src="http://adrianwood.ch/wp-content/uploads/2011/07/COL_0130_2_r.jpg" alt="" width="920" height="322"></a></p>
<p style="text-align: justify;"><a href="http://adrianwood.ch/club-holidays/2011-05-croatia/img_3256-2_r-2/" rel="attachment wp-att-1337"><img loading="lazy" decoding="async" class="alignleft size-full wp-image-1337" title="IMG_3256-2_r" src="http://adrianwood.ch/wp-content/uploads/2011/07/IMG_3256-2_r1.jpg" alt="" width="920" height="492"></a></p>
<h3 style="text-align: justify;"><strong>Die Teilnehmer</strong></h3>
<table width="610" cellspacing="0" cellpadding="0" border="0">
<colgroup>
<col width="198"></colgroup>
<colgroup>
<col width="202"></colgroup>
<colgroup>
<col width="210"></colgroup>
<tbody>
<tr>
<td width="198" height="34">Name</td>
<td width="202">Adresse</td>
<td width="210">Stadt</td>
</tr>
<tr>
<td height="17">Traber Rainer</td>
<td>Im Stockacker 26</td>
<td>4153 Reinach</td>
</tr>
<tr>
<td height="17">Jacobs Ingrid</td>
<td>Im Stockacker 26</td>
<td>4153 Reinach</td>
</tr>
<tr>
<td height="17">Sutter Anna</td>
<td>Aegertenweg 9</td>
<td>4450 Sissach</td>
</tr>
<tr>
<td height="17">Sutter Peter</td>
<td>Aegertenweg 9</td>
<td>4450 Sissach</td>
</tr>
<tr>
<td height="17">Delloca Silvana</td>
<td>Merkurstr. 97</td>
<td>4123 Allschwil</td>
</tr>
<tr>
<td height="17">Müller Eric</td>
<td>Merkurstr. 97</td>
<td>4123 Allschwil</td>
</tr>
<tr>
<td height="17">Stampf Jean-Francois</td>
<td>Rue des Landes 13</td>
<td>F-68220 Neuwiller</td>
</tr>
<tr>
<td height="17">Stampf Huguette</td>
<td>Rue des Landes 13</td>
<td>F-68220 Neuwiller</td>
</tr>
<tr>
<td height="17">Operschall Bert</td>
<td>Oberer Rebbergweg 12</td>
<td>4153 Reinach</td>
</tr>
<tr>
<td height="17">Gubler Veronika</td>
<td>Im Hirshalm 42</td>
<td>4125 Riehen</td>
</tr>
<tr>
<td height="17">Schepperle Peter</td>
<td>Thiersteinerstr. 20/10</td>
<td>4153 Reinach</td>
</tr>
<tr>
<td height="17">Schepperle Vreny</td>
<td>Thiersteinerstr. 20/10</td>
<td>4153 Reinach</td>
</tr>
<tr>
<td height="17">Pavel Jiri</td>
<td>Poststrasse 17</td>
<td>4123 Allschwil</td>
</tr>
<tr>
<td height="17">Malanowski Jan</td>
<td>Römerweg 11</td>
<td>4123 Allschwil</td>
</tr>
<tr>
<td height="17">Peter Hans K.</td>
<td>Rheintalweg 102</td>
<td>4125 Riehen</td>
</tr>
<tr>
<td height="17">Schaetti Philippe</td>
<td>Leimenweg 11</td>
<td>4124 Schönenbuch</td>
</tr>
<tr>
<td height="17">Michaelis Jochen</td>
<td>Hebelstr. 6</td>
<td>D-75305 Neuenbürg</td>
</tr>
<tr>
<td height="17">Michaelis Peter</td>
<td>Rue Gen.de Gaulle 8</td>
<td>F-68510 Geispitzen</td>
</tr>
<tr>
<td height="17">Schweizer Alfred</td>
<td>Nufenenstr.20</td>
<td>4054 Basel</td>
</tr>
<tr>
<td height="17">Schweizer Walpurga</td>
<td>Nufenenstr.20</td>
<td>4054 Basel</td>
</tr>
<tr>
<td height="17">Frei-HäuslerMarianne</td>
<td>Strengigässli 20</td>
<td>4123 Allschwil</td>
</tr>
<tr>
<td height="17">Krähenbühl Brunhilde</td>
<td>Rheinparkstrasse 4</td>
<td>4127 Birsfelden</td>
</tr>
<tr>
<td height="17">Helbing Brigitte</td>
<td>Rauracherstr.15</td>
<td>4125 Riehen</td>
</tr>
<tr>
<td height="17">Masberg Anne</td>
<td width="202">Gellertstrasse 23</td>
<td>4052 Basel</td>
</tr>
<tr>
<td height="17">Schwendimann Edith</td>
<td>Laufenburgerstr. 10/4</td>
<td>4058 Basel</td>
</tr>
<tr>
<td height="17">Regine Peter</td>
<td>Am Stausee 25/7</td>
<td>Birsfelden</td>
</tr>
<tr>
<td height="17">Deindl Brigitte</td>
<td>Leutrumweg 20</td>
<td>D-79539 Lörrach</td>
</tr>
<tr>
<td height="17">Kunimuench Monika</td>
<td>Pestalozzistr. 12</td>
<td>D-79540 Lörrach</td>
</tr>
<tr>
<td height="17">Schwer Wolfgang</td>
<td>Winkelgässchen 5</td>
<td>4125 Riehen</td>
</tr>
<tr>
<td height="17">Wood Adrian</td>
<td>Rüttackerweg 20</td>
<td>4104 Oberwil</td>
</tr>
<tr>
<td height="17">Ceresoli Verena</td>
<td>Teichweg 17</td>
<td>4142 Münchenstein</td>
</tr>
<tr>
<td height="17">Lutz Marie-Madeleine</td>
<td>Baselmattweg 229</td>
<td>4123 Allschwil</td>
</tr>
<tr>
<td width="198" height="17">Zingg-Handley Adrian</td>
<td>Dorfplatz 10</td>
<td>4142 Münchenstein</td>
</tr>
<tr>
<td height="17">Neuenschwander Susanne</td>
<td>Austrasse 15</td>
<td>4106 Therwil</td>
</tr>
</tbody>
</table>

<p>Kroatien,Wanderkreuzfahrt und Bergwanderungen in Dalmatien 13. Mai – 28. Mai 2011 Ein Urlaub in Kroatien ist so abwechslungsreich wie das Land selbst. Kroatien zeigt sich mit allen seinen Gesichtern, die sich in blauem Meer und in einemMeer roter Dächer ebenso zeigen wie in den winzigen kroatischen Inseln und in seiner faszinierendenBergwelt. Es zieht viele Reisende &hellip; <a href="https://www.adrianwood.ch/?page_id=1262" class="more-link">Continue reading <span class="screen-reader-text">2011-05 Croatia</span> <span class="meta-nav">&rarr;</span></a></p>
