{"id":12759,"date":"2017-08-07T08:56:28","date_gmt":"2017-08-07T08:56:28","guid":{"rendered":"http:\/\/www.adrianwood.ch\/?page_id=12759"},"modified":"2017-08-07T10:33:02","modified_gmt":"2017-08-07T10:33:02","slug":"05-23-tholaria-langhada","status":"publish","type":"page","link":"https:\/\/www.adrianwood.ch\/?page_id=12759","title":{"rendered":"05 23 Langhada"},"content":{"rendered":"<div class=\"pmdi_content_wrapper\">\n<figure id=\"attachment_12760\" aria-describedby=\"caption-attachment-12760\" style=\"width: 730px\" class=\"wp-caption alignleft\"><a href=\"http:\/\/www.adrianwood.ch\/wp-content\/uploads\/2017\/08\/KYK_1314.jpg\"><img loading=\"lazy\" decoding=\"async\" class=\"size-full wp-image-12760\" src=\"http:\/\/www.adrianwood.ch\/wp-content\/uploads\/2017\/08\/KYK_1314.jpg\" alt=\"\" width=\"730\" height=\"487\" srcset=\"https:\/\/www.adrianwood.ch\/wp-content\/uploads\/2017\/08\/KYK_1314.jpg 730w, https:\/\/www.adrianwood.ch\/wp-content\/uploads\/2017\/08\/KYK_1314-300x200.jpg 300w\" sizes=\"auto, (max-width: 730px) 100vw, 730px\" \/><\/a><figcaption id=\"caption-attachment-12760\" class=\"wp-caption-text\">Langhada<\/figcaption><\/figure>\n<h2 class=\"Normal-P\" style=\"text-align: justify; text-justify: inter-ideograph; direction: ltr; unicode-bidi: normal;\"><span class=\"Normal-H\"><span style=\"font-size: 11pt;\">23. Mai: <\/span><span style=\"font-size: 11pt;\">Tholaria<\/span><span style=\"font-size: 11pt;\"> \u2013 <\/span><span style=\"font-size: 11pt;\">Langhada<\/span><\/span><\/h2>\n<p class=\"Normal-P\" style=\"text-align: justify; text-justify: inter-ideograph; direction: ltr; unicode-bidi: normal;\"><span class=\"Normal-H\"><span style=\"font-size: 11pt;\">Nach einem sp\u00e4ten Fr\u00fchst\u00fcck starten wir zu unserer ersten Wanderung von <\/span><span style=\"font-size: 11pt;\">Tholaria<\/span><span style=\"font-size: 11pt;\"> \u00fcber <\/span><span style=\"font-size: 11pt;\">Stroumpos<\/span><span style=\"font-size: 11pt;\"> (verlassenes Dorf), <\/span><span style=\"font-size: 11pt;\">Langhada<\/span><span style=\"font-size: 11pt;\"> nach <\/span><span style=\"font-size: 11pt;\">Aegiali<\/span><span style=\"font-size: 11pt;\">. Sch\u00f6ne Wanderung durch die wilde Landschaft des Nordens: viele Blumen, wilde Kr\u00e4uter. Die vielen Terrassen zeugen von einer fr\u00fcher sehr aktiven Landwirtschaft. In <\/span><span style=\"font-size: 11pt;\">Langhada<\/span><span style=\"font-size: 11pt;\"> d\u00fcrfen wir bei <\/span><span style=\"font-size: 11pt;\">Vangelis<\/span><span style=\"font-size: 11pt;\"> (Kr\u00e4uterkenner und Therapeut) einen Vortrag \u00fcber die Vorz\u00fcge der wilden Kr\u00e4uter und Heil-Pflanzen auf <\/span><span style=\"font-size: 11pt;\">Amorgos<\/span><span style=\"font-size: 11pt;\"> (nat\u00fcrliche, biologische Insel, da keine Pestizide und Kunstd\u00fcnger erlaubt!) h\u00f6ren. In <\/span><span style=\"font-size: 11pt;\">Aegiali<\/span><span style=\"font-size: 11pt;\"> k\u00f6nnen die Mutigsten das erste Bad im blauen Meer geniessen, bevor wir den Aufstieg nach <\/span><span style=\"font-size: 11pt;\">Tholaria<\/span><span style=\"font-size: 11pt;\"> unter die F\u00fcsse nehmen.<\/span><\/span><\/p>\nngg_shortcode_0_placeholder\n<figure id=\"attachment_12761\" aria-describedby=\"caption-attachment-12761\" style=\"width: 730px\" class=\"wp-caption alignleft\"><a href=\"http:\/\/www.adrianwood.ch\/wp-content\/uploads\/2017\/08\/KYK_1356.jpg\"><img loading=\"lazy\" decoding=\"async\" class=\"size-full wp-image-12761\" src=\"http:\/\/www.adrianwood.ch\/wp-content\/uploads\/2017\/08\/KYK_1356.jpg\" alt=\"\" width=\"730\" height=\"487\" srcset=\"https:\/\/www.adrianwood.ch\/wp-content\/uploads\/2017\/08\/KYK_1356.jpg 730w, https:\/\/www.adrianwood.ch\/wp-content\/uploads\/2017\/08\/KYK_1356-300x200.jpg 300w\" sizes=\"auto, (max-width: 730px) 100vw, 730px\" \/><\/a><figcaption id=\"caption-attachment-12761\" class=\"wp-caption-text\">Bucht von Aigiali<\/figcaption><\/figure>\n<\/div>\n","protected":false},"excerpt":{"rendered":"<p>23. Mai: Tholaria \u2013 Langhada Nach einem sp\u00e4ten Fr\u00fchst\u00fcck starten wir zu unserer ersten Wanderung von Tholaria \u00fcber Stroumpos (verlassenes Dorf), Langhada nach Aegiali. Sch\u00f6ne Wanderung durch die wilde Landschaft des Nordens: viele Blumen, wilde Kr\u00e4uter. Die vielen Terrassen zeugen von einer fr\u00fcher sehr aktiven Landwirtschaft. In Langhada d\u00fcrfen wir bei Vangelis (Kr\u00e4uterkenner und Therapeut) &hellip; <a href=\"https:\/\/www.adrianwood.ch\/?page_id=12759\" class=\"more-link\">Continue reading <span class=\"screen-reader-text\">05 23 Langhada<\/span> <span class=\"meta-nav\">&rarr;<\/span><\/a><\/p>\n","protected":false},"author":1,"featured_media":0,"parent":12718,"menu_order":4852,"comment_status":"closed","ping_status":"closed","template":"","meta":{"ngg_post_thumbnail":0,"footnotes":""},"class_list":["post-12759","page","type-page","status-publish","hentry"],"_links":{"self":[{"href":"https:\/\/www.adrianwood.ch\/index.php?rest_route=\/wp\/v2\/pages\/12759","targetHints":{"allow":["GET"]}}],"collection":[{"href":"https:\/\/www.adrianwood.ch\/index.php?rest_route=\/wp\/v2\/pages"}],"about":[{"href":"https:\/\/www.adrianwood.ch\/index.php?rest_route=\/wp\/v2\/types\/page"}],"author":[{"embeddable":true,"href":"https:\/\/www.adrianwood.ch\/index.php?rest_route=\/wp\/v2\/users\/1"}],"replies":[{"embeddable":true,"href":"https:\/\/www.adrianwood.ch\/index.php?rest_route=%2Fwp%2Fv2%2Fcomments&post=12759"}],"version-history":[{"count":4,"href":"https:\/\/www.adrianwood.ch\/index.php?rest_route=\/wp\/v2\/pages\/12759\/revisions"}],"predecessor-version":[{"id":13053,"href":"https:\/\/www.adrianwood.ch\/index.php?rest_route=\/wp\/v2\/pages\/12759\/revisions\/13053"}],"up":[{"embeddable":true,"href":"https:\/\/www.adrianwood.ch\/index.php?rest_route=\/wp\/v2\/pages\/12718"}],"wp:attachment":[{"href":"https:\/\/www.adrianwood.ch\/index.php?rest_route=%2Fwp%2Fv2%2Fmedia&parent=12759"}],"curies":[{"name":"wp","href":"https:\/\/api.w.org\/{rel}","templated":true}]}}