{"id":13363,"date":"2017-09-10T10:20:35","date_gmt":"2017-09-10T10:20:35","guid":{"rendered":"http:\/\/www.adrianwood.ch\/?page_id=13363"},"modified":"2018-07-30T13:28:48","modified_gmt":"2018-07-30T13:28:48","slug":"2017-07-val-danniviers","status":"publish","type":"page","link":"https:\/\/www.adrianwood.ch\/?page_id=13363","title":{"rendered":"2017-07 Val d&#8217;Anniviers"},"content":{"rendered":"<div class=\"pmdi_content_wrapper\">\n<figure id=\"attachment_13365\" aria-describedby=\"caption-attachment-13365\" style=\"width: 730px\" class=\"wp-caption alignleft\"><a href=\"http:\/\/www.adrianwood.ch\/wp-content\/uploads\/2017\/09\/BEL_0135-3.jpg\"><img loading=\"lazy\" decoding=\"async\" class=\"size-full wp-image-13365\" src=\"http:\/\/www.adrianwood.ch\/wp-content\/uploads\/2017\/09\/BEL_0135-3.jpg\" alt=\"\" height=\"428\" width=\"730\" srcset=\"https:\/\/www.adrianwood.ch\/wp-content\/uploads\/2017\/09\/BEL_0135-3.jpg 730w, https:\/\/www.adrianwood.ch\/wp-content\/uploads\/2017\/09\/BEL_0135-3-300x176.jpg 300w\" sizes=\"auto, (max-width: 730px) 100vw, 730px\" \/><\/a><figcaption id=\"caption-attachment-13365\" class=\"wp-caption-text\">Weisshorn, Matterhorn und Dent Blanche vom Bella Tola Gipfel<\/figcaption><\/figure>\n<h2 class=\"Normal-P\" style=\"margin-bottom: 6pt; text-align: justify; text-justify: inter-ideograph; direction: ltr; unicode-bidi: normal;\"><span class=\"Normal-H\"><span style=\"font-weight: bold;\">29. &#8211; 31.Juli 2017, <\/span><span style=\"font-weight: bold;\">Illhorn<\/span><span style=\"font-weight: bold;\">, <\/span><span style=\"font-weight: bold;\">Bella <\/span><span style=\"font-weight: bold;\">Tola<\/span><span style=\"font-weight: bold;\">, Hotel Weisshorn, <\/span><span style=\"font-weight: bold;\">Zinal<\/span><\/span><\/h2>\n<p class=\"Normal-P\" style=\"margin-bottom: 6pt; text-align: justify; text-justify: inter-ideograph; direction: ltr; unicode-bidi: normal;\"><span class=\"Normal-H\">Diese dreit\u00e4gige Tour mit zwei Wanderfreundinnen bietete mir Gelegenheit, ein schon vor ca. zwanzig Jahre besuchte Gebiet, neu zu entdecken. Es wird bestimmt nicht mein letzter Besuch im Val d&#8217;Anniviers sein. Es ist ein traumhaft abgelegenes und idyllisches Tal, welches nicht nur durch die imposanten 4000er der \u00abcouronne imp\u00e9riale\u00bb besticht, sondern auch mit einigen einfachen Gipfel mit beachtlicher H\u00f6he und unglaublicher Aussicht aufwartet. Es z\u00e4hlt zu den sch\u00f6nsten Seitent\u00e4lern des Rh\u00f4netales. Schon die Auffahrt von Sierre nach Vissoie ist sehr eindrucksvoll und vor allem von Zinal aus kann auch der konditionsstarke &#8220;Normalwanderer&#8221; weit ins Hochgebirge gehen.<\/span><\/p>\n<p class=\"Normal-P\" style=\"margin-bottom: 6pt; text-align: justify; text-justify: inter-ideograph; direction: ltr; unicode-bidi: normal;\"><span class=\"Normal-H\">Die Bella Tola erreicht eine H\u00f6he von 3025 m \u00fc. M. und liegt zwischen Val d\u2019Anniviers und Turtmanntal und somit auf der Sprachgrenze. Es ist der n\u00f6rdlichste Punkt \u00fcber 3000 Meter in dieser Grat-Kette, die \u00fcber 10 Kilometer von den Diablons nach Norden f\u00fchrt und 2800 Meter nur einmal um 10 Meter unterschreitet. An der Nordflanke der Bella Tola liegt der kleine Bella-Tola-Gletscher, an der Westseite das kleine Skigebiet Saint-Luc Chandolin.<\/span><\/p>\n<h2 class=\"Normal-P\" style=\"margin-bottom: 6pt; text-align: justify; text-justify: inter-ideograph; direction: ltr; unicode-bidi: normal;\"><a href=\"http:\/\/www.adrianwood.ch\/?page_id=13368\"><span class=\"Normal-H\"><span style=\"font-weight: bold;\">29.Juli,<\/span> <span style=\"font-weight: bold;\">Illhorn<\/span><span style=\"font-weight: bold;\">, <\/span><span style=\"font-weight: bold;\">Tsap\u00e9<\/span><span style=\"font-weight: bold;\"> \u2013 <\/span><span style=\"font-weight: bold;\">Illhorn<\/span><span style=\"font-weight: bold;\"> &#8211; <\/span><span style=\"font-weight: bold;\">Cabane<\/span><span style=\"font-weight: bold;\"> Bella Tola<\/span><\/span><\/a><\/h2>\n<p class=\"Normal-P\" style=\"margin-bottom: 6pt; text-align: justify; text-justify: inter-ideograph; direction: ltr; unicode-bidi: normal;\"><span class=\"Normal-H\">9km, Aufstieg: 630m \/ Abstieg: 750m \/ Marschzeit: ca. 3h 30m<\/span><\/p>\n<h2 class=\"Normal-P\" style=\"margin-bottom: 6pt; text-align: justify; text-justify: inter-ideograph; direction: ltr; unicode-bidi: normal;\"><a href=\"http:\/\/www.adrianwood.ch\/?page_id=13372\"><span class=\"Normal-H\"><span style=\"font-weight: bold;\">30.Juli, Bella Tola, <\/span><span style=\"font-weight: bold;\">Cabane<\/span><span style=\"font-weight: bold;\"> Bella Tola \u2013 Bella Tola \u2013 Hotel <\/span><span style=\"font-weight: bold;\">Weisshorn<\/span><\/span><\/a><\/h2>\n<p class=\"Normal-P\" style=\"margin-bottom: 6pt; text-align: justify; text-justify: inter-ideograph; direction: ltr; unicode-bidi: normal;\"><span class=\"Normal-H\">12km,Aufstieg: 1000m \/ Abstieg: 1010m \/ Marschzeit: ca. 5h<\/span><\/p>\n<h2 class=\"Normal-P\" style=\"margin-bottom: 6pt; text-align: justify; text-justify: inter-ideograph; direction: ltr; unicode-bidi: normal;\"><a href=\"http:\/\/www.adrianwood.ch\/?page_id=13376\"><span class=\"Normal-H\"><span style=\"font-weight: bold;\">31.Juli, <\/span><span style=\"font-weight: bold;\">Zinal<\/span><span style=\"font-weight: bold;\"> H\u00f6henweg, Hotel Weisshorn \u2013 <\/span><span style=\"font-weight: bold;\">Barneuza<\/span><span style=\"font-weight: bold;\"> &#8211; <\/span><span style=\"font-weight: bold;\">Zinal<\/span><\/span><\/a><\/h2>\n<p class=\"Normal-P\" style=\"margin-bottom: 6pt; text-align: justify; text-justify: inter-ideograph; direction: ltr; unicode-bidi: normal;\"><span class=\"Normal-H\">12km,Aufstieg: 200m \/ Abstieg: 800 HM \/ Marschzeit: ca. 4h<\/span><\/p>\n<\/div>\n","protected":false},"excerpt":{"rendered":"<p>29. &#8211; 31.Juli 2017, Illhorn, Bella Tola, Hotel Weisshorn, Zinal Diese dreit\u00e4gige Tour mit zwei Wanderfreundinnen bietete mir Gelegenheit, ein schon vor ca. zwanzig Jahre besuchte Gebiet, neu zu entdecken. Es wird bestimmt nicht mein letzter Besuch im Val d&#8217;Anniviers sein. Es ist ein traumhaft abgelegenes und idyllisches Tal, welches nicht nur durch die imposanten &hellip; <a href=\"https:\/\/www.adrianwood.ch\/?page_id=13363\" class=\"more-link\">Continue reading <span class=\"screen-reader-text\">2017-07 Val d&#8217;Anniviers<\/span> <span class=\"meta-nav\">&rarr;<\/span><\/a><\/p>\n","protected":false},"author":1,"featured_media":0,"parent":136,"menu_order":1387,"comment_status":"closed","ping_status":"closed","template":"","meta":{"ngg_post_thumbnail":0,"footnotes":""},"class_list":["post-13363","page","type-page","status-publish","hentry"],"_links":{"self":[{"href":"https:\/\/www.adrianwood.ch\/index.php?rest_route=\/wp\/v2\/pages\/13363","targetHints":{"allow":["GET"]}}],"collection":[{"href":"https:\/\/www.adrianwood.ch\/index.php?rest_route=\/wp\/v2\/pages"}],"about":[{"href":"https:\/\/www.adrianwood.ch\/index.php?rest_route=\/wp\/v2\/types\/page"}],"author":[{"embeddable":true,"href":"https:\/\/www.adrianwood.ch\/index.php?rest_route=\/wp\/v2\/users\/1"}],"replies":[{"embeddable":true,"href":"https:\/\/www.adrianwood.ch\/index.php?rest_route=%2Fwp%2Fv2%2Fcomments&post=13363"}],"version-history":[{"count":5,"href":"https:\/\/www.adrianwood.ch\/index.php?rest_route=\/wp\/v2\/pages\/13363\/revisions"}],"predecessor-version":[{"id":13367,"href":"https:\/\/www.adrianwood.ch\/index.php?rest_route=\/wp\/v2\/pages\/13363\/revisions\/13367"}],"up":[{"embeddable":true,"href":"https:\/\/www.adrianwood.ch\/index.php?rest_route=\/wp\/v2\/pages\/136"}],"wp:attachment":[{"href":"https:\/\/www.adrianwood.ch\/index.php?rest_route=%2Fwp%2Fv2%2Fmedia&parent=13363"}],"curies":[{"name":"wp","href":"https:\/\/api.w.org\/{rel}","templated":true}]}}

<div class="pmdi_content_wrapper">
<figure id="attachment_13365" aria-describedby="caption-attachment-13365" style="width: 730px" class="wp-caption alignleft"><a href="http://www.adrianwood.ch/wp-content/uploads/2017/09/BEL_0135-3.jpg"><img loading="lazy" decoding="async" class="size-full wp-image-13365" src="http://www.adrianwood.ch/wp-content/uploads/2017/09/BEL_0135-3.jpg" alt="" height="428" width="730" srcset="https://www.adrianwood.ch/wp-content/uploads/2017/09/BEL_0135-3.jpg 730w, https://www.adrianwood.ch/wp-content/uploads/2017/09/BEL_0135-3-300x176.jpg 300w" sizes="auto, (max-width: 730px) 100vw, 730px" /></a><figcaption id="caption-attachment-13365" class="wp-caption-text">Weisshorn, Matterhorn und Dent Blanche vom Bella Tola Gipfel</figcaption></figure>
<h2 class="Normal-P" style="margin-bottom: 6pt; text-align: justify; text-justify: inter-ideograph; direction: ltr; unicode-bidi: normal;"><span class="Normal-H"><span style="font-weight: bold;">29. &#8211; 31.Juli 2017, </span><span style="font-weight: bold;">Illhorn</span><span style="font-weight: bold;">, </span><span style="font-weight: bold;">Bella </span><span style="font-weight: bold;">Tola</span><span style="font-weight: bold;">, Hotel Weisshorn, </span><span style="font-weight: bold;">Zinal</span></span></h2>
<p class="Normal-P" style="margin-bottom: 6pt; text-align: justify; text-justify: inter-ideograph; direction: ltr; unicode-bidi: normal;"><span class="Normal-H">Diese dreitägige Tour mit zwei Wanderfreundinnen bietete mir Gelegenheit, ein schon vor ca. zwanzig Jahre besuchte Gebiet, neu zu entdecken. Es wird bestimmt nicht mein letzter Besuch im Val d&#8217;Anniviers sein. Es ist ein traumhaft abgelegenes und idyllisches Tal, welches nicht nur durch die imposanten 4000er der «couronne impériale» besticht, sondern auch mit einigen einfachen Gipfel mit beachtlicher Höhe und unglaublicher Aussicht aufwartet. Es zählt zu den schönsten Seitentälern des Rhônetales. Schon die Auffahrt von Sierre nach Vissoie ist sehr eindrucksvoll und vor allem von Zinal aus kann auch der konditionsstarke &#8220;Normalwanderer&#8221; weit ins Hochgebirge gehen.</span></p>
<p class="Normal-P" style="margin-bottom: 6pt; text-align: justify; text-justify: inter-ideograph; direction: ltr; unicode-bidi: normal;"><span class="Normal-H">Die Bella Tola erreicht eine Höhe von 3025 m ü. M. und liegt zwischen Val d’Anniviers und Turtmanntal und somit auf der Sprachgrenze. Es ist der nördlichste Punkt über 3000 Meter in dieser Grat-Kette, die über 10 Kilometer von den Diablons nach Norden führt und 2800 Meter nur einmal um 10 Meter unterschreitet. An der Nordflanke der Bella Tola liegt der kleine Bella-Tola-Gletscher, an der Westseite das kleine Skigebiet Saint-Luc Chandolin.</span></p>
<h2 class="Normal-P" style="margin-bottom: 6pt; text-align: justify; text-justify: inter-ideograph; direction: ltr; unicode-bidi: normal;"><a href="http://www.adrianwood.ch/?page_id=13368"><span class="Normal-H"><span style="font-weight: bold;">29.Juli,</span> <span style="font-weight: bold;">Illhorn</span><span style="font-weight: bold;">, </span><span style="font-weight: bold;">Tsapé</span><span style="font-weight: bold;"> – </span><span style="font-weight: bold;">Illhorn</span><span style="font-weight: bold;"> &#8211; </span><span style="font-weight: bold;">Cabane</span><span style="font-weight: bold;"> Bella Tola</span></span></a></h2>
<p class="Normal-P" style="margin-bottom: 6pt; text-align: justify; text-justify: inter-ideograph; direction: ltr; unicode-bidi: normal;"><span class="Normal-H">9km, Aufstieg: 630m / Abstieg: 750m / Marschzeit: ca. 3h 30m</span></p>
<h2 class="Normal-P" style="margin-bottom: 6pt; text-align: justify; text-justify: inter-ideograph; direction: ltr; unicode-bidi: normal;"><a href="http://www.adrianwood.ch/?page_id=13372"><span class="Normal-H"><span style="font-weight: bold;">30.Juli, Bella Tola, </span><span style="font-weight: bold;">Cabane</span><span style="font-weight: bold;"> Bella Tola – Bella Tola – Hotel </span><span style="font-weight: bold;">Weisshorn</span></span></a></h2>
<p class="Normal-P" style="margin-bottom: 6pt; text-align: justify; text-justify: inter-ideograph; direction: ltr; unicode-bidi: normal;"><span class="Normal-H">12km,Aufstieg: 1000m / Abstieg: 1010m / Marschzeit: ca. 5h</span></p>
<h2 class="Normal-P" style="margin-bottom: 6pt; text-align: justify; text-justify: inter-ideograph; direction: ltr; unicode-bidi: normal;"><a href="http://www.adrianwood.ch/?page_id=13376"><span class="Normal-H"><span style="font-weight: bold;">31.Juli, </span><span style="font-weight: bold;">Zinal</span><span style="font-weight: bold;"> Höhenweg, Hotel Weisshorn – </span><span style="font-weight: bold;">Barneuza</span><span style="font-weight: bold;"> &#8211; </span><span style="font-weight: bold;">Zinal</span></span></a></h2>
<p class="Normal-P" style="margin-bottom: 6pt; text-align: justify; text-justify: inter-ideograph; direction: ltr; unicode-bidi: normal;"><span class="Normal-H">12km,Aufstieg: 200m / Abstieg: 800 HM / Marschzeit: ca. 4h</span></p>
</div>

<p>29. &#8211; 31.Juli 2017, Illhorn, Bella Tola, Hotel Weisshorn, Zinal Diese dreitägige Tour mit zwei Wanderfreundinnen bietete mir Gelegenheit, ein schon vor ca. zwanzig Jahre besuchte Gebiet, neu zu entdecken. Es wird bestimmt nicht mein letzter Besuch im Val d&#8217;Anniviers sein. Es ist ein traumhaft abgelegenes und idyllisches Tal, welches nicht nur durch die imposanten &hellip; <a href="https://www.adrianwood.ch/?page_id=13363" class="more-link">Continue reading <span class="screen-reader-text">2017-07 Val d&#8217;Anniviers</span> <span class="meta-nav">&rarr;</span></a></p>
