{"id":13372,"date":"2017-09-10T10:31:31","date_gmt":"2017-09-10T10:31:31","guid":{"rendered":"http:\/\/www.adrianwood.ch\/?page_id=13372"},"modified":"2017-09-10T10:44:29","modified_gmt":"2017-09-10T10:44:29","slug":"07-30-bella-tola","status":"publish","type":"page","link":"https:\/\/www.adrianwood.ch\/?page_id=13372","title":{"rendered":"07-30 Bella Tola"},"content":{"rendered":"<div class=\"pmdi_content_wrapper\">\n<figure id=\"attachment_13373\" aria-describedby=\"caption-attachment-13373\" style=\"width: 730px\" class=\"wp-caption alignleft\"><a href=\"http:\/\/www.adrianwood.ch\/wp-content\/uploads\/2017\/09\/BEL_0137-2.jpg\"><img loading=\"lazy\" decoding=\"async\" class=\"size-full wp-image-13373\" src=\"http:\/\/www.adrianwood.ch\/wp-content\/uploads\/2017\/09\/BEL_0137-2.jpg\" alt=\"\" height=\"487\" width=\"730\" srcset=\"https:\/\/www.adrianwood.ch\/wp-content\/uploads\/2017\/09\/BEL_0137-2.jpg 730w, https:\/\/www.adrianwood.ch\/wp-content\/uploads\/2017\/09\/BEL_0137-2-300x200.jpg 300w\" sizes=\"auto, (max-width: 730px) 100vw, 730px\" \/><\/a><figcaption id=\"caption-attachment-13373\" class=\"wp-caption-text\">auf dem Bella Tola Gipfel<\/figcaption><\/figure>\n<p class=\"Normal-P\" style=\"margin-bottom: 6pt; text-align: justify; text-justify: inter-ideograph; direction: ltr; unicode-bidi: normal;\"><span class=\"Normal-H\"><span style=\"font-weight: bold;\">30.Juli,<\/span><span style=\"font-weight: bold;\"> Bella Tola, <\/span><span style=\"font-weight: bold;\">Cabane<\/span><span style=\"font-weight: bold;\"> Bella Tola \u2013 Bella Tola \u2013 Hotel <\/span><span style=\"font-weight: bold;\">Weisshorn<\/span><\/span><\/p>\n<p class=\"Normal-P\" style=\"margin-bottom: 6pt; text-align: justify; text-justify: inter-ideograph; direction: ltr; unicode-bidi: normal;\"><span class=\"Normal-H\">12km,Aufstieg: 1000m \/ Abstieg: 1010m \/ Marschzeit: ca. 5h<\/span><\/p>\n<p class=\"Normal-P\" style=\"margin-bottom: 6pt; text-align: justify; text-justify: inter-ideograph; direction: ltr; unicode-bidi: normal;\"><span class=\"Normal-H\">Nach eine ruhige Nacht finden wir uns schon um 6h00 im Fr\u00fchst\u00fccksaal der Cabanne Bella Tola wieder. Die Speisen sind reichlich und lecker, nur sind sie teilweise noch verpackt, weil wir die einzigen waren die so fr\u00fch fr\u00fchst\u00fccken wollten. Der Blick zum Fenster liess hoffen: die pr\u00e4chtige Umgebung pr\u00e4sentierte sich uns in einem sch\u00f6nen weichen Morgenlicht. Angeblich sollte es aber im Laufe des Tages schlechter werden. Also marschieren wir um 7h10 los, in der Hoffnung, noch vor den Wetterumschwung \u00fcber den Berg zu sein.<\/span><\/p>\n<p class=\"Normal-P\" style=\"margin-bottom: 6pt; text-align: justify; text-justify: inter-ideograph; direction: ltr; unicode-bidi: normal;\"><span class=\"Normal-H\">In der Morgenstille erklimmten wir einige H\u00f6henmeter und erreichen, nach rund zwei Stunden, ein kleines Schutzh\u00fcttchen, wenig unterhalb der Krete. Hier trennte sich ungeplant die Gruppe: w\u00e4hrend zwei von uns auf den Gratpfad richtung Gipfel des Rothorns gerieten, stieg die Andere bereits zur Bella Tola 3025m auf. Der Gratpfad wurde doch zu luftig und die zwei liefen zur\u00fcck zum Normalweg. Wenig sp\u00e4ter, um 10h, wurden wir auf dem 3000er wieder vereint. Wir genossen ausgiebig das atemberaubende Panorama, schossen Fotos am Laufmeter und g\u00f6nnten uns ein wohlverdientes Gipfelmahl.<\/span><\/p>\n<p class=\"Normal-P\" style=\"margin-bottom: 6pt; text-align: justify; text-justify: inter-ideograph; direction: ltr; unicode-bidi: normal;\"><span class=\"Normal-H\">So sch\u00f6n es auf dem Gipfel auch war, m\u00fcssten wir langsam wieder los, denn die Wolken sammelten sich am Himmel und wir hatten doch noch einiges an Abstieg vor uns. Den stotzigen Weg runter zum Pas de Boeuf umgingen wir mit einer Traversierung des Schutthanges. Die Landschaft ist hier oben sehr karg, gepr\u00e4gt von Schutt, Fels und Schneefeldern. Letztere waren viel zahlreicher, als ich vor zwanzig Jahre \u00fcber dem Meidpass zugestiegen bin.<\/span><\/p>\n<p class=\"Normal-P\" style=\"margin-bottom: 6pt; text-align: justify; text-justify: inter-ideograph; direction: ltr; unicode-bidi: normal;\"><span class=\"Normal-H\">Bei den Lac de la Bella Tola ber\u00fchrten wir fast unser Aufstiegsweg. Es gab eine H\u00fctte und auch Leute am See, aber es war wirklich kein Badewetter mehr. Die Wolken sahen sch\u00f6n, aber bedrohlich aus. Hier wurde es langsam wieder gr\u00fcner und wir k\u00f6nnten die verschiedensten Bergblumen bestaunen. Vorbei am Lac de l\u2019Armina gelangten wir Richtung Meidpass. Schon kamen die ersten Tropfen und wir packten uns schnell wasserdicht ein. Wer an die Regenradar-Prognose geglaubt hatte, bekam wenig sp\u00e4ter um 14h Recht.<\/span><\/p>\n<p class=\"Normal-P\" style=\"margin-bottom: 6pt; text-align: justify; text-justify: inter-ideograph; direction: ltr; unicode-bidi: normal;\"><span class=\"Normal-H\">Es gab immer noch einen langen Abstieg \u00fcber zum Teil sehr feuchte Grassh\u00e4nge bis Le Chiesso 2198m, den wir um 16h erreichten. Gerade rechtzeitig, um uns unter einem Vordach im Schutz vom Hagel zu bringen. Weil uns noch ein fast 200m hohe Aufstieg bevorstand, haben wir den Hotel Weisshorn angerufen und gebeten uns zu holen. Sie kamen mit einem Fahrzeug und haben uns \u2018gerettet\u2019 \u2013 vielen Dank.<\/span><\/p>\n<p class=\"Normal-P\" style=\"margin-bottom: 6pt; text-align: justify; text-justify: inter-ideograph; direction: ltr; unicode-bidi: normal;\"><span class=\"Normal-H\">Das Hotel hatte sich, seit meinem letzten Besuch, kaum ge\u00e4ndert, aber es gab viel mehr Betrieb. Zur grossen \u00dcberraschung trafen wir zuf\u00e4lligerweise auf Freunde.<\/span><\/p>\nngg_shortcode_0_placeholder\n<\/div>\n","protected":false},"excerpt":{"rendered":"<p>30.Juli, Bella Tola, Cabane Bella Tola \u2013 Bella Tola \u2013 Hotel Weisshorn 12km,Aufstieg: 1000m \/ Abstieg: 1010m \/ Marschzeit: ca. 5h Nach eine ruhige Nacht finden wir uns schon um 6h00 im Fr\u00fchst\u00fccksaal der Cabanne Bella Tola wieder. Die Speisen sind reichlich und lecker, nur sind sie teilweise noch verpackt, weil wir die einzigen waren &hellip; <a href=\"https:\/\/www.adrianwood.ch\/?page_id=13372\" class=\"more-link\">Continue reading <span class=\"screen-reader-text\">07-30 Bella Tola<\/span> <span class=\"meta-nav\">&rarr;<\/span><\/a><\/p>\n","protected":false},"author":1,"featured_media":0,"parent":13363,"menu_order":1389,"comment_status":"closed","ping_status":"closed","template":"","meta":{"ngg_post_thumbnail":0,"footnotes":""},"class_list":["post-13372","page","type-page","status-publish","hentry"],"_links":{"self":[{"href":"https:\/\/www.adrianwood.ch\/index.php?rest_route=\/wp\/v2\/pages\/13372","targetHints":{"allow":["GET"]}}],"collection":[{"href":"https:\/\/www.adrianwood.ch\/index.php?rest_route=\/wp\/v2\/pages"}],"about":[{"href":"https:\/\/www.adrianwood.ch\/index.php?rest_route=\/wp\/v2\/types\/page"}],"author":[{"embeddable":true,"href":"https:\/\/www.adrianwood.ch\/index.php?rest_route=\/wp\/v2\/users\/1"}],"replies":[{"embeddable":true,"href":"https:\/\/www.adrianwood.ch\/index.php?rest_route=%2Fwp%2Fv2%2Fcomments&post=13372"}],"version-history":[{"count":3,"href":"https:\/\/www.adrianwood.ch\/index.php?rest_route=\/wp\/v2\/pages\/13372\/revisions"}],"predecessor-version":[{"id":13512,"href":"https:\/\/www.adrianwood.ch\/index.php?rest_route=\/wp\/v2\/pages\/13372\/revisions\/13512"}],"up":[{"embeddable":true,"href":"https:\/\/www.adrianwood.ch\/index.php?rest_route=\/wp\/v2\/pages\/13363"}],"wp:attachment":[{"href":"https:\/\/www.adrianwood.ch\/index.php?rest_route=%2Fwp%2Fv2%2Fmedia&parent=13372"}],"curies":[{"name":"wp","href":"https:\/\/api.w.org\/{rel}","templated":true}]}}

<div class="pmdi_content_wrapper">
<figure id="attachment_13373" aria-describedby="caption-attachment-13373" style="width: 730px" class="wp-caption alignleft"><a href="http://www.adrianwood.ch/wp-content/uploads/2017/09/BEL_0137-2.jpg"><img loading="lazy" decoding="async" class="size-full wp-image-13373" src="http://www.adrianwood.ch/wp-content/uploads/2017/09/BEL_0137-2.jpg" alt="" height="487" width="730" srcset="https://www.adrianwood.ch/wp-content/uploads/2017/09/BEL_0137-2.jpg 730w, https://www.adrianwood.ch/wp-content/uploads/2017/09/BEL_0137-2-300x200.jpg 300w" sizes="auto, (max-width: 730px) 100vw, 730px" /></a><figcaption id="caption-attachment-13373" class="wp-caption-text">auf dem Bella Tola Gipfel</figcaption></figure>
<p class="Normal-P" style="margin-bottom: 6pt; text-align: justify; text-justify: inter-ideograph; direction: ltr; unicode-bidi: normal;"><span class="Normal-H"><span style="font-weight: bold;">30.Juli,</span><span style="font-weight: bold;"> Bella Tola, </span><span style="font-weight: bold;">Cabane</span><span style="font-weight: bold;"> Bella Tola – Bella Tola – Hotel </span><span style="font-weight: bold;">Weisshorn</span></span></p>
<p class="Normal-P" style="margin-bottom: 6pt; text-align: justify; text-justify: inter-ideograph; direction: ltr; unicode-bidi: normal;"><span class="Normal-H">12km,Aufstieg: 1000m / Abstieg: 1010m / Marschzeit: ca. 5h</span></p>
<p class="Normal-P" style="margin-bottom: 6pt; text-align: justify; text-justify: inter-ideograph; direction: ltr; unicode-bidi: normal;"><span class="Normal-H">Nach eine ruhige Nacht finden wir uns schon um 6h00 im Frühstücksaal der Cabanne Bella Tola wieder. Die Speisen sind reichlich und lecker, nur sind sie teilweise noch verpackt, weil wir die einzigen waren die so früh frühstücken wollten. Der Blick zum Fenster liess hoffen: die prächtige Umgebung präsentierte sich uns in einem schönen weichen Morgenlicht. Angeblich sollte es aber im Laufe des Tages schlechter werden. Also marschieren wir um 7h10 los, in der Hoffnung, noch vor den Wetterumschwung über den Berg zu sein.</span></p>
<p class="Normal-P" style="margin-bottom: 6pt; text-align: justify; text-justify: inter-ideograph; direction: ltr; unicode-bidi: normal;"><span class="Normal-H">In der Morgenstille erklimmten wir einige Höhenmeter und erreichen, nach rund zwei Stunden, ein kleines Schutzhüttchen, wenig unterhalb der Krete. Hier trennte sich ungeplant die Gruppe: während zwei von uns auf den Gratpfad richtung Gipfel des Rothorns gerieten, stieg die Andere bereits zur Bella Tola 3025m auf. Der Gratpfad wurde doch zu luftig und die zwei liefen zurück zum Normalweg. Wenig später, um 10h, wurden wir auf dem 3000er wieder vereint. Wir genossen ausgiebig das atemberaubende Panorama, schossen Fotos am Laufmeter und gönnten uns ein wohlverdientes Gipfelmahl.</span></p>
<p class="Normal-P" style="margin-bottom: 6pt; text-align: justify; text-justify: inter-ideograph; direction: ltr; unicode-bidi: normal;"><span class="Normal-H">So schön es auf dem Gipfel auch war, müssten wir langsam wieder los, denn die Wolken sammelten sich am Himmel und wir hatten doch noch einiges an Abstieg vor uns. Den stotzigen Weg runter zum Pas de Boeuf umgingen wir mit einer Traversierung des Schutthanges. Die Landschaft ist hier oben sehr karg, geprägt von Schutt, Fels und Schneefeldern. Letztere waren viel zahlreicher, als ich vor zwanzig Jahre über dem Meidpass zugestiegen bin.</span></p>
<p class="Normal-P" style="margin-bottom: 6pt; text-align: justify; text-justify: inter-ideograph; direction: ltr; unicode-bidi: normal;"><span class="Normal-H">Bei den Lac de la Bella Tola berührten wir fast unser Aufstiegsweg. Es gab eine Hütte und auch Leute am See, aber es war wirklich kein Badewetter mehr. Die Wolken sahen schön, aber bedrohlich aus. Hier wurde es langsam wieder grüner und wir könnten die verschiedensten Bergblumen bestaunen. Vorbei am Lac de l’Armina gelangten wir Richtung Meidpass. Schon kamen die ersten Tropfen und wir packten uns schnell wasserdicht ein. Wer an die Regenradar-Prognose geglaubt hatte, bekam wenig später um 14h Recht.</span></p>
<p class="Normal-P" style="margin-bottom: 6pt; text-align: justify; text-justify: inter-ideograph; direction: ltr; unicode-bidi: normal;"><span class="Normal-H">Es gab immer noch einen langen Abstieg über zum Teil sehr feuchte Grasshänge bis Le Chiesso 2198m, den wir um 16h erreichten. Gerade rechtzeitig, um uns unter einem Vordach im Schutz vom Hagel zu bringen. Weil uns noch ein fast 200m hohe Aufstieg bevorstand, haben wir den Hotel Weisshorn angerufen und gebeten uns zu holen. Sie kamen mit einem Fahrzeug und haben uns ‘gerettet’ – vielen Dank.</span></p>
<p class="Normal-P" style="margin-bottom: 6pt; text-align: justify; text-justify: inter-ideograph; direction: ltr; unicode-bidi: normal;"><span class="Normal-H">Das Hotel hatte sich, seit meinem letzten Besuch, kaum geändert, aber es gab viel mehr Betrieb. Zur grossen Überraschung trafen wir zufälligerweise auf Freunde.</span></p>
ngg_shortcode_0_placeholder
</div>

<p>30.Juli, Bella Tola, Cabane Bella Tola – Bella Tola – Hotel Weisshorn 12km,Aufstieg: 1000m / Abstieg: 1010m / Marschzeit: ca. 5h Nach eine ruhige Nacht finden wir uns schon um 6h00 im Frühstücksaal der Cabanne Bella Tola wieder. Die Speisen sind reichlich und lecker, nur sind sie teilweise noch verpackt, weil wir die einzigen waren &hellip; <a href="https://www.adrianwood.ch/?page_id=13372" class="more-link">Continue reading <span class="screen-reader-text">07-30 Bella Tola</span> <span class="meta-nav">&rarr;</span></a></p>
