{"id":1341,"date":"2011-07-25T09:59:52","date_gmt":"2011-07-25T08:59:52","guid":{"rendered":"http:\/\/adrianwood.ch\/?page_id=1341"},"modified":"2011-07-25T09:59:52","modified_gmt":"2011-07-25T08:59:52","slug":"paklenica-nationalpark","status":"publish","type":"page","link":"https:\/\/www.adrianwood.ch\/?page_id=1341","title":{"rendered":"Paklenica Nationalpark"},"content":{"rendered":"<figure id=\"attachment_1342\" aria-describedby=\"caption-attachment-1342\" style=\"width: 720px\" class=\"wp-caption alignleft\"><a href=\"http:\/\/adrianwood.ch\/club-holidays\/2011-05-croatia\/paklenica-nationalpark\/pak_0760_r\/\" rel=\"attachment wp-att-1342\"><img loading=\"lazy\" decoding=\"async\" class=\"size-full wp-image-1342\" title=\"PAK_0760_r\" src=\"http:\/\/adrianwood.ch\/wp-content\/uploads\/2011\/07\/PAK_0760_r.jpg\" alt=\"im Velika Paklenica\" width=\"720\" height=\"478\" \/><\/a><figcaption id=\"caption-attachment-1342\" class=\"wp-caption-text\">im Velika Paklenica<\/figcaption><\/figure>\n<p>&nbsp;<\/p>\n<h1><strong><span style=\"font-family: Times New Roman;\">Paklenica Nationalpark &#8211; <span style=\"font-family: Times New Roman;\">Programm und Bilder<\/span><\/span><\/strong><\/h1>\n<p style=\"text-align: justify;\"><span style=\"font-family: Times New Roman;\"><strong>20.Mai: <\/strong>Nach dem Fr\u00fchst\u00fcck gegen 9.00 Uhr Ausschiffung. Bustransfer nach <strong>Starigrad Paklenica<\/strong> wo wir ein Hotel f\u00fcr die n\u00e4chsten vier Tage beziehen werden. Unterwegs haben wir die M\u00f6glichkeit die venezianisch-gepr\u00e4gte Stadt von <strong>Zadar<\/strong> mit ihrer 2000j\u00e4hrigen Geschichte kennen zu lernen. Sie ist bekannt f\u00fcr die \u00dcberreste des romanischen Forums, den Dom, die Kirche des Hl. Donats und ein Meeresorgel, die durch Wellenbewegungen Musik erzeugt.<\/span><\/p>\n<p style=\"text-align: justify;\"><span style=\"font-family: Times New Roman;\">Das kleine Familienhotel \u201eRajna\u201c befindet sich an der Adriatischen K\u00fcstenstra\u00dfe, in der n\u00e4heren Umgebung des Nationalparks Paklenica. Es ist ein traditioneller Treffpunkt f\u00fcr Bergsteiger und Naturliebhaber die die Verbindung von See und den Bergen zu sch\u00e4tzen wissen. Unser Gastgeber, Marin, kann uns gut beraten \u00fcber unsere Wanderungen und Ausfl\u00fcge.<\/span><\/p>\n<p style=\"text-align: justify;\"><span style=\"font-family: Times New Roman;\"><strong>21.Mai:<\/strong> Die Hochebene Veliko Rujno wird umrahmt von spektakul\u00e4ren Karstformationen, Gipfeln und W\u00e4ldern. Im Fr\u00fchling bl\u00fchen hier Orchideen und andere seltenen Blumen. Am Ende einer Schotterstrasse wandern wir durch die Macchia an seltsamen Felsen vorbei. Dann geht es hinauf \u00fcber Felsplatten zum Pass\u00fcbergang bis unter die Felsnase <strong>Boijn Kuk<\/strong>. Angelangt auf dem h\u00f6chsten Punkt der Wanderung (1001 m) werden wir durch eine ph\u00e4nomenale Fernsicht auf die langgezogene K\u00fcste von Kroatien bis nach Split und in Norden nach Zadar belohnt.<\/span><\/p>\n<p style=\"text-align: justify;\"><em><span style=\"font-family: Times New Roman;\">Wanderzeit ca. 4:30 Stunden, Aufstieg 400 m, Abstieg 200 m<\/span><\/em><\/p>\n<p style=\"text-align: justify;\"><span style=\"font-family: Times New Roman;\"><strong>22.Mai:<\/strong> Die zweite Wanderung im Nationalpark Paklenica f\u00fchrt uns durch den Velika Paklenica vorbei an senkrechten Felsw\u00e4nden auf den 1118 m hohen Berg <strong>Crni Vrh<\/strong> (\u201eSchwarze Spitze\u201c). Von hier haben wir einen wundersch\u00f6nen Blick auf die blaue Adria, die schroffen Felsw\u00e4nde des karstigen Gebirges und das Gr\u00fcn der T\u00e4ler bis hinein nach Bosnien-Herzegowina.<\/span><\/p>\n<p style=\"text-align: justify;\"><span style=\"font-family: Times New Roman;\"><em>Wanderzeit ca. 7 Stunden, Auf- und Abstieg \u00a0jeweils 1100 m. <\/em><em>Abk\u00fcrzung (ohne Gipfel) auf ca. 5 Std. m\u00f6glich.<\/em><\/span><\/p>\n<p style=\"text-align: justify;\"><span style=\"font-family: Times New Roman;\">Oder <strong>Mala Paklenica<\/strong>, der kleine Bruder des Velika Paklenica. Der Mensch ist hier ein relativ seltener Gast und taucht ein in eine Welt voller Str\u00e4ucher und B\u00fcsche, Wildb\u00e4che, H\u00f6hlen und riesiger Felsbl\u00f6cke. Die Begehbarkeit dieser Schlucht h\u00e4ngt vom Wasserstand ab. Schwierige Stellen werden durch Fixseile erleichtert, aber es erfordert trotzdem eine gewisse Gewandtheit sie zu \u00fcberwinden.<\/span><\/p>\n<p style=\"text-align: justify;\"><span style=\"font-family: Times New Roman;\"><em>Wanderzeit ca. 6 Stunden, Auf- und Abstieg \u00a0jeweils 750 m.<\/em><\/span><\/p>\n<p style=\"text-align: justify;\"><span style=\"font-family: Times New Roman;\"><strong>22.Mai:<\/strong> Der <strong>Sveto Brdo<\/strong> ist mit seine 1750 m der zweith\u00f6chste Punkt des Paklenica Gebirges. Er liegt knapp ausserhalb des Nationalparks und seine kahlen Flanken bilden einen starken Kontrast zu den dicht bewaldeten H\u00e4ngen im Park. Um ihn zu besteigen ben\u00f6tigen wir zuerst eine abenteuerliche Jeepfahrt.<\/span><\/p>\n<p style=\"text-align: justify;\"><span style=\"font-family: Times New Roman;\"><em>Wanderzeit ca. 6 Stunden, Auf- und Abstieg \u00a0jeweils 1000 m.<\/em><\/span><\/p>\n<p style=\"text-align: justify;\"><span style=\"font-family: Times New Roman;\">Oder <strong>Foto Safari<\/strong>. Viele attraktive Punkte im Gebiet von Velebit k\u00f6nnen nur mittels Gel\u00e4ndefahrzeugen erreicht werden. Wir werden Tulove Grede und die Schlucht des Flusses Zrmanja besuchen \u2013 Orte wo die legend\u00e4ren Winnetou-Filme entstanden. Entlang historischer Velebit-Strassen fahren wir zum Kloster von Krupa. Die Quelle von Krnjeza, dem k\u00fcrzesten Fluss Kroatiens, befindet sich am Ende einer 60 m tiefen Grotte und ist mit Kalkspatvorh\u00e4ngen und Eiszapfen am Eingang der Grotte geschm\u00fcckt. Nach nur 600 m fliesst die Krnjeza in die Zrmanja.<\/span><\/p>\n<p style=\"text-align: justify;\"><span style=\"font-family: Times New Roman;\">ngg_shortcode_0_placeholder<\/span><\/p>\n","protected":false},"excerpt":{"rendered":"<p>&nbsp; Paklenica Nationalpark &#8211; Programm und Bilder 20.Mai: Nach dem Fr\u00fchst\u00fcck gegen 9.00 Uhr Ausschiffung. Bustransfer nach Starigrad Paklenica wo wir ein Hotel f\u00fcr die n\u00e4chsten vier Tage beziehen werden. Unterwegs haben wir die M\u00f6glichkeit die venezianisch-gepr\u00e4gte Stadt von Zadar mit ihrer 2000j\u00e4hrigen Geschichte kennen zu lernen. Sie ist bekannt f\u00fcr die \u00dcberreste des romanischen &hellip; <a href=\"https:\/\/www.adrianwood.ch\/?page_id=1341\" class=\"more-link\">Continue reading <span class=\"screen-reader-text\">Paklenica Nationalpark<\/span> <span class=\"meta-nav\">&rarr;<\/span><\/a><\/p>\n","protected":false},"author":1,"featured_media":0,"parent":1262,"menu_order":2393,"comment_status":"closed","ping_status":"closed","template":"","meta":{"ngg_post_thumbnail":0,"footnotes":""},"class_list":["post-1341","page","type-page","status-publish","hentry"],"_links":{"self":[{"href":"https:\/\/www.adrianwood.ch\/index.php?rest_route=\/wp\/v2\/pages\/1341","targetHints":{"allow":["GET"]}}],"collection":[{"href":"https:\/\/www.adrianwood.ch\/index.php?rest_route=\/wp\/v2\/pages"}],"about":[{"href":"https:\/\/www.adrianwood.ch\/index.php?rest_route=\/wp\/v2\/types\/page"}],"author":[{"embeddable":true,"href":"https:\/\/www.adrianwood.ch\/index.php?rest_route=\/wp\/v2\/users\/1"}],"replies":[{"embeddable":true,"href":"https:\/\/www.adrianwood.ch\/index.php?rest_route=%2Fwp%2Fv2%2Fcomments&post=1341"}],"version-history":[{"count":0,"href":"https:\/\/www.adrianwood.ch\/index.php?rest_route=\/wp\/v2\/pages\/1341\/revisions"}],"up":[{"embeddable":true,"href":"https:\/\/www.adrianwood.ch\/index.php?rest_route=\/wp\/v2\/pages\/1262"}],"wp:attachment":[{"href":"https:\/\/www.adrianwood.ch\/index.php?rest_route=%2Fwp%2Fv2%2Fmedia&parent=1341"}],"curies":[{"name":"wp","href":"https:\/\/api.w.org\/{rel}","templated":true}]}}

<figure id="attachment_1342" aria-describedby="caption-attachment-1342" style="width: 720px" class="wp-caption alignleft"><a href="http://adrianwood.ch/club-holidays/2011-05-croatia/paklenica-nationalpark/pak_0760_r/" rel="attachment wp-att-1342"><img loading="lazy" decoding="async" class="size-full wp-image-1342" title="PAK_0760_r" src="http://adrianwood.ch/wp-content/uploads/2011/07/PAK_0760_r.jpg" alt="im Velika Paklenica" width="720" height="478" /></a><figcaption id="caption-attachment-1342" class="wp-caption-text">im Velika Paklenica</figcaption></figure>
<p>&nbsp;</p>
<h1><strong><span style="font-family: Times New Roman;">Paklenica Nationalpark &#8211; <span style="font-family: Times New Roman;">Programm und Bilder</span></span></strong></h1>
<p style="text-align: justify;"><span style="font-family: Times New Roman;"><strong>20.Mai: </strong>Nach dem Frühstück gegen 9.00 Uhr Ausschiffung. Bustransfer nach <strong>Starigrad Paklenica</strong> wo wir ein Hotel für die nächsten vier Tage beziehen werden. Unterwegs haben wir die Möglichkeit die venezianisch-geprägte Stadt von <strong>Zadar</strong> mit ihrer 2000jährigen Geschichte kennen zu lernen. Sie ist bekannt für die Überreste des romanischen Forums, den Dom, die Kirche des Hl. Donats und ein Meeresorgel, die durch Wellenbewegungen Musik erzeugt.</span></p>
<p style="text-align: justify;"><span style="font-family: Times New Roman;">Das kleine Familienhotel „Rajna“ befindet sich an der Adriatischen Küstenstraße, in der näheren Umgebung des Nationalparks Paklenica. Es ist ein traditioneller Treffpunkt für Bergsteiger und Naturliebhaber die die Verbindung von See und den Bergen zu schätzen wissen. Unser Gastgeber, Marin, kann uns gut beraten über unsere Wanderungen und Ausflüge.</span></p>
<p style="text-align: justify;"><span style="font-family: Times New Roman;"><strong>21.Mai:</strong> Die Hochebene Veliko Rujno wird umrahmt von spektakulären Karstformationen, Gipfeln und Wäldern. Im Frühling blühen hier Orchideen und andere seltenen Blumen. Am Ende einer Schotterstrasse wandern wir durch die Macchia an seltsamen Felsen vorbei. Dann geht es hinauf über Felsplatten zum Passübergang bis unter die Felsnase <strong>Boijn Kuk</strong>. Angelangt auf dem höchsten Punkt der Wanderung (1001 m) werden wir durch eine phänomenale Fernsicht auf die langgezogene Küste von Kroatien bis nach Split und in Norden nach Zadar belohnt.</span></p>
<p style="text-align: justify;"><em><span style="font-family: Times New Roman;">Wanderzeit ca. 4:30 Stunden, Aufstieg 400 m, Abstieg 200 m</span></em></p>
<p style="text-align: justify;"><span style="font-family: Times New Roman;"><strong>22.Mai:</strong> Die zweite Wanderung im Nationalpark Paklenica führt uns durch den Velika Paklenica vorbei an senkrechten Felswänden auf den 1118 m hohen Berg <strong>Crni Vrh</strong> („Schwarze Spitze“). Von hier haben wir einen wunderschönen Blick auf die blaue Adria, die schroffen Felswände des karstigen Gebirges und das Grün der Täler bis hinein nach Bosnien-Herzegowina.</span></p>
<p style="text-align: justify;"><span style="font-family: Times New Roman;"><em>Wanderzeit ca. 7 Stunden, Auf- und Abstieg  jeweils 1100 m. </em><em>Abkürzung (ohne Gipfel) auf ca. 5 Std. möglich.</em></span></p>
<p style="text-align: justify;"><span style="font-family: Times New Roman;">Oder <strong>Mala Paklenica</strong>, der kleine Bruder des Velika Paklenica. Der Mensch ist hier ein relativ seltener Gast und taucht ein in eine Welt voller Sträucher und Büsche, Wildbäche, Höhlen und riesiger Felsblöcke. Die Begehbarkeit dieser Schlucht hängt vom Wasserstand ab. Schwierige Stellen werden durch Fixseile erleichtert, aber es erfordert trotzdem eine gewisse Gewandtheit sie zu überwinden.</span></p>
<p style="text-align: justify;"><span style="font-family: Times New Roman;"><em>Wanderzeit ca. 6 Stunden, Auf- und Abstieg  jeweils 750 m.</em></span></p>
<p style="text-align: justify;"><span style="font-family: Times New Roman;"><strong>22.Mai:</strong> Der <strong>Sveto Brdo</strong> ist mit seine 1750 m der zweithöchste Punkt des Paklenica Gebirges. Er liegt knapp ausserhalb des Nationalparks und seine kahlen Flanken bilden einen starken Kontrast zu den dicht bewaldeten Hängen im Park. Um ihn zu besteigen benötigen wir zuerst eine abenteuerliche Jeepfahrt.</span></p>
<p style="text-align: justify;"><span style="font-family: Times New Roman;"><em>Wanderzeit ca. 6 Stunden, Auf- und Abstieg  jeweils 1000 m.</em></span></p>
<p style="text-align: justify;"><span style="font-family: Times New Roman;">Oder <strong>Foto Safari</strong>. Viele attraktive Punkte im Gebiet von Velebit können nur mittels Geländefahrzeugen erreicht werden. Wir werden Tulove Grede und die Schlucht des Flusses Zrmanja besuchen – Orte wo die legendären Winnetou-Filme entstanden. Entlang historischer Velebit-Strassen fahren wir zum Kloster von Krupa. Die Quelle von Krnjeza, dem kürzesten Fluss Kroatiens, befindet sich am Ende einer 60 m tiefen Grotte und ist mit Kalkspatvorhängen und Eiszapfen am Eingang der Grotte geschmückt. Nach nur 600 m fliesst die Krnjeza in die Zrmanja.</span></p>
<p style="text-align: justify;"><span style="font-family: Times New Roman;">ngg_shortcode_0_placeholder</span></p>

<p>&nbsp; Paklenica Nationalpark &#8211; Programm und Bilder 20.Mai: Nach dem Frühstück gegen 9.00 Uhr Ausschiffung. Bustransfer nach Starigrad Paklenica wo wir ein Hotel für die nächsten vier Tage beziehen werden. Unterwegs haben wir die Möglichkeit die venezianisch-geprägte Stadt von Zadar mit ihrer 2000jährigen Geschichte kennen zu lernen. Sie ist bekannt für die Überreste des romanischen &hellip; <a href="https://www.adrianwood.ch/?page_id=1341" class="more-link">Continue reading <span class="screen-reader-text">Paklenica Nationalpark</span> <span class="meta-nav">&rarr;</span></a></p>
