{"id":1376,"date":"2011-07-25T13:03:32","date_gmt":"2011-07-25T12:03:32","guid":{"rendered":"http:\/\/adrianwood.ch\/?page_id=1376"},"modified":"2011-07-25T13:03:32","modified_gmt":"2011-07-25T12:03:32","slug":"krka-cetina","status":"publish","type":"page","link":"https:\/\/www.adrianwood.ch\/?page_id=1376","title":{"rendered":"Krka und Cetina Fl\u00fcsse"},"content":{"rendered":"<h1><\/h1>\n<dl id=\"attachment_1377\" class=\"wp-caption alignleft\" style=\"width: 730px;\">\n<dt class=\"wp-caption-dt\"><a href=\"http:\/\/adrianwood.ch\/club-holidays\/2011-05-croatia\/krka-cetina\/vor_1237_r\/\" rel=\"attachment wp-att-1377\"><img loading=\"lazy\" decoding=\"async\" class=\"size-full wp-image-1377\" title=\"VOR_1237_r\" src=\"http:\/\/adrianwood.ch\/wp-content\/uploads\/2011\/07\/VOR_1237_r.jpg\" alt=\"Blick auf Omis\" width=\"720\" height=\"478\" \/><\/a><\/dt>\n<dd class=\"wp-caption-dd\">Blick auf Omis<\/dd>\n<\/dl>\n<h2 class=\"mceTemp\"><strong><span style=\"font-family: Times New Roman;\">Krka und Cetina Fl\u00fcsse &#8211; <span style=\"font-family: Times New Roman;\">Programm und Bilder<\/span><\/span><\/strong><\/h2>\n<p style=\"text-align: justify;\"><span style=\"font-family: Times New Roman;\"><strong>24.Mai:<\/strong> Wir verlassen Starigrad und fahren durch Skradin zum <strong>Krka<\/strong> National Park. Der Krka Fluss ist wegen seiner zahlreichen Wasserf\u00e4lle ber\u00fchmt, die, wie auch die Plitwitzer Seen, durch die Ablagerung des Travertin, einer besonderen Kalksteinart, entstanden sind. Wanderung durch die romantische Fluss- und Seenlandschaft. Weiterfahrt nach <strong>Omis<\/strong> s\u00fcdlich von Split am Anfang der Makarska Riviera, wo wir unser sch\u00f6n gelegenes Hotel am Nachmittag erreichen. <em>Wanderzeit ca. 1.5 Std.<\/em><\/span><\/p>\n<p style=\"text-align: justify;\"><span style=\"font-family: Times New Roman;\"><strong>25.Mai:<\/strong> Wanderung im Omiska Dinara-Gebirge auf Ziegenpfaden, vorbei an der Burg Fortica und durch das Bergdorf Borak auf den h\u00f6chsten Berg des Dinara-Gebirges, den <strong>Kula <\/strong>(863 m). Geniessen wir von hier den einmaligen Blick auf die Inseln Brac, Hvar, Korcula und ins Hinterland bis nach Bosnien-Herzegowina. Durch Pinien- und Kiefernw\u00e4lder steigen wir hinab ins Dorf Podespilije.<\/span><\/p>\n<p style=\"text-align: justify;\"><span style=\"font-family: Times New Roman;\"><em>Wanderzeit ca. 6 Stunden, Aufstieg 900 m, Abstieg 700 m.<\/em> <em>Abk\u00fcrzung (ohne Gipfel) auf ca. 4.5 Std. m\u00f6glich.<\/em><\/span><\/p>\n<p style=\"text-align: justify;\"><span style=\"font-family: Times New Roman;\"><strong>26.Mai:<\/strong> Wanderung zur <strong>Cetinaschlucht<\/strong>. Von dem kleinen Bergdorf Kostanje wandern wir auf der Hochebene an Wein- und Olivenfeldern vorbei und steigen hinab in den Canyon zu den Ufern der gr\u00fcnen Cetina. Unterwegs besichtigen wir eine alte Getreidem\u00fchle und fahren anschlie\u00dfend zu einer abgelegenen Konoba, eine Versetzung in vergangenen Zeiten. <em>Wanderzeit ca. 3 Std.<\/em><\/span><\/p>\n<p style=\"text-align: justify;\"><span style=\"font-family: Times New Roman;\">Oder Wanderung im <strong>Biokovo-Gebirge<\/strong>. \u00dcber einen wundersch\u00f6nen H\u00f6henweg, oberhalb der K\u00fcste, wandern wir durch die schroffe Felslandschaft und verlassene Bergd\u00f6rfer mit herrlichem Ausblick auf die Adria, das alte St\u00e4dtchen Makarska und seine vorgelagerten Inseln zum Botanischen Garten, der die Vielfalt der Pflanzen und Kr\u00e4uter des Karstgebirges zeigt, hinab in den Ort Tucepi. <em>Wanderzeit ca. 4-5 Std.<\/em><\/span><\/p>\n<p style=\"text-align: justify;\"><span style=\"font-family: Times New Roman;\"><strong>27.Mai:<\/strong> Kurze Fahrt entlang der K\u00fcste zur\u00fcck nach <strong>Trogir<\/strong> zu unserer letzten Hotelunterkunft. Nochmals gibt es eine Chance diese sch\u00f6ne Mittelalterliche Stadt zu geniessen. Wir lassen unsere Ferien in alle Ruhe individuell ausklingen mit einem Drink oder einem feinem Essen auf einem der vielen kleinen Piazzas. Die Souvenirl\u00e4den werden wir wahrscheinlich auch nicht ganz ausser Acht lassen.<\/span><\/p>\n<p style=\"text-align: justify;\"><span style=\"font-family: Times New Roman;\"><strong>28.Mai:<\/strong> Fr\u00fch morgens ganz kurzer Transfer zum Flughafen und Abflug nach <strong>Z\u00fcrich<\/strong>.<\/span><\/p>\n<p style=\"text-align: justify;\"><span style=\"font-family: Times New Roman;\">ngg_shortcode_0_placeholder<\/span><\/p>\n","protected":false},"excerpt":{"rendered":"<p>Blick auf Omis Krka und Cetina Fl\u00fcsse &#8211; Programm und Bilder 24.Mai: Wir verlassen Starigrad und fahren durch Skradin zum Krka National Park. Der Krka Fluss ist wegen seiner zahlreichen Wasserf\u00e4lle ber\u00fchmt, die, wie auch die Plitwitzer Seen, durch die Ablagerung des Travertin, einer besonderen Kalksteinart, entstanden sind. Wanderung durch die romantische Fluss- und Seenlandschaft. &hellip; <a href=\"https:\/\/www.adrianwood.ch\/?page_id=1376\" class=\"more-link\">Continue reading <span class=\"screen-reader-text\">Krka und Cetina Fl\u00fcsse<\/span> <span class=\"meta-nav\">&rarr;<\/span><\/a><\/p>\n","protected":false},"author":1,"featured_media":0,"parent":1262,"menu_order":2400,"comment_status":"closed","ping_status":"closed","template":"","meta":{"ngg_post_thumbnail":0,"footnotes":""},"class_list":["post-1376","page","type-page","status-publish","hentry"],"_links":{"self":[{"href":"https:\/\/www.adrianwood.ch\/index.php?rest_route=\/wp\/v2\/pages\/1376","targetHints":{"allow":["GET"]}}],"collection":[{"href":"https:\/\/www.adrianwood.ch\/index.php?rest_route=\/wp\/v2\/pages"}],"about":[{"href":"https:\/\/www.adrianwood.ch\/index.php?rest_route=\/wp\/v2\/types\/page"}],"author":[{"embeddable":true,"href":"https:\/\/www.adrianwood.ch\/index.php?rest_route=\/wp\/v2\/users\/1"}],"replies":[{"embeddable":true,"href":"https:\/\/www.adrianwood.ch\/index.php?rest_route=%2Fwp%2Fv2%2Fcomments&post=1376"}],"version-history":[{"count":0,"href":"https:\/\/www.adrianwood.ch\/index.php?rest_route=\/wp\/v2\/pages\/1376\/revisions"}],"up":[{"embeddable":true,"href":"https:\/\/www.adrianwood.ch\/index.php?rest_route=\/wp\/v2\/pages\/1262"}],"wp:attachment":[{"href":"https:\/\/www.adrianwood.ch\/index.php?rest_route=%2Fwp%2Fv2%2Fmedia&parent=1376"}],"curies":[{"name":"wp","href":"https:\/\/api.w.org\/{rel}","templated":true}]}}

Krka und Cetina Flüsse

<h1></h1>
<dl id="attachment_1377" class="wp-caption alignleft" style="width: 730px;">
<dt class="wp-caption-dt"><a href="http://adrianwood.ch/club-holidays/2011-05-croatia/krka-cetina/vor_1237_r/" rel="attachment wp-att-1377"><img loading="lazy" decoding="async" class="size-full wp-image-1377" title="VOR_1237_r" src="http://adrianwood.ch/wp-content/uploads/2011/07/VOR_1237_r.jpg" alt="Blick auf Omis" width="720" height="478" /></a></dt>
<dd class="wp-caption-dd">Blick auf Omis</dd>
</dl>
<h2 class="mceTemp"><strong><span style="font-family: Times New Roman;">Krka und Cetina Flüsse &#8211; <span style="font-family: Times New Roman;">Programm und Bilder</span></span></strong></h2>
<p style="text-align: justify;"><span style="font-family: Times New Roman;"><strong>24.Mai:</strong> Wir verlassen Starigrad und fahren durch Skradin zum <strong>Krka</strong> National Park. Der Krka Fluss ist wegen seiner zahlreichen Wasserfälle berühmt, die, wie auch die Plitwitzer Seen, durch die Ablagerung des Travertin, einer besonderen Kalksteinart, entstanden sind. Wanderung durch die romantische Fluss- und Seenlandschaft. Weiterfahrt nach <strong>Omis</strong> südlich von Split am Anfang der Makarska Riviera, wo wir unser schön gelegenes Hotel am Nachmittag erreichen. <em>Wanderzeit ca. 1.5 Std.</em></span></p>
<p style="text-align: justify;"><span style="font-family: Times New Roman;"><strong>25.Mai:</strong> Wanderung im Omiska Dinara-Gebirge auf Ziegenpfaden, vorbei an der Burg Fortica und durch das Bergdorf Borak auf den höchsten Berg des Dinara-Gebirges, den <strong>Kula </strong>(863 m). Geniessen wir von hier den einmaligen Blick auf die Inseln Brac, Hvar, Korcula und ins Hinterland bis nach Bosnien-Herzegowina. Durch Pinien- und Kiefernwälder steigen wir hinab ins Dorf Podespilije.</span></p>
<p style="text-align: justify;"><span style="font-family: Times New Roman;"><em>Wanderzeit ca. 6 Stunden, Aufstieg 900 m, Abstieg 700 m.</em> <em>Abkürzung (ohne Gipfel) auf ca. 4.5 Std. möglich.</em></span></p>
<p style="text-align: justify;"><span style="font-family: Times New Roman;"><strong>26.Mai:</strong> Wanderung zur <strong>Cetinaschlucht</strong>. Von dem kleinen Bergdorf Kostanje wandern wir auf der Hochebene an Wein- und Olivenfeldern vorbei und steigen hinab in den Canyon zu den Ufern der grünen Cetina. Unterwegs besichtigen wir eine alte Getreidemühle und fahren anschließend zu einer abgelegenen Konoba, eine Versetzung in vergangenen Zeiten. <em>Wanderzeit ca. 3 Std.</em></span></p>
<p style="text-align: justify;"><span style="font-family: Times New Roman;">Oder Wanderung im <strong>Biokovo-Gebirge</strong>. Über einen wunderschönen Höhenweg, oberhalb der Küste, wandern wir durch die schroffe Felslandschaft und verlassene Bergdörfer mit herrlichem Ausblick auf die Adria, das alte Städtchen Makarska und seine vorgelagerten Inseln zum Botanischen Garten, der die Vielfalt der Pflanzen und Kräuter des Karstgebirges zeigt, hinab in den Ort Tucepi. <em>Wanderzeit ca. 4-5 Std.</em></span></p>
<p style="text-align: justify;"><span style="font-family: Times New Roman;"><strong>27.Mai:</strong> Kurze Fahrt entlang der Küste zurück nach <strong>Trogir</strong> zu unserer letzten Hotelunterkunft. Nochmals gibt es eine Chance diese schöne Mittelalterliche Stadt zu geniessen. Wir lassen unsere Ferien in alle Ruhe individuell ausklingen mit einem Drink oder einem feinem Essen auf einem der vielen kleinen Piazzas. Die Souvenirläden werden wir wahrscheinlich auch nicht ganz ausser Acht lassen.</span></p>
<p style="text-align: justify;"><span style="font-family: Times New Roman;"><strong>28.Mai:</strong> Früh morgens ganz kurzer Transfer zum Flughafen und Abflug nach <strong>Zürich</strong>.</span></p>
<p style="text-align: justify;"><span style="font-family: Times New Roman;">ngg_shortcode_0_placeholder</span></p>

<p>Blick auf Omis Krka und Cetina Flüsse &#8211; Programm und Bilder 24.Mai: Wir verlassen Starigrad und fahren durch Skradin zum Krka National Park. Der Krka Fluss ist wegen seiner zahlreichen Wasserfälle berühmt, die, wie auch die Plitwitzer Seen, durch die Ablagerung des Travertin, einer besonderen Kalksteinart, entstanden sind. Wanderung durch die romantische Fluss- und Seenlandschaft. &hellip; <a href="https://www.adrianwood.ch/?page_id=1376" class="more-link">Continue reading <span class="screen-reader-text">Krka und Cetina Flüsse</span> <span class="meta-nav">&rarr;</span></a></p>
