{"id":1384,"date":"2011-07-25T13:35:21","date_gmt":"2011-07-25T12:35:21","guid":{"rendered":"http:\/\/adrianwood.ch\/?page_id=1384"},"modified":"2011-07-25T13:35:21","modified_gmt":"2011-07-25T12:35:21","slug":"05-24-krka-wasserfalle","status":"publish","type":"page","link":"https:\/\/www.adrianwood.ch\/?page_id=1384","title":{"rendered":"05-24 Krka Wasserf\u00e4lle"},"content":{"rendered":"<h2><strong><span style=\"font-family: Times New Roman;\">24.Mai, Krka Wasserf\u00e4lle<\/span><\/strong><\/h2>\n<table border=\"0\" cellspacing=\"0\" cellpadding=\"0\">\n<tbody>\n<tr>\n<td colspan=\"2\" valign=\"top\" width=\"821\">\n<p style=\"text-align: justify;\"><span style=\"font-family: Times New Roman;\">Nachdem wir gestern auf den Spuren von Winnetou in den der grossartigen Berglandschaft des Paklenica Parks gewandert und auf holprigen Pfaden gefahren wurden, reisen wir heute weiter nach dem am Meer liegenden Omi\u0161. Wir verlassen das Hotel Rajna, das Marin und seine Familie in<strong> <\/strong>Starigrad f\u00fchren. Sie haben uns in den letzten vier Tagen beherbergt, gespiesen \u2013 und zwar gut &#8211; und in den Bergen von Paklenica auf abenteuerlich Pisten herumgekarrt, sodass wir einen sehr guten Eindruck vom Winnetou Land bekommen haben. Ein Schwalbenp\u00e4rchen, das an der Decke der Hotelterrasse nistet, verk\u00fcrzt uns die Zeit bis zur Abfahrt des Busses. <\/span><\/p>\n<\/td>\n<\/tr>\n<tr>\n<td valign=\"top\" width=\"407\">\u00a0<img decoding=\"async\" class=\"ngg-singlepic ngg-none\" src=\"http:\/\/adrianwood.ch\/wp-content\/gallery\/croatia17\/image001_r4.jpg\" alt=\"image001_r4\" \/><\/td>\n<td valign=\"top\" width=\"413\">\u00a0<img decoding=\"async\" class=\"ngg-singlepic ngg-none\" src=\"http:\/\/adrianwood.ch\/wp-content\/gallery\/croatia17\/image003_r4.jpg\" alt=\"image003_r4\" \/><\/td>\n<\/tr>\n<tr>\n<td colspan=\"2\" valign=\"top\" width=\"821\">\n<p style=\"text-align: justify;\"><span style=\"font-family: Times New Roman;\">Laut Programm ist heute ein Aufenthalt im Krka Nationalpark angesagt, bevor wir am Abend in Omi\u0161 eintreffen werden. Der Park ist in der N\u00e4he der sch\u00f6nen alten Stadt \u0160ibenik gelegen, die wir schon auf unserer Hinreise nach Starigrad besuchen konnten. Der Bustransfer dauert eineinhalb Stunden und dann befinden wir uns in einer einzigartigen, wundersch\u00f6nen Flusslandschaft. Die Erkundung dieser Gegend ist f\u00fcr mich pers\u00f6nlich ein H\u00f6hepunkt unserer Kroatienreise.<\/span><\/p>\n<p style=\"text-align: justify;\"><span style=\"font-family: Times New Roman;\">Der Krka Nationalpark ist gleichsam der Bruder des Parkes der Plitvicka Seen, die wir in diesen Ferien nicht besuchen k\u00f6nnen. Der Besuch des Krka Parks ist aber sehr viel mehr als ein schwacher Trost daf\u00fcr, dass das nicht m\u00f6glich sein wird!<\/span><\/p>\n<\/td>\n<\/tr>\n<tr>\n<td valign=\"top\" width=\"407\">\u00a0<img decoding=\"async\" class=\"ngg-singlepic ngg-none\" src=\"http:\/\/adrianwood.ch\/wp-content\/gallery\/croatia17\/image005_r4.jpg\" alt=\"image005_r4\" \/><\/td>\n<td valign=\"top\" width=\"413\">\u00a0<img decoding=\"async\" class=\"ngg-singlepic ngg-none\" src=\"http:\/\/adrianwood.ch\/wp-content\/gallery\/croatia17\/image007_r4.jpg\" alt=\"image007_r4\" \/><\/td>\n<\/tr>\n<tr>\n<td colspan=\"2\" valign=\"top\" width=\"821\">\n<p style=\"text-align: justify;\"><span style=\"font-family: Times New Roman;\">Angesichts der Tatsache, dass wir vier Stunden Aufenthalt haben werden, verschwinden die gr\u00f6sseren und kleineren Gr\u00fcppchen bald einmal auf den vielen Pfaden, die sich \u00fcber 2.5 km um die Wasserf\u00e4lle von Skadinka buk und Roski slap durch das ausgedehnte Gebiet\u00a0 schl\u00e4ngeln.<\/span><\/p>\n<\/td>\n<\/tr>\n<tr>\n<td valign=\"top\" width=\"407\">\u00a0<img decoding=\"async\" class=\"ngg-singlepic ngg-none\" src=\"http:\/\/adrianwood.ch\/wp-content\/gallery\/croatia17\/image009_r4.jpg\" alt=\"image009_r4\" \/><\/td>\n<td valign=\"top\" width=\"413\">\u00a0<img decoding=\"async\" class=\"ngg-singlepic ngg-none\" src=\"http:\/\/adrianwood.ch\/wp-content\/gallery\/croatia17\/image011_r4.jpg\" alt=\"image011_r4\" \/><\/td>\n<\/tr>\n<tr>\n<td colspan=\"2\" valign=\"top\" width=\"821\">\n<p style=\"text-align: justify;\"><span style=\"font-family: Times New Roman;\">Man schlendert gem\u00fctlich \u00fcber ein Netz von Holzpasserellen \u00fcber unz\u00e4hlig viele Wasserl\u00e4ufe, immer mit Ausblick auf einen neuen Wasserfall. Das Wasser scheint gleichsam von \u00fcberall her und \u00fcberall hin zu str\u00f6men \u2013 \u00fcber moosige Steine, zwischen Baumwurzeln \u2013 und das in einer gleichsam tropisch anmutenden, \u00fcppig gr\u00fcnen Landschaft. Ein stetes Rauschen, Musik gleich in verschiedensten T\u00f6nen.<\/span><\/p>\n<\/td>\n<\/tr>\n<tr>\n<td valign=\"top\" width=\"407\">\u00a0<img decoding=\"async\" class=\"ngg-singlepic ngg-none\" src=\"http:\/\/adrianwood.ch\/wp-content\/gallery\/croatia17\/image013_r4.jpg\" alt=\"image013_r4\" \/><\/td>\n<td valign=\"top\" width=\"413\">\u00a0<img decoding=\"async\" class=\"ngg-singlepic ngg-none\" src=\"http:\/\/adrianwood.ch\/wp-content\/gallery\/croatia17\/image015_r4.jpg\" alt=\"image015_r4\" \/><\/td>\n<\/tr>\n<tr>\n<td colspan=\"2\" valign=\"top\" width=\"821\">\n<p style=\"text-align: justify;\"><span style=\"font-family: Times New Roman;\">Ohne allzu technisch zu werden:\u00a0 Der Fluss Krka ist ein Karst-Ph\u00e4nomen.<\/span><\/p>\n<p style=\"text-align: justify;\"><span style=\"font-family: Times New Roman;\">Durch die Ablagerung des Travertins, einer speziellen Kalksteinart wurden die vielen Hindernisse, Schwellen und Abs\u00e4tze gebildet, die dieser Landschaft einen m\u00e4rchenhaften Anblick geben.<\/span><\/p>\n<\/td>\n<\/tr>\n<tr>\n<td valign=\"top\" width=\"407\">\u00a0<img decoding=\"async\" class=\"ngg-singlepic ngg-none\" src=\"http:\/\/adrianwood.ch\/wp-content\/gallery\/croatia17\/image017_r4.jpg\" alt=\"image017_r4\" \/><\/td>\n<td valign=\"top\" width=\"413\">\u00a0<img decoding=\"async\" class=\"ngg-singlepic ngg-none\" src=\"http:\/\/adrianwood.ch\/wp-content\/gallery\/croatia17\/image019_r4.jpg\" alt=\"image019_r4\" \/><\/td>\n<\/tr>\n<tr>\n<td colspan=\"2\" valign=\"top\" width=\"821\">\n<p style=\"text-align: justify;\"><span style=\"font-family: Times New Roman;\">W\u00e4hrend wir den Park durchstreifen begegnen wir immer wieder den anderen\u00a0 unserer\u00a0 Gruppe. Wir sehen sie beim Picknick, beim Fotographieren oder sogar beim Baden. Dies ist in einer daf\u00fcr reservierten Zone unterhalb der Wasserf\u00e4lle m\u00f6glich, ein Erlebnis, das man nicht verpassen sollte!<\/span><\/p>\n<\/td>\n<\/tr>\n<tr>\n<td valign=\"top\" width=\"407\">\u00a0<img decoding=\"async\" class=\"ngg-singlepic ngg-none\" src=\"http:\/\/adrianwood.ch\/wp-content\/gallery\/croatia17\/image021_r4.jpg\" alt=\"image021_r4\" \/><\/td>\n<td valign=\"top\" width=\"413\">\u00a0<img decoding=\"async\" class=\"ngg-singlepic ngg-none\" src=\"http:\/\/adrianwood.ch\/wp-content\/gallery\/croatia17\/image023_r4.jpg\" alt=\"image023_r4\" \/><\/td>\n<\/tr>\n<tr>\n<td colspan=\"2\" valign=\"top\" width=\"821\">\n<p style=\"text-align: justify;\"><span style=\"font-family: Times New Roman;\">Aber schon bald ist es an der Zeit, diese\u00a0 wundersch\u00f6ne Gegend zu verlassen. Auf der Fahrt an die K\u00fcste regnet es ein wenig.<\/span><\/p>\n<p style=\"text-align: justify;\"><span style=\"font-family: Times New Roman;\">Unser Hotel in Omi\u0161, das Hotel Villa Dvor thront einem Adlernest gleich auf einem Fels beim Ausgang der Cetinaschlucht. Es muss in \u00fcber hundert Stufen mit Gep\u00e4ck erklommen werden! Dank gegenseitiger Hilfe und der Hilfe des Hotelbesitzers k\u00f6nnen alle bald ihr Zimmer beziehen.<\/span><\/p>\n<p style=\"text-align: justify;\"><span style=\"font-family: Times New Roman;\">Auf der grossen Dachterrasse des Hotels, mit Blick auf das St\u00e4dtchen und das Meer, beschliessen wir\u2013 wohlgesch\u00fctzt vor dem Regen \u2013 mit einem\u00a0 Apero und einer guten Fischplatte und einem guten Wein den Abend.<\/span><\/p>\n<p style=\"text-align: justify;\"><span style=\"font-family: Times New Roman;\">\u00a0\u00a0\u00a0\u00a0\u00a0\u00a0\u00a0\u00a0\u00a0\u00a0\u00a0\u00a0\u00a0\u00a0\u00a0\u00a0\u00a0\u00a0\u00a0\u00a0\u00a0\u00a0\u00a0\u00a0\u00a0\u00a0\u00a0\u00a0 Jean-Francois<\/span><\/p>\n<\/td>\n<\/tr>\n<\/tbody>\n<\/table>\n<p style=\"text-align: justify;\"><span style=\"font-family: Times New Roman;\">\u00a0<\/span><\/p>\n","protected":false},"excerpt":{"rendered":"<p>24.Mai, Krka Wasserf\u00e4lle Nachdem wir gestern auf den Spuren von Winnetou in den der grossartigen Berglandschaft des Paklenica Parks gewandert und auf holprigen Pfaden gefahren wurden, reisen wir heute weiter nach dem am Meer liegenden Omi\u0161. Wir verlassen das Hotel Rajna, das Marin und seine Familie in Starigrad f\u00fchren. Sie haben uns in den letzten &hellip; <a href=\"https:\/\/www.adrianwood.ch\/?page_id=1384\" class=\"more-link\">Continue reading <span class=\"screen-reader-text\">05-24 Krka Wasserf\u00e4lle<\/span> <span class=\"meta-nav\">&rarr;<\/span><\/a><\/p>\n","protected":false},"author":1,"featured_media":0,"parent":1262,"menu_order":2401,"comment_status":"closed","ping_status":"closed","template":"","meta":{"ngg_post_thumbnail":0,"footnotes":""},"class_list":["post-1384","page","type-page","status-publish","hentry"],"_links":{"self":[{"href":"https:\/\/www.adrianwood.ch\/index.php?rest_route=\/wp\/v2\/pages\/1384","targetHints":{"allow":["GET"]}}],"collection":[{"href":"https:\/\/www.adrianwood.ch\/index.php?rest_route=\/wp\/v2\/pages"}],"about":[{"href":"https:\/\/www.adrianwood.ch\/index.php?rest_route=\/wp\/v2\/types\/page"}],"author":[{"embeddable":true,"href":"https:\/\/www.adrianwood.ch\/index.php?rest_route=\/wp\/v2\/users\/1"}],"replies":[{"embeddable":true,"href":"https:\/\/www.adrianwood.ch\/index.php?rest_route=%2Fwp%2Fv2%2Fcomments&post=1384"}],"version-history":[{"count":0,"href":"https:\/\/www.adrianwood.ch\/index.php?rest_route=\/wp\/v2\/pages\/1384\/revisions"}],"up":[{"embeddable":true,"href":"https:\/\/www.adrianwood.ch\/index.php?rest_route=\/wp\/v2\/pages\/1262"}],"wp:attachment":[{"href":"https:\/\/www.adrianwood.ch\/index.php?rest_route=%2Fwp%2Fv2%2Fmedia&parent=1384"}],"curies":[{"name":"wp","href":"https:\/\/api.w.org\/{rel}","templated":true}]}}

05-24 Krka Wasserfälle

<h2><strong><span style="font-family: Times New Roman;">24.Mai, Krka Wasserfälle</span></strong></h2>
<table border="0" cellspacing="0" cellpadding="0">
<tbody>
<tr>
<td colspan="2" valign="top" width="821">
<p style="text-align: justify;"><span style="font-family: Times New Roman;">Nachdem wir gestern auf den Spuren von Winnetou in den der grossartigen Berglandschaft des Paklenica Parks gewandert und auf holprigen Pfaden gefahren wurden, reisen wir heute weiter nach dem am Meer liegenden Omiš. Wir verlassen das Hotel Rajna, das Marin und seine Familie in<strong> </strong>Starigrad führen. Sie haben uns in den letzten vier Tagen beherbergt, gespiesen – und zwar gut &#8211; und in den Bergen von Paklenica auf abenteuerlich Pisten herumgekarrt, sodass wir einen sehr guten Eindruck vom Winnetou Land bekommen haben. Ein Schwalbenpärchen, das an der Decke der Hotelterrasse nistet, verkürzt uns die Zeit bis zur Abfahrt des Busses. </span></p>
</td>
</tr>
<tr>
<td valign="top" width="407"> <img decoding="async" class="ngg-singlepic ngg-none" src="http://adrianwood.ch/wp-content/gallery/croatia17/image001_r4.jpg" alt="image001_r4" /></td>
<td valign="top" width="413"> <img decoding="async" class="ngg-singlepic ngg-none" src="http://adrianwood.ch/wp-content/gallery/croatia17/image003_r4.jpg" alt="image003_r4" /></td>
</tr>
<tr>
<td colspan="2" valign="top" width="821">
<p style="text-align: justify;"><span style="font-family: Times New Roman;">Laut Programm ist heute ein Aufenthalt im Krka Nationalpark angesagt, bevor wir am Abend in Omiš eintreffen werden. Der Park ist in der Nähe der schönen alten Stadt Šibenik gelegen, die wir schon auf unserer Hinreise nach Starigrad besuchen konnten. Der Bustransfer dauert eineinhalb Stunden und dann befinden wir uns in einer einzigartigen, wunderschönen Flusslandschaft. Die Erkundung dieser Gegend ist für mich persönlich ein Höhepunkt unserer Kroatienreise.</span></p>
<p style="text-align: justify;"><span style="font-family: Times New Roman;">Der Krka Nationalpark ist gleichsam der Bruder des Parkes der Plitvicka Seen, die wir in diesen Ferien nicht besuchen können. Der Besuch des Krka Parks ist aber sehr viel mehr als ein schwacher Trost dafür, dass das nicht möglich sein wird!</span></p>
</td>
</tr>
<tr>
<td valign="top" width="407"> <img decoding="async" class="ngg-singlepic ngg-none" src="http://adrianwood.ch/wp-content/gallery/croatia17/image005_r4.jpg" alt="image005_r4" /></td>
<td valign="top" width="413"> <img decoding="async" class="ngg-singlepic ngg-none" src="http://adrianwood.ch/wp-content/gallery/croatia17/image007_r4.jpg" alt="image007_r4" /></td>
</tr>
<tr>
<td colspan="2" valign="top" width="821">
<p style="text-align: justify;"><span style="font-family: Times New Roman;">Angesichts der Tatsache, dass wir vier Stunden Aufenthalt haben werden, verschwinden die grösseren und kleineren Grüppchen bald einmal auf den vielen Pfaden, die sich über 2.5 km um die Wasserfälle von Skadinka buk und Roski slap durch das ausgedehnte Gebiet  schlängeln.</span></p>
</td>
</tr>
<tr>
<td valign="top" width="407"> <img decoding="async" class="ngg-singlepic ngg-none" src="http://adrianwood.ch/wp-content/gallery/croatia17/image009_r4.jpg" alt="image009_r4" /></td>
<td valign="top" width="413"> <img decoding="async" class="ngg-singlepic ngg-none" src="http://adrianwood.ch/wp-content/gallery/croatia17/image011_r4.jpg" alt="image011_r4" /></td>
</tr>
<tr>
<td colspan="2" valign="top" width="821">
<p style="text-align: justify;"><span style="font-family: Times New Roman;">Man schlendert gemütlich über ein Netz von Holzpasserellen über unzählig viele Wasserläufe, immer mit Ausblick auf einen neuen Wasserfall. Das Wasser scheint gleichsam von überall her und überall hin zu strömen – über moosige Steine, zwischen Baumwurzeln – und das in einer gleichsam tropisch anmutenden, üppig grünen Landschaft. Ein stetes Rauschen, Musik gleich in verschiedensten Tönen.</span></p>
</td>
</tr>
<tr>
<td valign="top" width="407"> <img decoding="async" class="ngg-singlepic ngg-none" src="http://adrianwood.ch/wp-content/gallery/croatia17/image013_r4.jpg" alt="image013_r4" /></td>
<td valign="top" width="413"> <img decoding="async" class="ngg-singlepic ngg-none" src="http://adrianwood.ch/wp-content/gallery/croatia17/image015_r4.jpg" alt="image015_r4" /></td>
</tr>
<tr>
<td colspan="2" valign="top" width="821">
<p style="text-align: justify;"><span style="font-family: Times New Roman;">Ohne allzu technisch zu werden:  Der Fluss Krka ist ein Karst-Phänomen.</span></p>
<p style="text-align: justify;"><span style="font-family: Times New Roman;">Durch die Ablagerung des Travertins, einer speziellen Kalksteinart wurden die vielen Hindernisse, Schwellen und Absätze gebildet, die dieser Landschaft einen märchenhaften Anblick geben.</span></p>
</td>
</tr>
<tr>
<td valign="top" width="407"> <img decoding="async" class="ngg-singlepic ngg-none" src="http://adrianwood.ch/wp-content/gallery/croatia17/image017_r4.jpg" alt="image017_r4" /></td>
<td valign="top" width="413"> <img decoding="async" class="ngg-singlepic ngg-none" src="http://adrianwood.ch/wp-content/gallery/croatia17/image019_r4.jpg" alt="image019_r4" /></td>
</tr>
<tr>
<td colspan="2" valign="top" width="821">
<p style="text-align: justify;"><span style="font-family: Times New Roman;">Während wir den Park durchstreifen begegnen wir immer wieder den anderen  unserer  Gruppe. Wir sehen sie beim Picknick, beim Fotographieren oder sogar beim Baden. Dies ist in einer dafür reservierten Zone unterhalb der Wasserfälle möglich, ein Erlebnis, das man nicht verpassen sollte!</span></p>
</td>
</tr>
<tr>
<td valign="top" width="407"> <img decoding="async" class="ngg-singlepic ngg-none" src="http://adrianwood.ch/wp-content/gallery/croatia17/image021_r4.jpg" alt="image021_r4" /></td>
<td valign="top" width="413"> <img decoding="async" class="ngg-singlepic ngg-none" src="http://adrianwood.ch/wp-content/gallery/croatia17/image023_r4.jpg" alt="image023_r4" /></td>
</tr>
<tr>
<td colspan="2" valign="top" width="821">
<p style="text-align: justify;"><span style="font-family: Times New Roman;">Aber schon bald ist es an der Zeit, diese  wunderschöne Gegend zu verlassen. Auf der Fahrt an die Küste regnet es ein wenig.</span></p>
<p style="text-align: justify;"><span style="font-family: Times New Roman;">Unser Hotel in Omiš, das Hotel Villa Dvor thront einem Adlernest gleich auf einem Fels beim Ausgang der Cetinaschlucht. Es muss in über hundert Stufen mit Gepäck erklommen werden! Dank gegenseitiger Hilfe und der Hilfe des Hotelbesitzers können alle bald ihr Zimmer beziehen.</span></p>
<p style="text-align: justify;"><span style="font-family: Times New Roman;">Auf der grossen Dachterrasse des Hotels, mit Blick auf das Städtchen und das Meer, beschliessen wir– wohlgeschützt vor dem Regen – mit einem  Apero und einer guten Fischplatte und einem guten Wein den Abend.</span></p>
<p style="text-align: justify;"><span style="font-family: Times New Roman;">                             Jean-Francois</span></p>
</td>
</tr>
</tbody>
</table>
<p style="text-align: justify;"><span style="font-family: Times New Roman;"> </span></p>

<p>24.Mai, Krka Wasserfälle Nachdem wir gestern auf den Spuren von Winnetou in den der grossartigen Berglandschaft des Paklenica Parks gewandert und auf holprigen Pfaden gefahren wurden, reisen wir heute weiter nach dem am Meer liegenden Omiš. Wir verlassen das Hotel Rajna, das Marin und seine Familie in Starigrad führen. Sie haben uns in den letzten &hellip; <a href="https://www.adrianwood.ch/?page_id=1384" class="more-link">Continue reading <span class="screen-reader-text">05-24 Krka Wasserfälle</span> <span class="meta-nav">&rarr;</span></a></p>
