{"id":13977,"date":"2017-09-18T13:17:59","date_gmt":"2017-09-18T13:17:59","guid":{"rendered":"http:\/\/www.adrianwood.ch\/?page_id=13977"},"modified":"2017-09-18T14:30:07","modified_gmt":"2017-09-18T14:30:07","slug":"08-11-alp-da-munt","status":"publish","type":"page","link":"https:\/\/www.adrianwood.ch\/?page_id=13977","title":{"rendered":"08-11 Alp da Munt"},"content":{"rendered":"<div class=\"pmdi_content_wrapper\">\n<figure id=\"attachment_13981\" aria-describedby=\"caption-attachment-13981\" style=\"width: 1620px\" class=\"wp-caption alignleft\"><a href=\"http:\/\/www.adrianwood.ch\/wp-content\/uploads\/2017\/09\/MUN_0011.jpg\"><img loading=\"lazy\" decoding=\"async\" class=\"size-full wp-image-13981\" src=\"http:\/\/www.adrianwood.ch\/wp-content\/uploads\/2017\/09\/MUN_0011.jpg\" alt=\"\" height=\"1080\" width=\"1620\" srcset=\"https:\/\/www.adrianwood.ch\/wp-content\/uploads\/2017\/09\/MUN_0011.jpg 1620w, https:\/\/www.adrianwood.ch\/wp-content\/uploads\/2017\/09\/MUN_0011-300x200.jpg 300w, https:\/\/www.adrianwood.ch\/wp-content\/uploads\/2017\/09\/MUN_0011-768x512.jpg 768w, https:\/\/www.adrianwood.ch\/wp-content\/uploads\/2017\/09\/MUN_0011-1024x683.jpg 1024w\" sizes=\"auto, (max-width: 1620px) 100vw, 1620px\" \/><\/a><figcaption id=\"caption-attachment-13981\" class=\"wp-caption-text\">Regen und Schneewolken \u00fcber Val M\u00fcstair<\/figcaption><\/figure>\n<p class=\"Normal-P\" style=\"margin-bottom: 6pt; text-align: justify; text-justify: inter-ideograph; direction: ltr; unicode-bidi: normal;\"><span class=\"Normal-H\"><span style=\"font-weight: bold;\">Freitag, 11.8.17, <\/span><span style=\"font-weight: bold;\">Ofenpass<\/span><span style=\"font-weight: bold;\"> \u2013 Alp da Munt &#8211; <\/span><span style=\"font-weight: bold;\">L\u00fc<\/span><\/span><\/p>\n<p class=\"Normal-P\" style=\"margin-bottom: 6pt; text-align: justify; text-justify: inter-ideograph; direction: ltr; unicode-bidi: normal;\"><span class=\"Normal-H\">07:07 Abfahrt von Basel bei nasskaltem Wetter. Wegen Zugsausfall bei der Deutschen Bahn wird Ute uns nicht rechtzeitig erreichen, sie kommt mit dem sp\u00e4teren Zug nach. Zu zw\u00f6lft erreichen wir um 11:05 Uhr die Ofenpass-H\u00f6he (S\u00fcsom Giv\u00e9, 2150m), und wie es sich f\u00fcr eine rechte Wanderung geh\u00f6rt, besuchen wir erst das Restaurant. Entgegen der Wetter-App sind schon viele Wolken unterwegs und wir beeilen uns, um endlich auf den Weg zu kommen. Schon nach 20 Minuten, m\u00fcssen wir die Regenkleidung \u00fcberwerfen. \u00dcber die Weide geht es zu einer H\u00fctte, die aber verschlossen ist und deren Dach wenig Schutz vor dem Gewitter bietet. Das Gr\u00f6bste (Hagel) ist bald vorbei und wir ziehen weiter zur Alp da Munt und verzehren dort unser mitgebrachtes Picknick. Ein K\u00fchlschrank enth\u00e4lt Milch (kein Bier) zur Selbstbedienung mit einer Kasse. Bald schon ist der h\u00f6chste Punkt erreicht und wir steigen durch den Wald nach L\u00fc ab. Das Postauto bringt uns nach Fuldera und von da nach Valchava ins Hotel. Nach der Dusche und ein\/zwei Sauna-G\u00e4ngen gibt es einen Hausapero und anschliessend Nachtessen. Die Anzeige auf der Wetter-App wechselt st\u00e4ndig auf sonnig resp. Regenwolken und man sieht, dass es etwas Schnee auf dem Piz Umbrail hat \u2013 ob der wohl wegtaut?<\/span><\/p>\nngg_shortcode_0_placeholder\n<table class=\"TableGrid-T\" style=\"border-collapse: collapse;\" cellspacing=\"0\">\n<tbody>\n<tr class=\"-R\">\n<td class=\"-C\" style=\"width: 481.4pt; border: none windowtext 0pt;\" colspan=\"2\"><\/td>\n<\/tr>\n<tr class=\"-R\">\n<td class=\"-C\" style=\"width: 240.7pt; border: none windowtext 0pt;\">\n<p class=\"Normal-P\" style=\"margin-bottom: 6pt; text-align: justify; text-justify: inter-ideograph; direction: ltr; unicode-bidi: normal;\"><span class=\"Normal-H\"><img loading=\"lazy\" decoding=\"async\" class=\"\" src=\"http:\/\/www.adrianwood.ch\/wp-content\/uploads\/2017\/09\/1505740479_image1.jpeg\" data-link=\"\" height=\"231\" width=\"347\"><\/span><\/p>\n<\/td>\n<td class=\"-C\" style=\"width: 240.7pt; border: none windowtext 0pt;\">\n<p class=\"Normal-P\" style=\"margin-bottom: 6pt; text-align: justify; text-justify: inter-ideograph; direction: ltr; unicode-bidi: normal;\"><span class=\"Normal-H\"><img loading=\"lazy\" decoding=\"async\" class=\"\" src=\"http:\/\/www.adrianwood.ch\/wp-content\/uploads\/2017\/09\/1505740479_image2.jpeg\" data-link=\"\" height=\"231\" width=\"347\"><\/span><\/p>\n<\/td>\n<\/tr>\n<p><!-- [if !supportMisalignedColumns]--><\/tbody>\n<\/table>\n<\/div>\n","protected":false},"excerpt":{"rendered":"<p>Freitag, 11.8.17, Ofenpass \u2013 Alp da Munt &#8211; L\u00fc 07:07 Abfahrt von Basel bei nasskaltem Wetter. Wegen Zugsausfall bei der Deutschen Bahn wird Ute uns nicht rechtzeitig erreichen, sie kommt mit dem sp\u00e4teren Zug nach. Zu zw\u00f6lft erreichen wir um 11:05 Uhr die Ofenpass-H\u00f6he (S\u00fcsom Giv\u00e9, 2150m), und wie es sich f\u00fcr eine rechte Wanderung &hellip; <a href=\"https:\/\/www.adrianwood.ch\/?page_id=13977\" class=\"more-link\">Continue reading <span class=\"screen-reader-text\">08-11 Alp da Munt<\/span> <span class=\"meta-nav\">&rarr;<\/span><\/a><\/p>\n","protected":false},"author":1,"featured_media":0,"parent":13973,"menu_order":1751,"comment_status":"closed","ping_status":"closed","template":"","meta":{"ngg_post_thumbnail":0,"footnotes":""},"class_list":["post-13977","page","type-page","status-publish","hentry"],"_links":{"self":[{"href":"https:\/\/www.adrianwood.ch\/index.php?rest_route=\/wp\/v2\/pages\/13977","targetHints":{"allow":["GET"]}}],"collection":[{"href":"https:\/\/www.adrianwood.ch\/index.php?rest_route=\/wp\/v2\/pages"}],"about":[{"href":"https:\/\/www.adrianwood.ch\/index.php?rest_route=\/wp\/v2\/types\/page"}],"author":[{"embeddable":true,"href":"https:\/\/www.adrianwood.ch\/index.php?rest_route=\/wp\/v2\/users\/1"}],"replies":[{"embeddable":true,"href":"https:\/\/www.adrianwood.ch\/index.php?rest_route=%2Fwp%2Fv2%2Fcomments&post=13977"}],"version-history":[{"count":5,"href":"https:\/\/www.adrianwood.ch\/index.php?rest_route=\/wp\/v2\/pages\/13977\/revisions"}],"predecessor-version":[{"id":14104,"href":"https:\/\/www.adrianwood.ch\/index.php?rest_route=\/wp\/v2\/pages\/13977\/revisions\/14104"}],"up":[{"embeddable":true,"href":"https:\/\/www.adrianwood.ch\/index.php?rest_route=\/wp\/v2\/pages\/13973"}],"wp:attachment":[{"href":"https:\/\/www.adrianwood.ch\/index.php?rest_route=%2Fwp%2Fv2%2Fmedia&parent=13977"}],"curies":[{"name":"wp","href":"https:\/\/api.w.org\/{rel}","templated":true}]}}