{"id":14561,"date":"2017-12-03T11:40:54","date_gmt":"2017-12-03T11:40:54","guid":{"rendered":"http:\/\/www.adrianwood.ch\/?page_id=14561"},"modified":"2017-12-03T11:40:54","modified_gmt":"2017-12-03T11:40:54","slug":"08-25-col-champillon","status":"publish","type":"page","link":"https:\/\/www.adrianwood.ch\/?page_id=14561","title":{"rendered":"08-25 Col Champillon"},"content":{"rendered":"<div class=\"pmdi_content_wrapper\">\n<p class=\"Normal-P\" style=\"margin-bottom: 6pt; text-align: justify; text-justify: inter-ideograph; direction: ltr; unicode-bidi: normal;\"><span class=\"Normal-H\"><span style=\"font-weight: bold; font-size: 11pt;\">Donnerstag 25. <\/span><span style=\"font-weight: bold; font-size: 11pt;\">August 2005<\/span><span style=\"font-weight: bold; font-size: 11pt;\">, <\/span><span style=\"font-weight: bold; font-size: 11pt;\">Ollmont \/ <\/span><span style=\"font-weight: bold; font-size: 11pt;\">Rey<\/span><span style=\"font-weight: bold; font-size: 11pt;\">nach St. Oyen<\/span><\/span><\/p>\n<p class=\"Normal-P\" style=\"direction: ltr; unicode-bidi: normal;\"><span class=\"Normal-H\"><\/span><\/p>\n<table class=\"TableGrid-T\" style=\"width: 469.5pt; border-collapse: collapse;\" cellspacing=\"0\">\n<tbody>\n<tr class=\"-R\">\n<td class=\"-C\" style=\"width: 469.5pt; border: none windowtext 0pt;\" colspan=\"2\">\n<p class=\"Normal-P\" style=\"margin-bottom: 6pt; text-align: justify; text-justify: inter-ideograph; direction: ltr; unicode-bidi: normal;\"><span class=\"Normal-H\"><span style=\"font-size: 11pt;\">Vermutlich wird am Anfang des Berichtes darauf hingewiesen, dass die heutige Wanderung urspr\u00fcnglich auf 2 Tage verteilt wurde; mit Rundgang in Aosta, wozu wir ja Sonntagabend Gelegenheit hatten. Die Tour f\u00fchrte uns vom V<\/span><span style=\"font-size: 11pt;\">alpelline ins Val de Menouv\u00eb <\/span><span style=\"font-size: 11pt;\">hinunter nach St. Oyen im <\/span><span style=\"font-size: 11pt;\">Val del Grand San Bernardo.<\/span><\/span><\/p>\n<p class=\"Normal-P\" style=\"margin-bottom: 6pt; text-align: justify; text-justify: inter-ideograph; direction: ltr; unicode-bidi: normal;\"><span class=\"Normal-H\"><span style=\"font-size: 11pt;\">Nach \u00fcblichem Morgen Prozedere verliessen wir <\/span><span style=\"font-size: 11pt;\">das <\/span><span style=\"font-size: 11pt;\">Hotel \u201aLe Lievre Amoureux\u2019 gegen 8 Uhr<\/span><span style=\"font-size: 11pt;\">. Ein Bus brachte uns zum Weiler <\/span><span style=\"font-size: 11pt;\">Morin \/ Rey<\/span><span style=\"font-size: 11pt;\">,<\/span><span style=\"font-size: 11pt;\"> ausserhalb Ollomont<\/span><span style=\"font-size: 11pt;\">, und Punkt 8 Uhr 10 starten wir die Tour. <\/span><\/span><\/p>\n<p class=\"Normal-P\" style=\"margin-bottom: 6pt; text-align: justify; text-justify: inter-ideograph; direction: ltr; unicode-bidi: normal;\"><span class=\"Normal-H\"><span style=\"font-size: 11pt;\">Herbstzeitlosen am Wegrand k\u00fcndigten den Jahreswechsel an. So war auch das Wetter: Nebelschwaden, leicht bew\u00f6lkt, Temperatur angenehm zum Wandern. Der Aufstieg durch den Misch- sp\u00e4ter L\u00e4rchenwald und dann \u00fcber die Alpwiesen mit freier Sicht <\/span><span style=\"font-size: 11pt;\">zum grandiosen Grand Combin Massiv hin\u00fcber, an der Alp Champillon mit Kapelle vorbei, hinauf zum erst in diesem Jahr er\u00f6ffneten Rifugio Champillon auf 2430 m, das wir nach 3 Stunden erreichten, war technisch leicht. Ueli legte ein solides Tempo vor. Stille herrschte in unserer Gruppe. Die Ruhe und die Sch\u00f6nheit der Natur wirkten wohltuend auf mich!<\/span><\/span><\/p>\n<\/td>\n<\/tr>\n<tr class=\"-R\">\n<td class=\"-C\" style=\"width: 235.55pt; border: none windowtext 0pt;\">\n<p class=\"Normal-P\" style=\"margin-bottom: 6pt; text-align: justify; text-justify: inter-ideograph; direction: ltr; unicode-bidi: normal;\"><span class=\"Normal-H\"><span style=\"font-size: 11pt;\"><img decoding=\"async\" src=\"http:\/\/www.adrianwood.ch\/wp-content\/uploads\/2017\/12\/1512301248_image1.jpeg\" data-link=\"\" width=\"300px       \" height=\"199px       \"><\/span><\/span><\/p>\n<\/td>\n<td class=\"-C\" style=\"width: 233.95pt; border: none windowtext 0pt;\">\n<p class=\"Normal-P\" style=\"margin-bottom: 6pt; text-align: justify; text-justify: inter-ideograph; direction: ltr; unicode-bidi: normal;\"><span class=\"Normal-H\"><span style=\"font-size: 11pt;\"><img decoding=\"async\" src=\"http:\/\/www.adrianwood.ch\/wp-content\/uploads\/2017\/12\/1512301248_image2.jpeg\" data-link=\"\" width=\"297px       \" height=\"198px       \"><\/span><\/span><\/p>\n<\/td>\n<\/tr>\n<tr class=\"-R\">\n<td class=\"-C\" style=\"width: 469.5pt; border: none windowtext 0pt;\" colspan=\"2\">\n<p class=\"Normal-P\" style=\"margin-bottom: 6pt; text-align: justify; text-justify: inter-ideograph; direction: ltr; unicode-bidi: normal;\"><span class=\"Normal-H\"><span style=\"font-size: 11pt;\">\u00dcberraschend viele Wanderer hielten Rast im Rifugio. Eng musste an unserem Tische zu Suppe und Paste bestuhlt werden. Ein Grund mich mit Teller in die freie Natur zu setzen. Leider verdeckten wieder Nebel und Wolken die Sicht in die umliegende Bergwelt. <\/span><\/span><\/p>\n<\/td>\n<\/tr>\n<tr class=\"-R\">\n<td class=\"-C\" style=\"width: 469.5pt; border: none windowtext 0pt;\" colspan=\"2\">\n<p class=\"Normal-P\" style=\"margin-bottom: 6pt; text-align: center; direction: ltr; unicode-bidi: normal;\"><span class=\"Normal-H\"><span style=\"font-size: 11pt;\"><img decoding=\"async\" src=\"http:\/\/www.adrianwood.ch\/wp-content\/uploads\/2017\/12\/1512301248_image3.jpeg\" data-link=\"\" width=\"600px       \" height=\"399px       \"><\/span><\/span><\/p>\n<\/td>\n<\/tr>\n<tr class=\"-R\">\n<td class=\"-C\" style=\"width: 235.55pt; border: none windowtext 0pt;\">\n<p class=\"Normal-P\" style=\"margin-bottom: 6pt; text-align: justify; text-justify: inter-ideograph; direction: ltr; unicode-bidi: normal;\"><span class=\"Normal-H\"><span style=\"font-size: 11pt;\"><img decoding=\"async\" src=\"http:\/\/www.adrianwood.ch\/wp-content\/uploads\/2017\/12\/1512301248_image4.jpeg\" data-link=\"\" width=\"300px       \" height=\"199px       \"><\/span><\/span><\/p>\n<\/td>\n<td class=\"-C\" style=\"width: 233.95pt; border: none windowtext 0pt;\">\n<p class=\"Normal-P\" style=\"margin-bottom: 6pt; text-align: justify; text-justify: inter-ideograph; direction: ltr; unicode-bidi: normal;\"><span class=\"Normal-H\"><span style=\"font-size: 11pt;\"><img decoding=\"async\" src=\"http:\/\/www.adrianwood.ch\/wp-content\/uploads\/2017\/12\/1512301248_image5.jpeg\" data-link=\"\" width=\"297px       \" height=\"198px       \"><\/span><\/span><\/p>\n<\/td>\n<\/tr>\n<tr class=\"-R\">\n<td class=\"-C\" style=\"width: 469.5pt; border: none windowtext 0pt;\" colspan=\"2\">\n<p class=\"Normal-P\" style=\"margin-bottom: 6pt; text-align: justify; text-justify: inter-ideograph; direction: ltr; unicode-bidi: normal;\"><span class=\"Normal-H\"><span style=\"font-size: 11pt;\">Am fr\u00fchen Nachmittag gelangten wir nach einst\u00fcndigem Aufstieg auf den Col Champillon, 2708 m. Auch jetzt leicht bew\u00f6lkt. Da brachte auch ein kurzes Kraxeln auf einen nahe liegenden Aussichtspunkt keine bessere Sicht, und das Mont Blanc Massiv im Westen konnte nur erahnt werden.<\/span><\/span><\/p>\n<\/td>\n<\/tr>\n<tr class=\"-R\">\n<td class=\"-C\" style=\"width: 469.5pt; border: none windowtext 0pt;\" colspan=\"2\">\n<p class=\"Normal-P\" style=\"margin-bottom: 6pt; text-align: center; direction: ltr; unicode-bidi: normal;\"><span class=\"Normal-H\"><span style=\"font-size: 11pt;\"><img decoding=\"async\" src=\"http:\/\/www.adrianwood.ch\/wp-content\/uploads\/2017\/12\/1512301248_image6.jpeg\" data-link=\"\" width=\"588px       \" height=\"391px       \"><\/span><\/span><\/p>\n<\/td>\n<\/tr>\n<tr class=\"-R\">\n<td class=\"-C\" style=\"width: 469.5pt; border: none windowtext 0pt;\" colspan=\"2\">\n<p class=\"Normal-P\" style=\"margin-top: 6pt; margin-bottom: 6pt; text-align: justify; text-justify: inter-ideograph; direction: ltr; unicode-bidi: normal;\"><span class=\"Normal-H\"><span style=\"font-size: 11pt;\">Der Col Champillon ist Gras bewachsen und so war der Aufstieg wie nun auch der Abstieg m\u00fchelos und die Talsole des Val de Menouv\u00eb erreichten wir im Nu. Promotion \u00fcberall: Ein Senne wollte uns unterwegs eine Rast in der Montagna Molline schmackhaft machen, sie sei nur \u201adieci minuti\u2019 \u2013 in Realit\u00e4t ein Vielfaches davon, wie ein Blick in die Karte zeigte \u2013 entfernt. Hingegen nahm Rafaello das Kompliment, dass sein Italienisch hervorragend sei, mit Staunen gerne entgegen! Der weitere Abstieg hinunter ins Val del G. San Bernardo war ebenfalls problemlos. Aufpassen musste man nur zwischen den Weilern Bezet und Pallex, hier wurde die Alta Via Uno verlassen und man folgte den Markierungen 19a sp\u00e4ter 15b hinab nach St. Oyen, 2. letztes Dorf an der Grand San Bernardo Passstrasse. \u00dcbrigens auch kurz nach Tourbeginn musste zwischen Alta Via Uno (1 in Dreick) und Via Uno (1 in Kreis) unterschieden werden. Letzteres f\u00fchrt ins \u201aGi\u00e4t\u2019 und w\u00fcrde zus\u00e4tzliche Wanderstunden kosten! Jedoch bei uns ging alles gut und nach ca.8 Stunden netto Wanderzeit trafen wir wie geplant im Hotel Mont Velan in St. Oyen ein. <\/span><\/span><\/p>\n<p class=\"Normal-P\" style=\"margin-bottom: 6pt; text-align: justify; text-justify: inter-ideograph; direction: ltr; unicode-bidi: normal;\"><span class=\"Normal-H\"><span style=\"font-size: 11pt;\">Hotelunterkunft war gut. Nachtessen reichlich und k\u00f6stlich!<\/span><\/span><\/p>\n<p class=\"Normal-P\" style=\"margin-bottom: 6pt; text-align: justify; text-justify: inter-ideograph; direction: ltr; unicode-bidi: normal;\"><span class=\"Normal-H\"><span style=\"font-size: 11pt;\">Toni<\/span><\/span><\/p>\n<\/td>\n<\/tr>\n<p><!-- [if !supportMisalignedColumns]--><\/tbody>\n<\/table>\n<\/div>\n","protected":false},"excerpt":{"rendered":"<p>Donnerstag 25. August 2005, Ollmont \/ Reynach St. Oyen Vermutlich wird am Anfang des Berichtes darauf hingewiesen, dass die heutige Wanderung urspr\u00fcnglich auf 2 Tage verteilt wurde; mit Rundgang in Aosta, wozu wir ja Sonntagabend Gelegenheit hatten. Die Tour f\u00fchrte uns vom Valpelline ins Val de Menouv\u00eb hinunter nach St. Oyen im Val del Grand &hellip; <a href=\"https:\/\/www.adrianwood.ch\/?page_id=14561\" class=\"more-link\">Continue reading <span class=\"screen-reader-text\">08-25 Col Champillon<\/span> <span class=\"meta-nav\">&rarr;<\/span><\/a><\/p>\n","protected":false},"author":1,"featured_media":0,"parent":14510,"menu_order":3434,"comment_status":"closed","ping_status":"closed","template":"","meta":{"ngg_post_thumbnail":0,"footnotes":""},"class_list":["post-14561","page","type-page","status-publish","hentry"],"_links":{"self":[{"href":"https:\/\/www.adrianwood.ch\/index.php?rest_route=\/wp\/v2\/pages\/14561","targetHints":{"allow":["GET"]}}],"collection":[{"href":"https:\/\/www.adrianwood.ch\/index.php?rest_route=\/wp\/v2\/pages"}],"about":[{"href":"https:\/\/www.adrianwood.ch\/index.php?rest_route=\/wp\/v2\/types\/page"}],"author":[{"embeddable":true,"href":"https:\/\/www.adrianwood.ch\/index.php?rest_route=\/wp\/v2\/users\/1"}],"replies":[{"embeddable":true,"href":"https:\/\/www.adrianwood.ch\/index.php?rest_route=%2Fwp%2Fv2%2Fcomments&post=14561"}],"version-history":[{"count":2,"href":"https:\/\/www.adrianwood.ch\/index.php?rest_route=\/wp\/v2\/pages\/14561\/revisions"}],"predecessor-version":[{"id":14569,"href":"https:\/\/www.adrianwood.ch\/index.php?rest_route=\/wp\/v2\/pages\/14561\/revisions\/14569"}],"up":[{"embeddable":true,"href":"https:\/\/www.adrianwood.ch\/index.php?rest_route=\/wp\/v2\/pages\/14510"}],"wp:attachment":[{"href":"https:\/\/www.adrianwood.ch\/index.php?rest_route=%2Fwp%2Fv2%2Fmedia&parent=14561"}],"curies":[{"name":"wp","href":"https:\/\/api.w.org\/{rel}","templated":true}]}}

<div class="pmdi_content_wrapper">
<p class="Normal-P" style="margin-bottom: 6pt; text-align: justify; text-justify: inter-ideograph; direction: ltr; unicode-bidi: normal;"><span class="Normal-H"><span style="font-weight: bold; font-size: 11pt;">Donnerstag 25. </span><span style="font-weight: bold; font-size: 11pt;">August 2005</span><span style="font-weight: bold; font-size: 11pt;">, </span><span style="font-weight: bold; font-size: 11pt;">Ollmont / </span><span style="font-weight: bold; font-size: 11pt;">Rey</span><span style="font-weight: bold; font-size: 11pt;">nach St. Oyen</span></span></p>
<p class="Normal-P" style="direction: ltr; unicode-bidi: normal;"><span class="Normal-H"></span></p>
<table class="TableGrid-T" style="width: 469.5pt; border-collapse: collapse;" cellspacing="0">
<tbody>
<tr class="-R">
<td class="-C" style="width: 469.5pt; border: none windowtext 0pt;" colspan="2">
<p class="Normal-P" style="margin-bottom: 6pt; text-align: justify; text-justify: inter-ideograph; direction: ltr; unicode-bidi: normal;"><span class="Normal-H"><span style="font-size: 11pt;">Vermutlich wird am Anfang des Berichtes darauf hingewiesen, dass die heutige Wanderung ursprünglich auf 2 Tage verteilt wurde; mit Rundgang in Aosta, wozu wir ja Sonntagabend Gelegenheit hatten. Die Tour führte uns vom V</span><span style="font-size: 11pt;">alpelline ins Val de Menouvë </span><span style="font-size: 11pt;">hinunter nach St. Oyen im </span><span style="font-size: 11pt;">Val del Grand San Bernardo.</span></span></p>
<p class="Normal-P" style="margin-bottom: 6pt; text-align: justify; text-justify: inter-ideograph; direction: ltr; unicode-bidi: normal;"><span class="Normal-H"><span style="font-size: 11pt;">Nach üblichem Morgen Prozedere verliessen wir </span><span style="font-size: 11pt;">das </span><span style="font-size: 11pt;">Hotel ‚Le Lievre Amoureux’ gegen 8 Uhr</span><span style="font-size: 11pt;">. Ein Bus brachte uns zum Weiler </span><span style="font-size: 11pt;">Morin / Rey</span><span style="font-size: 11pt;">,</span><span style="font-size: 11pt;"> ausserhalb Ollomont</span><span style="font-size: 11pt;">, und Punkt 8 Uhr 10 starten wir die Tour. </span></span></p>
<p class="Normal-P" style="margin-bottom: 6pt; text-align: justify; text-justify: inter-ideograph; direction: ltr; unicode-bidi: normal;"><span class="Normal-H"><span style="font-size: 11pt;">Herbstzeitlosen am Wegrand kündigten den Jahreswechsel an. So war auch das Wetter: Nebelschwaden, leicht bewölkt, Temperatur angenehm zum Wandern. Der Aufstieg durch den Misch- später Lärchenwald und dann über die Alpwiesen mit freier Sicht </span><span style="font-size: 11pt;">zum grandiosen Grand Combin Massiv hinüber, an der Alp Champillon mit Kapelle vorbei, hinauf zum erst in diesem Jahr eröffneten Rifugio Champillon auf 2430 m, das wir nach 3 Stunden erreichten, war technisch leicht. Ueli legte ein solides Tempo vor. Stille herrschte in unserer Gruppe. Die Ruhe und die Schönheit der Natur wirkten wohltuend auf mich!</span></span></p>
</td>
</tr>
<tr class="-R">
<td class="-C" style="width: 235.55pt; border: none windowtext 0pt;">
<p class="Normal-P" style="margin-bottom: 6pt; text-align: justify; text-justify: inter-ideograph; direction: ltr; unicode-bidi: normal;"><span class="Normal-H"><span style="font-size: 11pt;"><img decoding="async" src="http://www.adrianwood.ch/wp-content/uploads/2017/12/1512301248_image1.jpeg" data-link="" width="300px       " height="199px       "></span></span></p>
</td>
<td class="-C" style="width: 233.95pt; border: none windowtext 0pt;">
<p class="Normal-P" style="margin-bottom: 6pt; text-align: justify; text-justify: inter-ideograph; direction: ltr; unicode-bidi: normal;"><span class="Normal-H"><span style="font-size: 11pt;"><img decoding="async" src="http://www.adrianwood.ch/wp-content/uploads/2017/12/1512301248_image2.jpeg" data-link="" width="297px       " height="198px       "></span></span></p>
</td>
</tr>
<tr class="-R">
<td class="-C" style="width: 469.5pt; border: none windowtext 0pt;" colspan="2">
<p class="Normal-P" style="margin-bottom: 6pt; text-align: justify; text-justify: inter-ideograph; direction: ltr; unicode-bidi: normal;"><span class="Normal-H"><span style="font-size: 11pt;">Überraschend viele Wanderer hielten Rast im Rifugio. Eng musste an unserem Tische zu Suppe und Paste bestuhlt werden. Ein Grund mich mit Teller in die freie Natur zu setzen. Leider verdeckten wieder Nebel und Wolken die Sicht in die umliegende Bergwelt. </span></span></p>
</td>
</tr>
<tr class="-R">
<td class="-C" style="width: 469.5pt; border: none windowtext 0pt;" colspan="2">
<p class="Normal-P" style="margin-bottom: 6pt; text-align: center; direction: ltr; unicode-bidi: normal;"><span class="Normal-H"><span style="font-size: 11pt;"><img decoding="async" src="http://www.adrianwood.ch/wp-content/uploads/2017/12/1512301248_image3.jpeg" data-link="" width="600px       " height="399px       "></span></span></p>
</td>
</tr>
<tr class="-R">
<td class="-C" style="width: 235.55pt; border: none windowtext 0pt;">
<p class="Normal-P" style="margin-bottom: 6pt; text-align: justify; text-justify: inter-ideograph; direction: ltr; unicode-bidi: normal;"><span class="Normal-H"><span style="font-size: 11pt;"><img decoding="async" src="http://www.adrianwood.ch/wp-content/uploads/2017/12/1512301248_image4.jpeg" data-link="" width="300px       " height="199px       "></span></span></p>
</td>
<td class="-C" style="width: 233.95pt; border: none windowtext 0pt;">
<p class="Normal-P" style="margin-bottom: 6pt; text-align: justify; text-justify: inter-ideograph; direction: ltr; unicode-bidi: normal;"><span class="Normal-H"><span style="font-size: 11pt;"><img decoding="async" src="http://www.adrianwood.ch/wp-content/uploads/2017/12/1512301248_image5.jpeg" data-link="" width="297px       " height="198px       "></span></span></p>
</td>
</tr>
<tr class="-R">
<td class="-C" style="width: 469.5pt; border: none windowtext 0pt;" colspan="2">
<p class="Normal-P" style="margin-bottom: 6pt; text-align: justify; text-justify: inter-ideograph; direction: ltr; unicode-bidi: normal;"><span class="Normal-H"><span style="font-size: 11pt;">Am frühen Nachmittag gelangten wir nach einstündigem Aufstieg auf den Col Champillon, 2708 m. Auch jetzt leicht bewölkt. Da brachte auch ein kurzes Kraxeln auf einen nahe liegenden Aussichtspunkt keine bessere Sicht, und das Mont Blanc Massiv im Westen konnte nur erahnt werden.</span></span></p>
</td>
</tr>
<tr class="-R">
<td class="-C" style="width: 469.5pt; border: none windowtext 0pt;" colspan="2">
<p class="Normal-P" style="margin-bottom: 6pt; text-align: center; direction: ltr; unicode-bidi: normal;"><span class="Normal-H"><span style="font-size: 11pt;"><img decoding="async" src="http://www.adrianwood.ch/wp-content/uploads/2017/12/1512301248_image6.jpeg" data-link="" width="588px       " height="391px       "></span></span></p>
</td>
</tr>
<tr class="-R">
<td class="-C" style="width: 469.5pt; border: none windowtext 0pt;" colspan="2">
<p class="Normal-P" style="margin-top: 6pt; margin-bottom: 6pt; text-align: justify; text-justify: inter-ideograph; direction: ltr; unicode-bidi: normal;"><span class="Normal-H"><span style="font-size: 11pt;">Der Col Champillon ist Gras bewachsen und so war der Aufstieg wie nun auch der Abstieg mühelos und die Talsole des Val de Menouvë erreichten wir im Nu. Promotion überall: Ein Senne wollte uns unterwegs eine Rast in der Montagna Molline schmackhaft machen, sie sei nur ‚dieci minuti’ – in Realität ein Vielfaches davon, wie ein Blick in die Karte zeigte – entfernt. Hingegen nahm Rafaello das Kompliment, dass sein Italienisch hervorragend sei, mit Staunen gerne entgegen! Der weitere Abstieg hinunter ins Val del G. San Bernardo war ebenfalls problemlos. Aufpassen musste man nur zwischen den Weilern Bezet und Pallex, hier wurde die Alta Via Uno verlassen und man folgte den Markierungen 19a später 15b hinab nach St. Oyen, 2. letztes Dorf an der Grand San Bernardo Passstrasse. Übrigens auch kurz nach Tourbeginn musste zwischen Alta Via Uno (1 in Dreick) und Via Uno (1 in Kreis) unterschieden werden. Letzteres führt ins ‚Giät’ und würde zusätzliche Wanderstunden kosten! Jedoch bei uns ging alles gut und nach ca.8 Stunden netto Wanderzeit trafen wir wie geplant im Hotel Mont Velan in St. Oyen ein. </span></span></p>
<p class="Normal-P" style="margin-bottom: 6pt; text-align: justify; text-justify: inter-ideograph; direction: ltr; unicode-bidi: normal;"><span class="Normal-H"><span style="font-size: 11pt;">Hotelunterkunft war gut. Nachtessen reichlich und köstlich!</span></span></p>
<p class="Normal-P" style="margin-bottom: 6pt; text-align: justify; text-justify: inter-ideograph; direction: ltr; unicode-bidi: normal;"><span class="Normal-H"><span style="font-size: 11pt;">Toni</span></span></p>
</td>
</tr>
<p><!-- [if !supportMisalignedColumns]--></tbody>
</table>
</div>

<p>Donnerstag 25. August 2005, Ollmont / Reynach St. Oyen Vermutlich wird am Anfang des Berichtes darauf hingewiesen, dass die heutige Wanderung ursprünglich auf 2 Tage verteilt wurde; mit Rundgang in Aosta, wozu wir ja Sonntagabend Gelegenheit hatten. Die Tour führte uns vom Valpelline ins Val de Menouvë hinunter nach St. Oyen im Val del Grand &hellip; <a href="https://www.adrianwood.ch/?page_id=14561" class="more-link">Continue reading <span class="screen-reader-text">08-25 Col Champillon</span> <span class="meta-nav">&rarr;</span></a></p>
