{"id":1508,"date":"2011-09-04T15:06:58","date_gmt":"2011-09-04T14:06:58","guid":{"rendered":"http:\/\/adrianwood.ch\/?page_id=1508"},"modified":"2011-09-04T15:06:58","modified_gmt":"2011-09-04T14:06:58","slug":"07-30-les-crosets","status":"publish","type":"page","link":"https:\/\/www.adrianwood.ch\/?page_id=1508","title":{"rendered":"07-30 Les Crosets"},"content":{"rendered":"<h2><strong>Samstag 30.Juli, Champ\u00e9ry \u2013 Les Crosets und Zusammenfassung<\/strong><\/h2>\n<table border=\"0\" cellspacing=\"0\" cellpadding=\"0\">\n<tbody>\n<tr>\n<td colspan=\"2\" valign=\"top\" width=\"816\">Drei Tage vor der Wanderung habe ich an alle Teilnehmer geschrieben: \u201aDie Wanderung wird definitiv stattfinden. Wenn das Wetter am Samstag noch etwas gemischt sein sollte, wird das Wetter im Laufe der 4 Tage st\u00e4ndig sch\u00f6ner und w\u00e4rmer werden. Falls es doch am Samstag sehr schlecht sein sollte, gibt es die M\u00f6glichkeit, die Seilbahn von Champ\u00e9ry zu nehmen und nur ein kurze Wanderung zu machen. Die Wanderung ist nicht so hochalpin wie in manchen fr\u00fcheren Jahren. Unterwegs gibt es D\u00f6rfer mit Restaurants (Morgin, Torgon), aber man braucht nat\u00fcrlich Verpflegung f\u00fcr mindestens den ersten Tag mitzunehmen.\u2018Der Aussage \u00fcber das Wetter hat sich bewahrheitet, aber es war nicht so schlecht, dass wir mit der Seilbahn hinauf fahren mussten. Ich habe aber auf den Col de Cou verzichtet und bin auf direktem Weg zur kleinen Alpwirtschaft La Lapisa aufgestiegen. Hier sind wir auf die urspr\u00fcnglich geplante Route gestossen. Es war schon sehr tr\u00fcb und leicht regenerisch, so dass wir sehr froh waren, dort einkehren zu k\u00f6nnen. Wir genossen die feinen Fruchtw\u00e4hen und die W\u00e4rme der engen Stube.<\/td>\n<\/tr>\n<tr>\n<td valign=\"top\" width=\"408\">\u00a0<img decoding=\"async\" class=\"ngg-singlepic ngg-none\" src=\"http:\/\/adrianwood.ch\/wp-content\/gallery\/lacdetanay01\/image001_r4.jpg\" alt=\"image001_r4\" \/><\/td>\n<td valign=\"top\" width=\"408\">\u00a0<img decoding=\"async\" class=\"ngg-singlepic ngg-none\" src=\"http:\/\/adrianwood.ch\/wp-content\/gallery\/lacdetanay01\/image003_r4.jpg\" alt=\"image003_r4\" \/><\/td>\n<\/tr>\n<tr>\n<td colspan=\"2\" valign=\"top\" width=\"816\">Anschliessend konnten wir die urchige K\u00e4serei besichtigen und manche deckten sich f\u00fcr die kommenden Tage mit Alpk\u00e4se ein. Der Weiterweg ging fast eben \u00fcber Planachaux, das wir von fr\u00fcheren Fastnacht-Skiwochenden gut kannten, oberhalb von Les Crosets bis Vaillimes. Unsere Unterkunft in der Auberge Le Relais Panoramique, die wir um ca 16.00 erreichten, war sch\u00f6n eingerichtet, und wir k\u00f6nnten unsere komfortablen 6-er oder Doppelzimmer gleich beziehen. Kurz nach unserer Ankunft fing es an heftig zu regnen und die Richtigkeit des Entscheids, die Wanderung zu k\u00fcrzen wurde bewiesen.<\/td>\n<\/tr>\n<tr>\n<td valign=\"top\" width=\"408\">\u00a0<img decoding=\"async\" class=\"ngg-singlepic ngg-none\" src=\"http:\/\/adrianwood.ch\/wp-content\/gallery\/lacdetanay01\/image005_r4.jpg\" alt=\"image005_r4\" \/><\/td>\n<td valign=\"top\" width=\"408\">\u00a0<img decoding=\"async\" class=\"ngg-singlepic ngg-none\" src=\"http:\/\/adrianwood.ch\/wp-content\/gallery\/lacdetanay01\/image007_r4.jpg\" alt=\"image007_r4\" \/><\/td>\n<\/tr>\n<tr>\n<td colspan=\"2\" valign=\"top\" width=\"816\">Am n\u00e4chsten Morgen wurden wir von einem strahlend blauen Himmel und einer sch\u00f6nen Sicht auf die Dent de Midi begr\u00fcsst. Aber Nebelschwaden stiegen schnell aus dem Tal auf und h\u00fcllten uns noch vor unserem Abmarsch um 9.15 ein. Der Weg war trotz einer kleinen Abk\u00fcrzung problemlos zu finden und als wir vom Pertus Chetrain steil nach En Tey abstiegen war der Sicht schon besser. Es ging weiter einem Fluss entlang nach Morgin und dann 500m hinauf zum Portes de Culet und unserer zweiten Unterkunft, dem Chalet Neuf.<\/td>\n<\/tr>\n<tr>\n<td valign=\"top\" width=\"408\">\u00a0<img decoding=\"async\" class=\"ngg-singlepic ngg-none\" src=\"http:\/\/adrianwood.ch\/wp-content\/gallery\/lacdetanay01\/image009_r4.jpg\" alt=\"image009_r4\" \/><\/td>\n<td valign=\"top\" width=\"408\">\u00a0<img decoding=\"async\" class=\"ngg-singlepic ngg-none\" src=\"http:\/\/adrianwood.ch\/wp-content\/gallery\/lacdetanay01\/image011_r4.jpg\" alt=\"image011_r4\" \/><\/td>\n<\/tr>\n<tr>\n<td colspan=\"2\" valign=\"top\" width=\"816\">Ich hatte nicht im voraus geschrieben, dass zusammen mit der Wetterbesserung eine Steigerung der L\u00e4nge und des Schwerigkeitsgrad der Wanderungen kommen w\u00fcrde. Der dritte Tag pr\u00e4sentierte sich von Anfang an fast wolkenlos und ist so geblieben. Deswegen fand ich, dass anstatt der tiefer gelegenen\u00a0 ausgeschriebenen Route eine Gipfelbesteigung angebracht w\u00e4re. Wir stiegen auf den Pte des Ombrieux, einen h\u00fcbschen kleinen Gipfel mit Felsen und vielen Blumen und liefen weiter am Tour de Don vorbei zum Col du Croix. Nach einem kurzem Abstieg war es m\u00f6glich, zu traversieren (stellenweise weglos) via Recon und Dravers zum Pas de Blancsex um auf diese Weise der Abstieg nach Torgon und Miex zu vermeiden. Am Schluss waren doch noch 250m Aufstieg inklusiv eine kurze felsige Passage im Wald zum Col de Tanay n\u00f6tig. Es gab viel auf und ab und die aufgenommenen GPS Daten waren eindr\u00fccklich: reine Marschzeit 7Std 19Min, Aufstieg 1041m, Abstieg 1320m.<\/td>\n<\/tr>\n<tr>\n<td valign=\"top\" width=\"408\">\u00a0<img decoding=\"async\" class=\"ngg-singlepic ngg-none\" src=\"http:\/\/adrianwood.ch\/wp-content\/gallery\/lacdetanay01\/image013_r4.jpg\" alt=\"image013_r4\" \/><\/td>\n<td valign=\"top\" width=\"408\">\u00a0<img decoding=\"async\" class=\"ngg-singlepic ngg-none\" src=\"http:\/\/adrianwood.ch\/wp-content\/gallery\/lacdetanay01\/image015_r4.jpg\" alt=\"image015_r4\" \/><\/td>\n<\/tr>\n<tr>\n<td colspan=\"2\" valign=\"top\" width=\"816\">Am letzten Morgen konnten wir einen sch\u00f6nen Sonnenaufgang \u00fcber dem Lac de Tanay geniessen. Wieder ein wolkenloser Himmel! Wieder einer Gipfelbesteigung? Nat\u00fcrlich! Le Grammont (2171m) stand unmittelbar vor uns und bietet einen fantastischen Tiefblick auf den Genfersee. Der\u00a0 750m steile Aufstieg war schnell bew\u00e4ltigt und ausser dem Tiefblick waren die franz\u00f6sischen (Mont Blanc), Walliser (Gran Combin bis Matterhorn) und die Berner Alpen klar zu sehen. Um die urspr\u00fcnglich geplante Route beim Col de la Croix zu erreichen, erwartete ich eine sch\u00f6ne Traversierung (wieder mit einigem auf und ab) mit st\u00e4ndigem Blick auf dem See. Im Wirklichkeit f\u00fchrte der Weg zuerst durch einen Blumenhang immer steiler in einen Kessel hinein. Wir mussten uns affenartig unter Erlengestr\u00fcpp einen steilen glitschigen Hang hinunter angeln. Am Schluss kamen zwei Bach\u00fcberquerung und eine kleine Felswand Querung, bevor es auf der anderen Seite mehr oder weniger normal wieder hinauf ging. Dieses Abenteuer hat viel Zeit und Energie gekostet, so dass wir den langen Abstieg (1400m) etwas sp\u00e4t im Angriff genommen haben. Gl\u00fccklicherweise erfolgt die zweite H\u00e4lfte des Abstiegs auf einer kleinen Strasse und alle konnten (manche viel fr\u00fcher, andere viele sp\u00e4ter) mittels Autostop hinunter fahren. Die zuerst Ankommenden hatten sogar Zeit im Genfersee zu baden. Weil der GPS Tr\u00e4ger zu den ersteren gl\u00fccklichen z\u00e4hlte, sind die Daten f\u00fcr diesen Tag etwas weniger eindr\u00fccklich: reine Marschzeit 6Std 6Min, Aufsteig 1055, Abstieg 1268m. Schlussendlich sind alle m\u00fcde aber doch gl\u00fccklich angekommen und wir konnten mit nur zwei Stunden Versp\u00e4tung nach Hause fahren.\u00a0\u00a0\u00a0\u00a0\u00a0\u00a0\u00a0\u00a0\u00a0\u00a0\u00a0 Adrian<\/td>\n<\/tr>\n<\/tbody>\n<\/table>\n<p><strong><img decoding=\"async\" class=\"ngg-singlepic ngg-none\" src=\"http:\/\/adrianwood.ch\/wp-content\/gallery\/lacdetanay01\/2011-07-30-00.jpg\" alt=\"2011-07-30-00\" \/>\u00a0<\/strong><\/p>\n<p>&nbsp;<\/p>\n","protected":false},"excerpt":{"rendered":"<p>Samstag 30.Juli, Champ\u00e9ry \u2013 Les Crosets und Zusammenfassung Drei Tage vor der Wanderung habe ich an alle Teilnehmer geschrieben: \u201aDie Wanderung wird definitiv stattfinden. Wenn das Wetter am Samstag noch etwas gemischt sein sollte, wird das Wetter im Laufe der 4 Tage st\u00e4ndig sch\u00f6ner und w\u00e4rmer werden. Falls es doch am Samstag sehr schlecht sein &hellip; <a href=\"https:\/\/www.adrianwood.ch\/?page_id=1508\" class=\"more-link\">Continue reading <span class=\"screen-reader-text\">07-30 Les Crosets<\/span> <span class=\"meta-nav\">&rarr;<\/span><\/a><\/p>\n","protected":false},"author":1,"featured_media":0,"parent":1499,"menu_order":1363,"comment_status":"closed","ping_status":"closed","template":"","meta":{"ngg_post_thumbnail":0,"footnotes":""},"class_list":["post-1508","page","type-page","status-publish","hentry"],"_links":{"self":[{"href":"https:\/\/www.adrianwood.ch\/index.php?rest_route=\/wp\/v2\/pages\/1508","targetHints":{"allow":["GET"]}}],"collection":[{"href":"https:\/\/www.adrianwood.ch\/index.php?rest_route=\/wp\/v2\/pages"}],"about":[{"href":"https:\/\/www.adrianwood.ch\/index.php?rest_route=\/wp\/v2\/types\/page"}],"author":[{"embeddable":true,"href":"https:\/\/www.adrianwood.ch\/index.php?rest_route=\/wp\/v2\/users\/1"}],"replies":[{"embeddable":true,"href":"https:\/\/www.adrianwood.ch\/index.php?rest_route=%2Fwp%2Fv2%2Fcomments&post=1508"}],"version-history":[{"count":0,"href":"https:\/\/www.adrianwood.ch\/index.php?rest_route=\/wp\/v2\/pages\/1508\/revisions"}],"up":[{"embeddable":true,"href":"https:\/\/www.adrianwood.ch\/index.php?rest_route=\/wp\/v2\/pages\/1499"}],"wp:attachment":[{"href":"https:\/\/www.adrianwood.ch\/index.php?rest_route=%2Fwp%2Fv2%2Fmedia&parent=1508"}],"curies":[{"name":"wp","href":"https:\/\/api.w.org\/{rel}","templated":true}]}}