{"id":1551,"date":"2011-09-06T09:47:57","date_gmt":"2011-09-06T08:47:57","guid":{"rendered":"http:\/\/adrianwood.ch\/?page_id=1551"},"modified":"2011-09-06T09:47:57","modified_gmt":"2011-09-06T08:47:57","slug":"07-31-col-de-la-meina","status":"publish","type":"page","link":"https:\/\/www.adrianwood.ch\/?page_id=1551","title":{"rendered":"07-31 Col de la Meina"},"content":{"rendered":"<figure id=\"attachment_1552\" aria-describedby=\"caption-attachment-1552\" style=\"width: 730px\" class=\"wp-caption alignleft\"><a href=\"http:\/\/adrianwood.ch\/club-tours\/wallis\/2008-07-col-de-louvie\/07-31-col-de-la-meina\/dscn2541_1\/\" rel=\"attachment wp-att-1552\"><img loading=\"lazy\" decoding=\"async\" class=\"size-full wp-image-1552\" title=\"DSCN2541_1\" src=\"http:\/\/adrianwood.ch\/wp-content\/uploads\/2011\/09\/DSCN2541_1.jpg\" alt=\"auf dem Pic d'Artsinol\" width=\"730\" height=\"547\" \/><\/a><figcaption id=\"caption-attachment-1552\" class=\"wp-caption-text\">auf dem Pic d&#39;Artsinol<\/figcaption><\/figure>\n<p>&nbsp;<\/p>\n<p><strong>Donnerstag, 31. <\/strong><strong>Juli<\/strong><strong>: \u00a0Evol\u00e8ne\u00a0 &#8211; Col de la Meina \u2013 Pic d\u2019Artsinol \u2013 Grande Dixence<\/strong><\/p>\n<table border=\"0\" cellspacing=\"0\" cellpadding=\"0\">\n<tbody>\n<tr>\n<td colspan=\"2\" valign=\"top\" width=\"821\">Ausschlafen war an keinem der 4 Tage m\u00f6glich. Erst recht nicht am Anreisetag, da die Abfahrt Richtung Wallis schon um 6.<sup>00<\/sup> Uhr erfolgte. Die Truppe aus Basel haben wir in Olten getroffen. Klaus und Albi sind in Sion zu uns gestossen. Das heisst unsere Truppe war f\u00fcr den ersten Tag komplett. Dank dem neuen L\u00f6tschbergtunnel ist die Anreise ins Wallis doch recht passabel geworden.<strong><\/strong><\/td>\n<\/tr>\n<tr>\n<td valign=\"top\" width=\"411\">\u00a0<img decoding=\"async\" class=\"ngg-singlepic ngg-none\" src=\"http:\/\/adrianwood.ch\/wp-content\/gallery\/coldelouvie01\/image001_r4.jpg\" alt=\"OLYMPUS DIGITAL CAMERA\" \/><\/td>\n<td valign=\"top\" width=\"411\">\u00a0<img decoding=\"async\" class=\"ngg-singlepic ngg-none\" src=\"http:\/\/adrianwood.ch\/wp-content\/gallery\/coldelouvie01\/image003_r4.jpg\" alt=\"image003_r4\" \/><\/td>\n<\/tr>\n<tr>\n<td colspan=\"2\" valign=\"top\" width=\"821\">Unser Postauto kam fahrplanm\u00e4ssig und p\u00fcnktlich um 9.<sup>20<\/sup> Uhr in Evol\u00e8ne an. Adrian traf eine weise Entscheidung und beschloss, dass wir Richtung Lanna marschieren (ca. 30Min.) und dann den 2er Sessellift (antike Version) nach Chemeuille (2121m) benutzen. Somit haben wir uns schon anstrengende 700 H\u00f6henmeter gespart. Anna und ich durften zum ersten Mal in unserem Leben zum Seniorentarif mitfahren (sehen wir wirklich schon so alt aus?).<strong><\/strong><\/td>\n<\/tr>\n<tr>\n<td valign=\"top\" width=\"411\">\u00a0<img decoding=\"async\" class=\"ngg-singlepic ngg-none\" src=\"http:\/\/adrianwood.ch\/wp-content\/gallery\/coldelouvie01\/image005_r4.jpg\" alt=\"image005_r4\" \/><\/td>\n<td valign=\"top\" width=\"411\">\u00a0<img decoding=\"async\" class=\"ngg-singlepic ngg-none\" src=\"http:\/\/adrianwood.ch\/wp-content\/gallery\/coldelouvie01\/image007_r4.jpg\" alt=\"image007_r4\" \/><\/td>\n<\/tr>\n<tr>\n<td colspan=\"2\" valign=\"top\" width=\"821\">Nach einer kleinen St\u00e4rkung nahmen wir bei pr\u00e4chtigen Wetter den Aufstieg Richtung Col de la Meina (2702m) unter die F\u00fcsse. Der sch\u00f6n angelegte Wanderweg f\u00fchrte uns z\u00fcgig an einer wundersch\u00f6nen Alpen-flora mit tausenden von treuen M\u00e4nnern (M\u00e4nnertreu) und einem tollen Alpenpanorama Richtung Pass hoch. Bei der Verzweigung (2627m) Richtung Col de la Meina resp. Pic d\u2019Artsinol (2998m) haben wir uns verpflegt und Adrian war der Meinung, dass wir eigentlich noch gen\u00fcgend Zeit h\u00e4tten, um eine <strong><\/strong><\/td>\n<\/tr>\n<tr>\n<td valign=\"top\" width=\"411\">\u00a0<img decoding=\"async\" class=\"ngg-singlepic ngg-none\" src=\"http:\/\/adrianwood.ch\/wp-content\/gallery\/coldelouvie01\/image009_r4.jpg\" alt=\"image009_r4\" \/><\/td>\n<td valign=\"top\" width=\"411\">\u00a0<img decoding=\"async\" class=\"ngg-singlepic ngg-none\" src=\"http:\/\/adrianwood.ch\/wp-content\/gallery\/coldelouvie01\/image011_r4.jpg\" alt=\"image011_r4\" \/><\/td>\n<\/tr>\n<tr>\n<td valign=\"top\" width=\"411\">\u00a0<img decoding=\"async\" class=\"ngg-singlepic ngg-none\" src=\"http:\/\/adrianwood.ch\/wp-content\/gallery\/coldelouvie01\/image013_r4.jpg\" alt=\"image013_r4\" \/><\/td>\n<td valign=\"top\" width=\"411\">\u00a0<img decoding=\"async\" class=\"ngg-singlepic ngg-none\" src=\"http:\/\/adrianwood.ch\/wp-content\/gallery\/coldelouvie01\/image015_r4.jpg\" alt=\"image015_r4\" \/><\/td>\n<\/tr>\n<tr>\n<td colspan=\"2\" valign=\"top\" width=\"821\">Gipfelbesteigung zu machen. Nicht Alle waren von dieser Idee begeistert aber am Schluss waren doch einige der Kollegen auf den Gipfel gekraxelt. Der 350m Anstieg war recht steil, aber eigentlich problemlos zu bew\u00e4ltigen. Nach einem relativ kurzen, genussvollen Rundblick auf die hochalpine Umgebung und nochmaligen Schluck aus der Pulle, nahmen wir den Abstieg zum Col de la Meina in Angriff.<\/td>\n<\/tr>\n<tr>\n<td valign=\"top\" width=\"411\">In der Zwischenzeit war es beinahe 15.<sup>00 <\/sup>\u00a0Uhr. Vor-gesehen w\u00e4re jetzt nur noch der Abstieg Richtung Pralong. Da, aber das Hotel nicht gen\u00fcgend Zimmer f\u00fcr 14 Personen hatte, durften 8 der Teilnehmer im Hotel du Barrage (Grande Dixence) \u00fcbernachten. Das heisst, wir haben uns von den Kollegen ver-abschiedet, einen guten Abstieg und eine angenehme Nachtruhe gew\u00fcnscht. Da wir wussten, dass es ein Ding der Unm\u00f6glichkeit war, den Bus um 16.<sup>30 <\/sup>Uhr in Pralong Richtung Grande Dixence zu erreichen, hiess das einige zus\u00e4tzliche Kilometer zu Fuss. Dummerweise f\u00fchrte anfangs die Abstiegsroute vom Hotel weg. Auf der H\u00f6he von 2084m konnten wir dann endlich die Abzweigung Richtung Dixence einschlagen. Mit einigen kleinen Auf- und Abstiegen m\u00fcndete der Wanderweg in einen Feldweg. Leider konnten wir die H\u00f6he nicht beibehalten und mussten Richtung Talsohle absteigen. Beim Abstieg Richtung Fahrstrasse haben wir ein paar Regenspritzer ab-bekommen. Jetzt kam noch das \u201epi\u00e8ce de r\u00e9sistance\u201c. Die zu bew\u00e4ltigenden 11\u00bd Haarnadelkurven auf der Fahrstrasse haben nicht wirklich motivierende Wirkung.<\/td>\n<td valign=\"top\" width=\"411\">\n<p align=\"center\"><em><img decoding=\"async\" class=\"ngg-singlepic ngg-none\" src=\"http:\/\/adrianwood.ch\/wp-content\/gallery\/coldelouvie01\/image017_r4.jpg\" alt=\"image017_r4\" \/><\/em><\/p>\n<p align=\"center\"><em>Col de la Meina mit Blick auf Grande Dixence<\/em><strong><\/strong><\/p>\n<\/td>\n<\/tr>\n<tr>\n<td valign=\"top\" width=\"411\">\u00a0<img decoding=\"async\" class=\"ngg-singlepic ngg-none\" src=\"http:\/\/adrianwood.ch\/wp-content\/gallery\/coldelouvie01\/image019_r4.jpg\" alt=\"OLYMPUS DIGITAL CAMERA\" \/><\/td>\n<td valign=\"top\" width=\"411\">Jeder hat sich individuell zum Hotel hoch gek\u00e4mpft und um 18.<sup>00 <\/sup>Uhr haben wir unser Ziel erreicht. Das Hotel steht etwa 50m vor der imposanten Grand Dixence Staumauer. Diese ist 265m hoch und an der dicksten Stelle 200m. Bei der Hotel-Rezeption haben wir nicht schlecht gestaunt als es hiess f\u00fcr die Gruppe Kriemler sei das Zimmer 325 reserviert. Dies war ein Zimmer mit 8 Betten und Hanspeter, Peter, Brigitte, die den Gipfel ausgelassen hatten, haben schon auf ihren Betten gefaulenzt. Scheinbar hat die Reservation der Doppelzimmer nicht geklappt. Ein Doppelzimmer zu kriegen w\u00e4re aber \u00fcberhaupt kein Problem gewesen, da der Ansturm erst f\u00fcr den 1. August angesagt war (alle 170 Betten seien ausgebucht!). Das Zimmer war ger\u00e4umig und der Radiator leicht warm, so dass die gewaschen Kleider am anderen Morgen trocken waren. Nach der verdienten und erfrischenden Dusche, wurde das Nachtessen um 19.<sup>00<\/sup> Uhr serviert. Vorspeise: Pouletspiessli an sweetsauren Sauce, kleiner Salat. Haupmenue: R\u00f6sti mit Pressschinken und Spinat. Dessert: Cassata-Eiscreme.<\/td>\n<\/tr>\n<tr>\n<td colspan=\"2\" valign=\"top\" width=\"821\">Nach einem kurzen Rundgang der Hotelumgebung waren die Akkus endg\u00fcltig leer. Als ich mich um 21.<sup>45<\/sup>Uhr Richtung Bett orientierte, war ich leicht erstaunt, denn ich war der letzte Bettg\u00e4nger. So ging ein herrlicher, anstrengender und abwechslungsreicher erster Tag zu Ende.Peter S.<\/td>\n<\/tr>\n<\/tbody>\n<\/table>\n<p><img decoding=\"async\" class=\"ngg-singlepic ngg-none\" src=\"http:\/\/adrianwood.ch\/wp-content\/gallery\/coldelouvie01\/image001.jpg\" alt=\"image001\" \/><\/p>\n<p>xxx<\/p>\n","protected":false},"excerpt":{"rendered":"<p>&nbsp; Donnerstag, 31. Juli: \u00a0Evol\u00e8ne\u00a0 &#8211; Col de la Meina \u2013 Pic d\u2019Artsinol \u2013 Grande Dixence Ausschlafen war an keinem der 4 Tage m\u00f6glich. Erst recht nicht am Anreisetag, da die Abfahrt Richtung Wallis schon um 6.00 Uhr erfolgte. Die Truppe aus Basel haben wir in Olten getroffen. Klaus und Albi sind in Sion zu &hellip; <a href=\"https:\/\/www.adrianwood.ch\/?page_id=1551\" class=\"more-link\">Continue reading <span class=\"screen-reader-text\">07-31 Col de la Meina<\/span> <span class=\"meta-nav\">&rarr;<\/span><\/a><\/p>\n","protected":false},"author":1,"featured_media":0,"parent":1532,"menu_order":1333,"comment_status":"closed","ping_status":"closed","template":"","meta":{"ngg_post_thumbnail":0,"footnotes":""},"class_list":["post-1551","page","type-page","status-publish","hentry"],"_links":{"self":[{"href":"https:\/\/www.adrianwood.ch\/index.php?rest_route=\/wp\/v2\/pages\/1551","targetHints":{"allow":["GET"]}}],"collection":[{"href":"https:\/\/www.adrianwood.ch\/index.php?rest_route=\/wp\/v2\/pages"}],"about":[{"href":"https:\/\/www.adrianwood.ch\/index.php?rest_route=\/wp\/v2\/types\/page"}],"author":[{"embeddable":true,"href":"https:\/\/www.adrianwood.ch\/index.php?rest_route=\/wp\/v2\/users\/1"}],"replies":[{"embeddable":true,"href":"https:\/\/www.adrianwood.ch\/index.php?rest_route=%2Fwp%2Fv2%2Fcomments&post=1551"}],"version-history":[{"count":0,"href":"https:\/\/www.adrianwood.ch\/index.php?rest_route=\/wp\/v2\/pages\/1551\/revisions"}],"up":[{"embeddable":true,"href":"https:\/\/www.adrianwood.ch\/index.php?rest_route=\/wp\/v2\/pages\/1532"}],"wp:attachment":[{"href":"https:\/\/www.adrianwood.ch\/index.php?rest_route=%2Fwp%2Fv2%2Fmedia&parent=1551"}],"curies":[{"name":"wp","href":"https:\/\/api.w.org\/{rel}","templated":true}]}}

<figure id="attachment_1552" aria-describedby="caption-attachment-1552" style="width: 730px" class="wp-caption alignleft"><a href="http://adrianwood.ch/club-tours/wallis/2008-07-col-de-louvie/07-31-col-de-la-meina/dscn2541_1/" rel="attachment wp-att-1552"><img loading="lazy" decoding="async" class="size-full wp-image-1552" title="DSCN2541_1" src="http://adrianwood.ch/wp-content/uploads/2011/09/DSCN2541_1.jpg" alt="auf dem Pic d'Artsinol" width="730" height="547" /></a><figcaption id="caption-attachment-1552" class="wp-caption-text">auf dem Pic d&#39;Artsinol</figcaption></figure>
<p>&nbsp;</p>
<p><strong>Donnerstag, 31. </strong><strong>Juli</strong><strong>:  Evolène  &#8211; Col de la Meina – Pic d’Artsinol – Grande Dixence</strong></p>
<table border="0" cellspacing="0" cellpadding="0">
<tbody>
<tr>
<td colspan="2" valign="top" width="821">Ausschlafen war an keinem der 4 Tage möglich. Erst recht nicht am Anreisetag, da die Abfahrt Richtung Wallis schon um 6.<sup>00</sup> Uhr erfolgte. Die Truppe aus Basel haben wir in Olten getroffen. Klaus und Albi sind in Sion zu uns gestossen. Das heisst unsere Truppe war für den ersten Tag komplett. Dank dem neuen Lötschbergtunnel ist die Anreise ins Wallis doch recht passabel geworden.<strong></strong></td>
</tr>
<tr>
<td valign="top" width="411"> <img decoding="async" class="ngg-singlepic ngg-none" src="http://adrianwood.ch/wp-content/gallery/coldelouvie01/image001_r4.jpg" alt="OLYMPUS DIGITAL CAMERA" /></td>
<td valign="top" width="411"> <img decoding="async" class="ngg-singlepic ngg-none" src="http://adrianwood.ch/wp-content/gallery/coldelouvie01/image003_r4.jpg" alt="image003_r4" /></td>
</tr>
<tr>
<td colspan="2" valign="top" width="821">Unser Postauto kam fahrplanmässig und pünktlich um 9.<sup>20</sup> Uhr in Evolène an. Adrian traf eine weise Entscheidung und beschloss, dass wir Richtung Lanna marschieren (ca. 30Min.) und dann den 2er Sessellift (antike Version) nach Chemeuille (2121m) benutzen. Somit haben wir uns schon anstrengende 700 Höhenmeter gespart. Anna und ich durften zum ersten Mal in unserem Leben zum Seniorentarif mitfahren (sehen wir wirklich schon so alt aus?).<strong></strong></td>
</tr>
<tr>
<td valign="top" width="411"> <img decoding="async" class="ngg-singlepic ngg-none" src="http://adrianwood.ch/wp-content/gallery/coldelouvie01/image005_r4.jpg" alt="image005_r4" /></td>
<td valign="top" width="411"> <img decoding="async" class="ngg-singlepic ngg-none" src="http://adrianwood.ch/wp-content/gallery/coldelouvie01/image007_r4.jpg" alt="image007_r4" /></td>
</tr>
<tr>
<td colspan="2" valign="top" width="821">Nach einer kleinen Stärkung nahmen wir bei prächtigen Wetter den Aufstieg Richtung Col de la Meina (2702m) unter die Füsse. Der schön angelegte Wanderweg führte uns zügig an einer wunderschönen Alpen-flora mit tausenden von treuen Männern (Männertreu) und einem tollen Alpenpanorama Richtung Pass hoch. Bei der Verzweigung (2627m) Richtung Col de la Meina resp. Pic d’Artsinol (2998m) haben wir uns verpflegt und Adrian war der Meinung, dass wir eigentlich noch genügend Zeit hätten, um eine <strong></strong></td>
</tr>
<tr>
<td valign="top" width="411"> <img decoding="async" class="ngg-singlepic ngg-none" src="http://adrianwood.ch/wp-content/gallery/coldelouvie01/image009_r4.jpg" alt="image009_r4" /></td>
<td valign="top" width="411"> <img decoding="async" class="ngg-singlepic ngg-none" src="http://adrianwood.ch/wp-content/gallery/coldelouvie01/image011_r4.jpg" alt="image011_r4" /></td>
</tr>
<tr>
<td valign="top" width="411"> <img decoding="async" class="ngg-singlepic ngg-none" src="http://adrianwood.ch/wp-content/gallery/coldelouvie01/image013_r4.jpg" alt="image013_r4" /></td>
<td valign="top" width="411"> <img decoding="async" class="ngg-singlepic ngg-none" src="http://adrianwood.ch/wp-content/gallery/coldelouvie01/image015_r4.jpg" alt="image015_r4" /></td>
</tr>
<tr>
<td colspan="2" valign="top" width="821">Gipfelbesteigung zu machen. Nicht Alle waren von dieser Idee begeistert aber am Schluss waren doch einige der Kollegen auf den Gipfel gekraxelt. Der 350m Anstieg war recht steil, aber eigentlich problemlos zu bewältigen. Nach einem relativ kurzen, genussvollen Rundblick auf die hochalpine Umgebung und nochmaligen Schluck aus der Pulle, nahmen wir den Abstieg zum Col de la Meina in Angriff.</td>
</tr>
<tr>
<td valign="top" width="411">In der Zwischenzeit war es beinahe 15.<sup>00 </sup> Uhr. Vor-gesehen wäre jetzt nur noch der Abstieg Richtung Pralong. Da, aber das Hotel nicht genügend Zimmer für 14 Personen hatte, durften 8 der Teilnehmer im Hotel du Barrage (Grande Dixence) übernachten. Das heisst, wir haben uns von den Kollegen ver-abschiedet, einen guten Abstieg und eine angenehme Nachtruhe gewünscht. Da wir wussten, dass es ein Ding der Unmöglichkeit war, den Bus um 16.<sup>30 </sup>Uhr in Pralong Richtung Grande Dixence zu erreichen, hiess das einige zusätzliche Kilometer zu Fuss. Dummerweise führte anfangs die Abstiegsroute vom Hotel weg. Auf der Höhe von 2084m konnten wir dann endlich die Abzweigung Richtung Dixence einschlagen. Mit einigen kleinen Auf- und Abstiegen mündete der Wanderweg in einen Feldweg. Leider konnten wir die Höhe nicht beibehalten und mussten Richtung Talsohle absteigen. Beim Abstieg Richtung Fahrstrasse haben wir ein paar Regenspritzer ab-bekommen. Jetzt kam noch das „pièce de résistance“. Die zu bewältigenden 11½ Haarnadelkurven auf der Fahrstrasse haben nicht wirklich motivierende Wirkung.</td>
<td valign="top" width="411">
<p align="center"><em><img decoding="async" class="ngg-singlepic ngg-none" src="http://adrianwood.ch/wp-content/gallery/coldelouvie01/image017_r4.jpg" alt="image017_r4" /></em></p>
<p align="center"><em>Col de la Meina mit Blick auf Grande Dixence</em><strong></strong></p>
</td>
</tr>
<tr>
<td valign="top" width="411"> <img decoding="async" class="ngg-singlepic ngg-none" src="http://adrianwood.ch/wp-content/gallery/coldelouvie01/image019_r4.jpg" alt="OLYMPUS DIGITAL CAMERA" /></td>
<td valign="top" width="411">Jeder hat sich individuell zum Hotel hoch gekämpft und um 18.<sup>00 </sup>Uhr haben wir unser Ziel erreicht. Das Hotel steht etwa 50m vor der imposanten Grand Dixence Staumauer. Diese ist 265m hoch und an der dicksten Stelle 200m. Bei der Hotel-Rezeption haben wir nicht schlecht gestaunt als es hiess für die Gruppe Kriemler sei das Zimmer 325 reserviert. Dies war ein Zimmer mit 8 Betten und Hanspeter, Peter, Brigitte, die den Gipfel ausgelassen hatten, haben schon auf ihren Betten gefaulenzt. Scheinbar hat die Reservation der Doppelzimmer nicht geklappt. Ein Doppelzimmer zu kriegen wäre aber überhaupt kein Problem gewesen, da der Ansturm erst für den 1. August angesagt war (alle 170 Betten seien ausgebucht!). Das Zimmer war geräumig und der Radiator leicht warm, so dass die gewaschen Kleider am anderen Morgen trocken waren. Nach der verdienten und erfrischenden Dusche, wurde das Nachtessen um 19.<sup>00</sup> Uhr serviert. Vorspeise: Pouletspiessli an sweetsauren Sauce, kleiner Salat. Haupmenue: Rösti mit Pressschinken und Spinat. Dessert: Cassata-Eiscreme.</td>
</tr>
<tr>
<td colspan="2" valign="top" width="821">Nach einem kurzen Rundgang der Hotelumgebung waren die Akkus endgültig leer. Als ich mich um 21.<sup>45</sup>Uhr Richtung Bett orientierte, war ich leicht erstaunt, denn ich war der letzte Bettgänger. So ging ein herrlicher, anstrengender und abwechslungsreicher erster Tag zu Ende.Peter S.</td>
</tr>
</tbody>
</table>
<p><img decoding="async" class="ngg-singlepic ngg-none" src="http://adrianwood.ch/wp-content/gallery/coldelouvie01/image001.jpg" alt="image001" /></p>
<p>xxx</p>

<p>&nbsp; Donnerstag, 31. Juli:  Evolène  &#8211; Col de la Meina – Pic d’Artsinol – Grande Dixence Ausschlafen war an keinem der 4 Tage möglich. Erst recht nicht am Anreisetag, da die Abfahrt Richtung Wallis schon um 6.00 Uhr erfolgte. Die Truppe aus Basel haben wir in Olten getroffen. Klaus und Albi sind in Sion zu &hellip; <a href="https://www.adrianwood.ch/?page_id=1551" class="more-link">Continue reading <span class="screen-reader-text">07-31 Col de la Meina</span> <span class="meta-nav">&rarr;</span></a></p>
