{"id":159,"date":"2011-01-05T10:39:13","date_gmt":"2011-01-05T09:39:13","guid":{"rendered":"http:\/\/adrianwood.ch\/"},"modified":"2019-11-02T19:55:48","modified_gmt":"2019-11-02T19:55:48","slug":"2010-05-northern-england","status":"publish","type":"page","link":"https:\/\/www.adrianwood.ch\/?page_id=159","title":{"rendered":"2010-05 Northern England"},"content":{"rendered":"<figure id=\"attachment_677\" aria-describedby=\"caption-attachment-677\" style=\"width: 720px\" class=\"wp-caption alignleft\"><a href=\"http:\/\/adrianwood.ch\/club-holidays\/2010-05-northern-england\/image001_r2\/\" rel=\"attachment wp-att-677\"><img loading=\"lazy\" decoding=\"async\" class=\"size-full wp-image-677\" title=\"image001_r2\" src=\"http:\/\/adrianwood.ch\/wp-content\/uploads\/2011\/01\/image001_r2.jpg\" alt=\"auf Fairfield\" width=\"720\" height=\"486\"><\/a><figcaption id=\"caption-attachment-677\" class=\"wp-caption-text\">auf Fairfield<\/figcaption><\/figure>\n<p>Nordengland &#8211; das Land der Dichter und Schriftsteller, Grossbritanniens grosser viktorianischer Pioniere und mit einer Geschichte, die Tausende von Jahren zur\u00fcckgeht. Dieses England ist das Land von Wordsworth, den Brontes, den R\u00f6mern und der industriellen Revolution und hat massgebend das Schicksal und den Charakter Grossbritanniens gepr\u00e4gt. Die Landschaft und die K\u00fcstenstreifen bleiben sch\u00f6n und unverdorben, denn sie werden von nicht weniger als f\u00fcnf Nationalparks gesch\u00fctzt &#8211; von der rauhen Wildnis in Northumbria, den dramatischen North York Mooren, den gr\u00fcnen T\u00e4lern der Yorkshire Dales bis zu den aufragenden H\u00f6hen und den k\u00fchlen Tiefen des Lake District.<\/p>\n<p>Mit einer Fl\u00e4che von 2279 km2 ist der Lake District Grossbritanniens gr\u00f6sster Nationalpark und die herausragendste landschaftliche Attraktion im Norden Englands. Er erhielt den Namen dank der 16 grossen Seen in seinem Gebiet. Malerische Seen, vom gesch\u00fctzten und ruhigen Wasser des Buttermere, Grasmere und Rydal Water, bis zum Windermere, Derwent Water und Ullswater &#8211; belebt von Ausflugsdampfern und umgeben von beliebten Orten am Seeufer. Aus den Tiefen der Seen ragen hier Englands h\u00f6chste Gipfel in den Himmel. Von dort oben hat der Wanderer phantastische Ausblicke auf blau schimmernde Seen zwischen rauhen H\u00fcgeln, auf tosende Wasserf\u00e4lle und kleine D\u00f6rfer mit typischen Cottages aus grauen Bruchsteinen.<\/p>\n<p>Der Lake District wird im Osten von der welligen, gr\u00fcnen Landschaft und den h\u00fcbschen Fl\u00fcssen des Eden Valley abgegrenzt. Hier st\u00f6sst man beim durchfahren auf malerische D\u00f6rfer und die zum Teil ebenfalls malerischen Bahnh\u00f6fe der ber\u00fchmten Settle-Carlisle Eisenbahn, ein H\u00f6hepunkt der viktorianischen Eisenbahn-bautechniks, deren Route f\u00fcr ihre atemberaubende Aussicht bekannt ist. Settle liegt am s\u00fcdlichem Rand des Yorkshire Dales National Parks, der sich \u00fcber 1760 km2 Kalksteinh\u00fcgelland der Pennine-gebirge erstreckt. Landschaftlich ganz besonders attraktiv ist im Norden das Swaledale, wo man noch die Ruinen ehemaliger fr\u00fchindustrieller Produktionsst\u00e4tten erkunden kann. Parallel dazu verl\u00e4uft das ebenfalls wundersch\u00f6ne Wensleydale, dessen deftige K\u00e4se durch den \u201aWallace und Grommit\u2019 Filme ber\u00fchmt wurde.<\/p>\n<p>Wir starten unsere Reise in Ambleside\/Windermere, die das s\u00fcdliche Tor zu den Seen bilden. Anschliessend wird ein Aufenthalt in Great Langdale im Old Dungeon Ghyll Hotel weniger touristisch und vermittelt mehr Bergsteiger \u201afeeling\u2019. Von hier aus kann man sogar zu Fuss Derwent Water und Keswick auf der Nordseite des Lake Districts erreichen, m\u00f6glicherweise \u00fcber Scafell Pike, England\u2019s h\u00f6chsten Berg. Unser Gep\u00e4ck nimmt nat\u00fcrlich eine andere Route. Die Weiterreise f\u00fchrt uns nach Glenridding am Ullswater, Englands zweitl\u00e4ngster See, \u00fcberragt von Helvellyn mit seinem imposanten Striding Edge. Via Penrith verlassen wir den Lake District und erreichen die Carlisle-Settle Eisenbahn, die uns schnell nach Settle bringt. Unsere letzte Unterkunft liegt sehr malerisch im Wensleydale mit Blicke auf Hawes, einem kleinen Marktst\u00e4dtchen.<\/p>\n<h3><a href=\"http:\/\/www.adrianwood.ch\/?page_id=728\">Inhalt<\/a><\/h3>\n<figure id=\"attachment_678\" aria-describedby=\"caption-attachment-678\" style=\"width: 720px\" class=\"wp-caption alignleft\"><a href=\"http:\/\/adrianwood.ch\/club-holidays\/2010-05-northern-england\/image004_r2\/\" rel=\"attachment wp-att-678\"><img loading=\"lazy\" decoding=\"async\" class=\"size-full wp-image-678\" title=\"image004_r2\" src=\"http:\/\/adrianwood.ch\/wp-content\/uploads\/2011\/01\/image004_r2.jpg\" alt=\"auf dem Slater's Bridge, Little Langdale\" width=\"720\" height=\"480\"><\/a><figcaption id=\"caption-attachment-678\" class=\"wp-caption-text\">auf dem Slater&#8217;s Bridge, Little Langdale<\/figcaption><\/figure>\nngg_shortcode_0_placeholder\n","protected":false},"excerpt":{"rendered":"<p>Nordengland &#8211; das Land der Dichter und Schriftsteller, Grossbritanniens grosser viktorianischer Pioniere und mit einer Geschichte, die Tausende von Jahren zur\u00fcckgeht. Dieses England ist das Land von Wordsworth, den Brontes, den R\u00f6mern und der industriellen Revolution und hat massgebend das Schicksal und den Charakter Grossbritanniens gepr\u00e4gt. Die Landschaft und die K\u00fcstenstreifen bleiben sch\u00f6n und unverdorben, &hellip; <a href=\"https:\/\/www.adrianwood.ch\/?page_id=159\" class=\"more-link\">Continue reading <span class=\"screen-reader-text\">2010-05 Northern England<\/span> <span class=\"meta-nav\">&rarr;<\/span><\/a><\/p>\n","protected":false},"author":1,"featured_media":0,"parent":20727,"menu_order":236,"comment_status":"closed","ping_status":"closed","template":"","meta":{"ngg_post_thumbnail":0,"footnotes":""},"class_list":["post-159","page","type-page","status-publish","hentry"],"_links":{"self":[{"href":"https:\/\/www.adrianwood.ch\/index.php?rest_route=\/wp\/v2\/pages\/159","targetHints":{"allow":["GET"]}}],"collection":[{"href":"https:\/\/www.adrianwood.ch\/index.php?rest_route=\/wp\/v2\/pages"}],"about":[{"href":"https:\/\/www.adrianwood.ch\/index.php?rest_route=\/wp\/v2\/types\/page"}],"author":[{"embeddable":true,"href":"https:\/\/www.adrianwood.ch\/index.php?rest_route=\/wp\/v2\/users\/1"}],"replies":[{"embeddable":true,"href":"https:\/\/www.adrianwood.ch\/index.php?rest_route=%2Fwp%2Fv2%2Fcomments&post=159"}],"version-history":[{"count":3,"href":"https:\/\/www.adrianwood.ch\/index.php?rest_route=\/wp\/v2\/pages\/159\/revisions"}],"predecessor-version":[{"id":20731,"href":"https:\/\/www.adrianwood.ch\/index.php?rest_route=\/wp\/v2\/pages\/159\/revisions\/20731"}],"up":[{"embeddable":true,"href":"https:\/\/www.adrianwood.ch\/index.php?rest_route=\/wp\/v2\/pages\/20727"}],"wp:attachment":[{"href":"https:\/\/www.adrianwood.ch\/index.php?rest_route=%2Fwp%2Fv2%2Fmedia&parent=159"}],"curies":[{"name":"wp","href":"https:\/\/api.w.org\/{rel}","templated":true}]}}