{"id":16242,"date":"2018-03-01T14:00:46","date_gmt":"2018-03-01T14:00:46","guid":{"rendered":"http:\/\/www.adrianwood.ch\/?page_id=16242"},"modified":"2018-03-02T14:14:39","modified_gmt":"2018-03-02T14:14:39","slug":"05-19-paramonas","status":"publish","type":"page","link":"https:\/\/www.adrianwood.ch\/?page_id=16242","title":{"rendered":"05-19 Korrission Lagune"},"content":{"rendered":"<div class=\"pmdi_content_wrapper\">\n<h2 class=\"Normal-P\" style=\"margin-bottom: 6pt; direction: ltr; unicode-bidi: normal;\"><span class=\"Normal-H\"><span style=\"font-family: Times New Roman; font-weight: bold; color: windowtext; font-size: 11pt;\">19.Mai, Santa Barbara &#8211; Agios Georgios &#8211; Korrission Lagune &#8211; Paramonas<\/span><\/span><span class=\"Normal-H\"><br \/>\n<\/span><\/h2>\n<table class=\"TableNormal-T\" style=\"width: 495.9pt; border-collapse: collapse;\" cellspacing=\"0\">\n<tbody>\n<tr class=\"-R\" style=\"height: 188.95pt; page-break-inside: avoid;\">\n<td class=\"-C\" style=\"width: 495.9pt; padding: 0 3.5pt 0 3.5pt;\" colspan=\"5\">\n<p class=\"Normal-P\" style=\"margin-bottom: 6pt; text-align: justify; text-justify: inter-ideograph; direction: ltr; unicode-bidi: normal;\"><span class=\"Normal-H\"><span style=\"font-family: Times New Roman; color: windowtext; font-size: 11pt;\">Auf dem Balkon sitzend geniesse ich die Abendstimmung in der Bucht von Paramonas und lasse den heutigen Tag an mir vor\u00fcberziehen. Neben mir trocknen die Badehosen &#8211; und T\u00fccher und die erste W\u00e4sche flattert im Abendwind .Mir scheint, wir seien schon so lange weg von Basel und vollkommen eingetaucht in die Ferienwelt. Seit unserer Ankunft gestern morgen haben wir schon so viel erlebt und gesehen und einander kennengelernt.<\/span><\/span><\/p>\n<p class=\"BodyText2-P\" style=\"margin-bottom: 6pt; text-align: justify; text-justify: inter-ideograph; direction: ltr; unicode-bidi: normal;\"><span class=\"BodyText2-H\">Heute morgen um 8.00 finden sich die kleinen Gruppen, die in verschiedenen H\u00e4usern im kleinen Ort Paramonas untergebracht sind zum Morgenessen in der Greek Taverna Sunset ein, wo wir gestern unser erstes griechischen Abendessen eingenommen haben. Wir st\u00e4rken uns mit Eiern, Brot und Kuchen, Kaffee oder Tee f\u00fcr die heutige Wanderung, die uns keine H\u00f6henmeter abverlangen wird.<\/span><\/p>\n<p class=\"Normal-P\" style=\"margin-bottom: 6pt; text-align: justify; text-justify: inter-ideograph; direction: ltr; unicode-bidi: normal;\"><span class=\"Normal-H\"><span style=\"font-family: Times New Roman; color: windowtext; font-size: 11pt;\">Um 9.15 ist das Car abfahrbereit, das uns \u00fcber Aryr\u00e1des und Periv\u00f3li hinunter in den S\u00fcden nach Agia Varv\u00e1ra oder Santa Barbara, an der an der Westk\u00fcste liegt, f\u00e4hrt.<\/span><\/span><\/p>\n<p class=\"Normal-P\" style=\"margin-bottom: 6pt; text-align: justify; text-justify: inter-ideograph; direction: ltr; unicode-bidi: normal;\"><span class=\"Normal-H\"><span style=\"font-family: Times New Roman; color: windowtext; font-size: 11pt;\">Wie schon gestern sehen wir zwei verschiede Seiten von Griechenland. Da treibt eine alte Frau einen mit Stroh beladen Esel aus einem Garten heraus \u2013 ein Bild des alten Griechenlands &#8211; dort zeigt sich der Massentourismus mit Reihen von Kneipen, Souvenierst\u00e4nden und Swinmmingpools &#8211; ein Bild des neuen,modernen Griechenlands.<\/span><\/span><\/p>\n<\/td>\n<\/tr>\n<tr class=\"-R\" style=\"height: 172.7pt;\">\n<td class=\"-C\" style=\"width: 237.3pt; padding: 0 3.5pt 0 3.5pt;\">\n<p class=\"Normal-P\" style=\"margin-bottom: 6pt; text-align: justify; text-justify: inter-ideograph; direction: ltr; unicode-bidi: normal;\"><span class=\"Normal-H\"><span style=\"font-family: Times New Roman; color: windowtext; font-size: 11pt;\"><img loading=\"lazy\" decoding=\"async\" class=\"\" src=\"http:\/\/www.adrianwood.ch\/wp-content\/uploads\/2018\/03\/1519914393_image1.jpeg\" data-link=\"\" width=\"349\" height=\"258\"><\/span><\/span><\/p>\n<\/td>\n<td class=\"-C\" style=\"width: 258.6pt; padding: 0 3.5pt 0 3.5pt;\" colspan=\"4\">\n<p class=\"Normal-P\" style=\"margin-bottom: 6pt; text-align: right; direction: ltr; unicode-bidi: normal;\"><span class=\"Normal-H\"><span style=\"font-family: Times New Roman; color: windowtext; font-size: 11pt;\"><img loading=\"lazy\" decoding=\"async\" class=\"\" src=\"http:\/\/www.adrianwood.ch\/wp-content\/uploads\/2018\/03\/1519914393_image2.jpeg\" data-link=\"\" width=\"350\" height=\"232\"><\/span><\/span><\/p>\n<\/td>\n<\/tr>\n<tr class=\"-R\" style=\"height: 42.55pt; page-break-inside: avoid;\">\n<td class=\"-C\" style=\"width: 495.9pt; padding: 0 3.5pt 0 3.5pt;\" colspan=\"5\">\n<p class=\"Normal-P\" style=\"margin-bottom: 6pt; text-align: justify; text-justify: inter-ideograph; direction: ltr; unicode-bidi: normal;\"><span class=\"Normal-H\"><span style=\"font-family: Times New Roman; color: windowtext; font-size: 11pt;\">Dass es auch etwas dazwischen gibt werden wir w\u00e4hrend unserer Wanderungen auf dem Korfu-Trail erleben.<\/span><\/span><\/p>\n<p class=\"BodyText-P\" style=\"margin-bottom: 6pt; direction: ltr; unicode-bidi: normal;\"><span class=\"BodyText-H\">Um 10.00 kommen wir am Strand von Santa Barbara an und bald sind wir in kleinen Gruppen unterwegs und suchen uns die beste feste Spur im Sand. Vor uns dehnt sich ein langer, sehr breiter und flacher Sandstrand aus Issos Strand). Einige ziehen bereits die Schuhe aus und waten in den sanften Wellen. Ich geniesse die Weite der Landschaft, die leichte Brise und den Sonnenschein, ich bin wahrhaft in den Ferien!<\/span><\/p>\n<p class=\"BodyText-P\" style=\"margin-bottom: 6pt; direction: ltr; unicode-bidi: normal;\"><span class=\"BodyText-H\">Bei der Golden Beach finden wir uns alle wieder auf der Terrasse eines Strandcaf\u00e9s, das auf der D\u00fcne oben sitzt. Hier genehmige ich den ersten Caf\u00e9 Frapp\u00e9, der typisch griechisch sein soll. Wir befinden uns in Agios Georgios, einem Ferienort mit vielen Souvenierl\u00e4den. Vreni (welches wohl?) lieb\u00e4ugelt mit einem grossen gr\u00fcnen Gummifrosch. Welches Vergn\u00fcgen, mit einem Frosch nachher im Meer zu schwimmen! Aber es geht auch ohne.<\/span><\/p>\n<p class=\"Normal-P\" style=\"margin-bottom: 6pt; text-align: justify; text-justify: inter-ideograph; direction: ltr; unicode-bidi: normal;\"><span class=\"Normal-H\"><span style=\"font-family: Times New Roman; color: windowtext; font-size: 11pt;\">Bald lassen wir Agios Georgios hinter uns und befinden uns nach der Ueberquerung von viel Ger\u00f6ll und grossen Steinbrocken duchsetzt von Strandgut &#8211; modernes Griechenland &#8211; . Bald gehen wir wieder auf Sand, Einer nach dem andern entledigt sich seiner Schuhe.<\/span><\/span><\/p>\n<\/td>\n<\/tr>\n<tr class=\"-R\" style=\"height: 42.55pt; page-break-inside: avoid;\">\n<td class=\"-C\" style=\"width: 247.9pt; padding: 0 3.5pt 0 3.5pt;\" colspan=\"2\">\n<p class=\"Normal-P\" style=\"margin-bottom: 6pt; text-align: justify; text-justify: inter-ideograph; direction: ltr; unicode-bidi: normal;\"><span class=\"Normal-H\"><span style=\"font-family: Times New Roman; color: windowtext; font-size: 11pt;\"><img decoding=\"async\" src=\"http:\/\/www.adrianwood.ch\/wp-content\/uploads\/2018\/03\/1519914393_image3.jpeg\" data-link=\"\" width=\"326px \" height=\"218px \"><\/span><\/span><\/p>\n<\/td>\n<td class=\"-C\" style=\"width: 248pt; padding: 0 3.5pt 0 3.5pt;\" colspan=\"3\">\n<p class=\"Normal-P\" style=\"margin-bottom: 6pt; text-align: justify; text-justify: inter-ideograph; direction: ltr; unicode-bidi: normal;\"><span class=\"Normal-H\"><span style=\"font-family: Times New Roman; color: windowtext; font-size: 11pt;\"><img decoding=\"async\" src=\"http:\/\/www.adrianwood.ch\/wp-content\/uploads\/2018\/03\/1519914393_image4.jpeg\" data-link=\"\" width=\"321px \" height=\"216px \"><\/span><\/span><\/p>\n<\/td>\n<\/tr>\n<tr class=\"-R\" style=\"height: 56.7pt; page-break-inside: avoid;\">\n<td class=\"-C\" style=\"width: 495.9pt; padding: 0 3.5pt 0 3.5pt;\" colspan=\"5\">\n<p class=\"Normal-P\" style=\"margin-bottom: 6pt; text-align: justify; text-justify: inter-ideograph; direction: ltr; unicode-bidi: normal;\"><span class=\"Normal-H\"><span style=\"font-family: Times New Roman; color: windowtext; font-size: 11pt;\">Adrian, der Chef will uns nun laufen lassen und erkl\u00e4rt uns den Weg durch die D\u00fcnenlandschaft zur Korrison Lagune und zur Br\u00fccke, die wir jedenfalls \u00fcberqueren m\u00fcssen, um auf den richtigen Pfad zu kommen, der uns zur\u00fcck nach Parmaonas f\u00fchren wird.<\/span><\/span><\/p>\n<p class=\"Normal-P\" style=\"margin-bottom: 6pt; direction: ltr; unicode-bidi: normal;\"><span class=\"Normal-H\"><span style=\"font-family: Times New Roman; color: windowtext; font-size: 11pt;\">Die mit Wachholderb\u00e4umen durchsetzte, unber\u00fchte D\u00fcnenlandschaft ist wundersch\u00f6n und l\u00e4dt zum Fotographieren ein. So zerstreuen sich die Leute und finden sich bald einmal in kleinen und kleinsten Gruppen, die die Weg suchen, was doch nicht so einfach zu sein scheint. Wir h\u00f6ren sp\u00e4ter Geschichten von dichtem fast undurchdringlichem Wald und einer aufgescheuchten Ziegenherde!<\/span><\/span><\/p>\n<\/td>\n<\/tr>\n<tr class=\"-R\" style=\"height: 172.7pt;\">\n<td class=\"-C\" style=\"width: 251.5pt; padding: 0 3.5pt 0 3.5pt;\" colspan=\"4\">\n<p class=\"Normal-P\" style=\"margin-bottom: 6pt; direction: ltr; unicode-bidi: normal;\"><span class=\"Normal-H\"><span style=\"font-family: Times New Roman; color: windowtext; font-size: 11pt;\"><img decoding=\"async\" src=\"http:\/\/www.adrianwood.ch\/wp-content\/uploads\/2018\/03\/1519914393_image5.jpg\" data-link=\"\" width=\"332.296797900262px \" height=\"255px \"><\/span><\/span><\/p>\n<\/td>\n<td class=\"-C\" style=\"width: 244.4pt; padding: 0 3.5pt 0 3.5pt;\">\n<p class=\"Normal-P\" style=\"margin-bottom: 6pt; text-align: right; direction: ltr; unicode-bidi: normal;\"><span class=\"Normal-H\"><span style=\"font-family: Times New Roman; color: windowtext; font-size: 11pt;\"><img decoding=\"async\" src=\"http:\/\/www.adrianwood.ch\/wp-content\/uploads\/2018\/03\/1519914393_image6.jpg\" data-link=\"\" width=\"328.440209973753px \" height=\"252px \"><\/span><\/span><\/p>\n<\/td>\n<\/tr>\n<tr class=\"-R\" style=\"height: 84.9pt; page-break-inside: avoid;\">\n<td class=\"-C\" style=\"width: 495.9pt; padding: 0 3.5pt 0 3.5pt;\" colspan=\"5\">\n<p class=\"Normal-P\" style=\"margin-bottom: 6pt; text-align: justify; text-justify: inter-ideograph; direction: ltr; unicode-bidi: normal;\"><span class=\"Normal-H\"><span style=\"font-family: Times New Roman; color: windowtext; font-size: 11pt;\">Ich scheine mit der Gruppe, der ich mich zuf\u00e4llig angeschlossen habe, Gl\u00fcck zu haben. Die sp\u00e4teren Sp\u00e4her in unserern folgenden Wanderungen, zeigen bereits jetzt ihre Qualit\u00e4ten. Franz und Ren\u00e9 lotsen uns mit viel Umsicht und Gesp\u00fcr (sie haben die Beschreibung eingehend studiert) auf den versprochenen, doppelspurigen Pfad, welcher uns durch den Wald an den Rand der Lagune bringt.<\/span><span style=\"font-family: Times New Roman; color: windowtext; font-size: 11pt;\">Wir sehen Orchideen und wilde Gladiolen und andere Blumen. Endlich stossen wir auf die besagte Br\u00fccke. Dieser Uebergang ist ein Foto wert!<\/span><\/span><\/p>\n<p class=\"Normal-P\" style=\"margin-bottom: 6pt; text-align: justify; text-justify: inter-ideograph; direction: ltr; unicode-bidi: normal;\"><span class=\"Normal-H\"><span style=\"font-family: Times New Roman; color: windowtext; font-size: 11pt;\">Bald gelangen wir wieder an den ausgedehnten Strand und beschliessen, nun endlich die Mittagsrast zu halten. Wir lassen uns in den D\u00fcnen nieder und nehmen vor dem Essen ein ausgedehntes Bad im Meer, das sehr ruhig ist. Es braucht etwas Mut, sich ins Nass hinein zu wagen Sicher ist die Wassertemperatur unter 20 Grad. F\u00fcr die meisten ist das das erste Bad in diesen Ferien.<\/span><\/span><\/p>\n<p class=\"Normal-P\" style=\"margin-bottom: 6pt; text-align: justify; text-justify: inter-ideograph; direction: ltr; unicode-bidi: normal;\"><span class=\"Normal-H\"><span style=\"font-family: Times New Roman; color: windowtext; font-size: 11pt;\">Mechthild geht mit ihrem Surfert\u00e4schli ins Wasser, um es auszutesten. Niemand begreift, was sie auf sich tr\u00e4gt. Die M\u00e4nner fragen sich: Ist es ein Schminckt\u00e4schchen oder eine Schwimmhilfe (wohl etwas klein)? F\u00fcr den Rest der Ferien bleibt es das Schminckt\u00e4schchen!<\/span><\/span><\/p>\n<\/td>\n<\/tr>\n<tr class=\"-R\" style=\"height: 155.35pt; page-break-inside: avoid;\">\n<td class=\"-C\" style=\"width: 249.7pt; padding: 0 3.5pt 0 3.5pt;\" colspan=\"3\">\n<p class=\"Normal-P\" style=\"margin-bottom: 6pt; text-align: center; direction: ltr; unicode-bidi: normal;\"><span class=\"Normal-H\"><span style=\"font-family: Times New Roman; color: windowtext; font-size: 11pt;\"><img decoding=\"async\" src=\"http:\/\/www.adrianwood.ch\/wp-content\/uploads\/2018\/03\/1519914393_image7.jpeg\" data-link=\"\" width=\"324px \" height=\"216px \"><\/span><\/span><\/p>\n<\/td>\n<td class=\"-C\" style=\"width: 246.2pt; padding: 0 3.5pt 0 3.5pt;\" colspan=\"2\">\n<p class=\"Normal-P\" style=\"margin-bottom: 6pt; text-align: center; direction: ltr; unicode-bidi: normal;\"><span class=\"Normal-H\"><span style=\"font-family: Times New Roman;\"><img decoding=\"async\" src=\"http:\/\/www.adrianwood.ch\/wp-content\/uploads\/2018\/03\/1519914393_image8.jpeg\" data-link=\"\" width=\"325px \" height=\"215px \"><\/span><\/span><\/p>\n<\/td>\n<\/tr>\n<tr class=\"-R\" style=\"height: 99.25pt; page-break-inside: avoid;\">\n<td class=\"-C\" style=\"width: 495.9pt; padding: 0 3.5pt 0 3.5pt;\" colspan=\"5\">\n<p class=\"BodyText2-P\" style=\"margin-bottom: 6pt; text-align: justify; text-justify: inter-ideograph; direction: ltr; unicode-bidi: normal;\"><span class=\"BodyText2-H\">Es ist sehr warm und wir trocken schnell in den warmen windstillen Sandmulden und erwerben die erste Sommerbr\u00e4une. Das Picknick schmeckt, auch wenn der Sand \u00fcberall ist, auch schon mal zwischen den Z\u00e4hnen. Irgendwann ist es dann Zeit zum Aufbruch, denn wir haben noch eine weite Strecke zu gehen. Der Pfad f\u00fchrt am Ufer der Korission Lagune entlang, die ein <span style=\"color: #000000;\">bedeutendes Feuchtbiotop und ein \u00dcberwinterungsplatz f\u00fcr viele V\u00f6gel sein soll<\/span> <span style=\"color: #000000;\">(laut Berichten soll es hier u.a. Strandl\u00e4ufer, S\u00e4belschn\u00e4bler, Komorane, Fischreiher und Ibisse geben)<\/span>.<span style=\"color: #000000;\"> Der ca. 600 ha gro\u00dfe See wird durch einen schmalen D\u00fcnenstreifen, auf welchem der Pfad verl\u00e4uft, vom Meer getrennt.<\/span><\/span><\/p>\n<p class=\"Normal-P\" style=\"margin-bottom: 6pt; text-align: justify; text-justify: inter-ideograph; direction: ltr; unicode-bidi: normal;\"><span class=\"Normal-H\"><span style=\"font-family: Times New Roman; color: windowtext; font-size: 11pt;\">Irgenwann erreichen wir das Ende der Lagune.<\/span><\/span><\/p>\n<p class=\"Normal-P\" style=\"margin-bottom: 6pt; text-align: justify; text-justify: inter-ideograph; direction: ltr; unicode-bidi: normal;\"><span class=\"Normal-H\"><span style=\"font-family: Times New Roman; color: #000000; font-size: 11pt;\">Der Weg wendet sich nun inland und wir lassen die Taverne in der Alonaki Bucht, wo sich offensichtlich einige Leute unserer Gruppe wiedergefunden haben, links liegen und wandern auf einem Fahrweg vorbei an Wiesen und grossen G\u00e4rten, die teilweise sehr gepflegt sind. Wir werden immer wieder \u00fcberrascht von der Vielfalt der Flora. Schliesslich nehmen uns die Olivenhaine auf und wir gehen im Schatten dieser alten, knorrigen B\u00e4ume. Ich habe auf dem Internet eine interessante Seite zur Vegetation im allgemeinen und zu den Olivenb\u00e4umen im besonderen gefunden<\/span><span style=\"font-family: Times New Roman; color: #000000; font-size: 11pt;\">.<\/span><\/span><\/p>\n<p class=\"Normal-P\" style=\"margin-bottom: 6pt; text-align: justify; text-justify: inter-ideograph; direction: ltr; unicode-bidi: normal;\"><span class=\"Normal-H\"><span style=\"font-family: Times New Roman; color: #000000; font-size: 11pt;\">( <\/span><a href=\"http:\/\/island.korfu-service.com\/Korfu\/Natur\/Vegetation\/vegetation.html\" target=\"\">http:\/\/island.korfu-service.com\/Korfu\/Natur\/Vegetation\/vegetation.html<\/a><span style=\"font-family: Times New Roman; color: #000000; font-size: 11pt;\"> )<\/span><\/span><\/p>\n<\/td>\n<\/tr>\n<tr class=\"-R\" style=\"height: 0; page-break-inside: avoid;\">\n<td class=\"-C\" style=\"width: 247.9pt; padding: 0 3.5pt 0 3.5pt;\" colspan=\"2\">\n<p class=\"Normal-P\" style=\"margin-bottom: 6pt; text-align: center; direction: ltr; unicode-bidi: normal;\"><span class=\"Normal-H\"><span style=\"font-family: Times New Roman; color: windowtext; font-size: 11pt;\"><img decoding=\"async\" src=\"http:\/\/www.adrianwood.ch\/wp-content\/uploads\/2018\/03\/1519914393_image9.JPG\" data-link=\"\" width=\"316.000104986877px \" height=\"237px \"><\/span><\/span><\/p>\n<\/td>\n<td class=\"-C\" style=\"width: 248pt; padding: 0 3.5pt 0 3.5pt;\" colspan=\"3\">\n<p class=\"Normal-P\" style=\"margin-bottom: 6pt; text-align: center; direction: ltr; unicode-bidi: normal;\"><span class=\"Normal-H\"><span style=\"font-family: Times New Roman; color: windowtext; font-size: 11pt;\"><img decoding=\"async\" src=\"http:\/\/www.adrianwood.ch\/wp-content\/uploads\/2018\/03\/1519914393_image10.jpeg\" data-link=\"\" width=\"318.38719160105px \" height=\"210px \"><\/span><\/span><\/p>\n<\/td>\n<\/tr>\n<tr class=\"-R\" style=\"height: 0; page-break-inside: avoid;\">\n<td class=\"-C\" style=\"width: 495.9pt; padding: 0 3.5pt 0 3.5pt;\" colspan=\"5\">\n<p class=\"Normal-P\" style=\"margin-bottom: 6pt; text-align: justify; text-justify: inter-ideograph; direction: ltr; unicode-bidi: normal;\"><span class=\"Normal-H\"><span style=\"font-family: Times New Roman; font-style: italic; color: #008000; font-size: 11pt;\">Sicherlich gab es \u00d6lb\u00e4ume schon im Altertum auf Korfu. Doch als sich die Insel im Jahr 1386 unter den Schutz Venedigs begab, spielte die \u00d6lbaumkultur offensichtlich keine hervorragende Rolle. Denn im Gegensatz zu Weinst\u00f6cken wurden \u00d6lb\u00e4ume nicht als Besitztum und Steuerobjekt ausgewiesen. 1413 wird zwar die Besteuerung der \u00d6lb\u00e4ume erw\u00e4hnt, aber erst ab 1565 nahm die Bedeutung der \u00d6lbaumkultur zu.<\/span><\/span><\/p>\n<p class=\"Normal-P\" style=\"margin-bottom: 6pt; text-align: justify; text-justify: inter-ideograph; direction: ltr; unicode-bidi: normal;\"><span class=\"Normal-H\"><span style=\"font-family: Times New Roman; font-style: italic; color: #008000; font-size: 11pt;\">Damals n\u00e4mlich sah sich Venedig vor der schwierigen Aufgabe, die durch die t\u00fcrkische Belagerung ver\u00f6dete und entv\u00f6lkerte Insel mit wirtschaftlichem Leben zu f\u00fcllen; dies musste fl\u00e4chendeckend, aber mit geringem Arbeitseinsatz m\u00f6glich sein. Gleichzeitig versuchte man, aus eigenen L\u00e4ndereien so viel wie m\u00f6glich \u00d6l zu gewinnen.<\/span><\/span><\/p>\n<p class=\"Normal-P\" style=\"margin-bottom: 6pt; text-align: justify; text-justify: inter-ideograph; direction: ltr; unicode-bidi: normal;\"><span class=\"Normal-H\"><span style=\"font-family: Times New Roman; font-style: italic; color: #008000; font-size: 11pt;\">Man versuchte deshalb die Bev\u00f6lkerung dazu zu bewegen, in kurzer Zeit ihre \u00d6dlandfl\u00e4chen durch Veredelung von wildwachsenden Oleastern oder durch Stecklinge in \u00d6lbaumkulturen zu verwandeln. Dies hatte nicht sonderlich viel Erfolg, so dass die Regierung sich im Jahr 1623 gen\u00f6tigt sah, die Anpflanzung von jeweils 100 \u00d6lb\u00e4umen mit 12 Zechinen zu belohnen.<\/span><\/span><\/p>\n<p class=\"Normal-P\" style=\"margin-bottom: 6pt; text-align: justify; text-justify: inter-ideograph; direction: ltr; unicode-bidi: normal;\"><span class=\"Normal-H\"><span style=\"font-family: Times New Roman; font-style: italic; color: #008000; font-size: 11pt;\">Das zeigte Wirkung; doch statt neue Fl\u00e4chen zu roden, wurden bestehende Weinpflanzungen in \u00d6lbaumhaine umgewandelt. Als Ergebnis wurden im Jahr 1766 auf Korfu 1.873.730 \u00d6lb\u00e4ume gez\u00e4hlt. Diese Zahl d\u00fcrfte eine untere Grenze angeben, denn bereits 1879 wurden 3.814.730 \u00d6lb\u00e4ume gez\u00e4hlt. Dies bedeuteten damals 150 bis 200 \u00d6lb\u00e4ume je Kopf der l\u00e4ndlichen Bev\u00f6lkerung. Es war klar, dass diese enorme Zahl von B\u00e4umen nicht intensiv gepflegt werden, sondern nur geerntet werden konnte. Als Folge entwickelten sich die \u00d6lbaumhaine zu wahren \u00d6lbaumw\u00e4ldern.<\/span><\/span><\/p>\n<\/td>\n<\/tr>\n<tr class=\"-R\" style=\"height: 0; page-break-inside: avoid;\">\n<td class=\"-C\" style=\"width: 495.9pt; padding: 0 3.5pt 0 3.5pt;\" colspan=\"5\">\n<p class=\"BodyText-P\" style=\"margin-bottom: 6pt; direction: ltr; unicode-bidi: normal;\"><span class=\"BodyText-H\">Dies die Erkl\u00e4rung f\u00fcr die vielen Olivenw\u00e4lder, die wir in Laufe unserer Wanderferien durchquerten. <\/span><\/p>\n<p class=\"BodyText-P\" style=\"margin-bottom: 6pt; direction: ltr; unicode-bidi: normal;\"><span class=\"BodyText-H\">Zwischendurch m\u00fcssen wir auf einer Teerstrasse gehen, was wir nocht besonders sch\u00e4tzen. Wir werden dann aber mit einer grossartigen Aussicht auf die K\u00fcste belohnt. Wir tauchen dann wieder ein in die Olivenw\u00e4lder und verpassen fast den richtigen Abstieg nach Paramonas. Wir sind m\u00fcde und durstig. Die einen wollen sich zuerst in der Beiz niederlassen, die andern streben ihren Behausungen am H\u00fcgel entgegen, um zu duschen und den fr\u00fchen Abend auf dem Balkon zu genie\u00dfen. Wir sind die ersten in den Appartements Aretin, die zur\u00fcck sind.<\/span><\/p>\n<\/td>\n<\/tr>\n<tr class=\"-R\" style=\"height: 63.75pt; page-break-inside: avoid;\">\n<td class=\"-C\" style=\"width: 249.7pt; padding: 0 3.5pt 0 3.5pt;\" colspan=\"3\">\n<p class=\"BodyText-P\" style=\"margin-bottom: 6pt; direction: ltr; unicode-bidi: normal;\"><span class=\"BodyText-H\"><img decoding=\"async\" src=\"http:\/\/www.adrianwood.ch\/wp-content\/uploads\/2018\/03\/1519914393_image11.jpeg\" data-link=\"\" width=\"318px \" height=\"238px \"><\/span><\/p>\n<\/td>\n<td class=\"-C\" style=\"width: 246.2pt; padding: 0 3.5pt 0 3.5pt;\" colspan=\"2\">\n<p class=\"BodyText-P\" style=\"margin-bottom: 6pt; direction: ltr; unicode-bidi: normal;\"><span class=\"BodyText-H\"><img decoding=\"async\" src=\"http:\/\/www.adrianwood.ch\/wp-content\/uploads\/2018\/03\/1519914393_image12.jpeg\" data-link=\"\" width=\"324px \" height=\"215px \"><\/span><\/p>\n<\/td>\n<\/tr>\n<tr class=\"-R\" style=\"height: 0; page-break-inside: avoid;\">\n<td class=\"-C\" style=\"width: 495.9pt; padding: 0 3.5pt 0 3.5pt;\" colspan=\"5\">\n<p class=\"BodyText-P\" style=\"margin-bottom: 6pt; direction: ltr; unicode-bidi: normal;\"><span class=\"BodyText-H\">Erst sp\u00e4ter belebt sich das Haus mit den Stimmen und Ger\u00e4uschen der Zur\u00fcckkehrer, die sich alle f\u00fcr das Abendessen bereitmachen.<\/span><\/p>\n<p class=\"BodyText-P\" style=\"margin-bottom: 6pt; direction: ltr; unicode-bidi: normal;\"><span class=\"BodyText-H\">Mein Tagesr\u00fcckblick auf dem Balkon ist zu Ende, die Karte und die kurzen Notizen werden ein mein Reisem\u00e4ppchen zur\u00fcckgelegt.<\/span><\/p>\n<p class=\"BodyText-P\" style=\"margin-bottom: 6pt; direction: ltr; unicode-bidi: normal;\"><span class=\"BodyText-H\">Mechthild und ich schlendern hinunter zur Sun Set Taverne, wo wir Christine suchen. Wir fragen nach ihr und siehe da, der Wirt kennt ihre Zimmernummer im Hotel Parmaonas! Wir gehen zum Hotel und auch da ist die Dame schon bekannt! Sie kommt hinunter und wir setzen uns sp\u00e4ter zusammen in der Taverne nieder zum Abendessen, zu griechischem Salat, Fisch und Moussaka und Wein. Bald f\u00fcllt sich der Raum mit unseren Gruppenteilnehmern und anderen G\u00e4sten und es wird fr\u00f6hlich \u00fcber die Tische einander zugeprostet: <\/span><\/p>\n<p class=\"BodyText-P\" style=\"margin-bottom: 6pt; direction: ltr; unicode-bidi: normal;\"><span class=\"BodyText-H\">Auf tolle, erlebnisreiche Wander- und Badeferien oder Bade &#8211; und Wanderferien \u2013 je nach Gusto. <\/span><\/p>\n<p class=\"BodyText-P\" style=\"margin-bottom: 6pt; direction: ltr; unicode-bidi: normal;\"><span class=\"BodyText-H\">Bisher war es sehr gut \u2013 es kann so weitergehen.<\/span><\/p>\n<p class=\"BodyText-P\" style=\"margin-bottom: 6pt; direction: ltr; unicode-bidi: normal;\"><span class=\"BodyText-H\">Marianne Frei<\/span><\/p>\n<\/td>\n<\/tr>\n<p><!-- [if !supportMisalignedColumns]--><\/tbody>\n<\/table>\n<\/div>\n","protected":false},"excerpt":{"rendered":"<p>19.Mai, Santa Barbara &#8211; Agios Georgios &#8211; Korrission Lagune &#8211; Paramonas Auf dem Balkon sitzend geniesse ich die Abendstimmung in der Bucht von Paramonas und lasse den heutigen Tag an mir vor\u00fcberziehen. Neben mir trocknen die Badehosen &#8211; und T\u00fccher und die erste W\u00e4sche flattert im Abendwind .Mir scheint, wir seien schon so lange weg &hellip; <a href=\"https:\/\/www.adrianwood.ch\/?page_id=16242\" class=\"more-link\">Continue reading <span class=\"screen-reader-text\">05-19 Korrission Lagune<\/span> <span class=\"meta-nav\">&rarr;<\/span><\/a><\/p>\n","protected":false},"author":1,"featured_media":0,"parent":16195,"menu_order":2204,"comment_status":"closed","ping_status":"closed","template":"","meta":{"ngg_post_thumbnail":0,"footnotes":""},"class_list":["post-16242","page","type-page","status-publish","hentry"],"_links":{"self":[{"href":"https:\/\/www.adrianwood.ch\/index.php?rest_route=\/wp\/v2\/pages\/16242","targetHints":{"allow":["GET"]}}],"collection":[{"href":"https:\/\/www.adrianwood.ch\/index.php?rest_route=\/wp\/v2\/pages"}],"about":[{"href":"https:\/\/www.adrianwood.ch\/index.php?rest_route=\/wp\/v2\/types\/page"}],"author":[{"embeddable":true,"href":"https:\/\/www.adrianwood.ch\/index.php?rest_route=\/wp\/v2\/users\/1"}],"replies":[{"embeddable":true,"href":"https:\/\/www.adrianwood.ch\/index.php?rest_route=%2Fwp%2Fv2%2Fcomments&post=16242"}],"version-history":[{"count":6,"href":"https:\/\/www.adrianwood.ch\/index.php?rest_route=\/wp\/v2\/pages\/16242\/revisions"}],"predecessor-version":[{"id":16384,"href":"https:\/\/www.adrianwood.ch\/index.php?rest_route=\/wp\/v2\/pages\/16242\/revisions\/16384"}],"up":[{"embeddable":true,"href":"https:\/\/www.adrianwood.ch\/index.php?rest_route=\/wp\/v2\/pages\/16195"}],"wp:attachment":[{"href":"https:\/\/www.adrianwood.ch\/index.php?rest_route=%2Fwp%2Fv2%2Fmedia&parent=16242"}],"curies":[{"name":"wp","href":"https:\/\/api.w.org\/{rel}","templated":true}]}}