{"id":16600,"date":"2018-07-20T15:13:00","date_gmt":"2018-07-20T15:13:00","guid":{"rendered":"http:\/\/www.adrianwood.ch\/?page_id=16600"},"modified":"2018-07-21T14:30:20","modified_gmt":"2018-07-21T14:30:20","slug":"einfuhrung","status":"publish","type":"page","link":"https:\/\/www.adrianwood.ch\/?page_id=16600","title":{"rendered":"Einf\u00fchrung"},"content":{"rendered":"<div class=\"pmdi_content_wrapper\">\n<p class=\"Normal-P\" style=\"margin-bottom: 6pt; text-align: justify; text-justify: inter-ideograph; direction: ltr; unicode-bidi: normal;\"><span class=\"Normal-H\"><span style=\"font-family: Arial; font-weight: bold;\">Einf\u00fchrung<\/span><\/span><\/p>\n<table class=\"TableGrid-T\" style=\"border-collapse: collapse;\" cellspacing=\"0\">\n<tbody>\n<tr class=\"-R\">\n<td class=\"-C\" style=\"width: 481.4pt; border: none windowtext 0pt;\" colspan=\"2\">\n<p class=\"Normal-P\" style=\"margin-bottom: 6pt; text-align: justify; text-justify: inter-ideograph; direction: ltr; unicode-bidi: normal;\"><span class=\"Normal-H\"><span style=\"font-family: Arial;\">Es sind drei Jahre seit unsere Wanderferien auf de<\/span><span style=\"font-family: Arial;\"> Dodekanes Inseln im <\/span><span style=\"font-family: Arial;\">Oestlichen<\/span><span style=\"font-family: Arial;\"> Teil des <\/span><span style=\"font-family: Arial;\">Aegeischen<\/span><span style=\"font-family: Arial;\"> Meers. Damals wurden sie wie dieses Mal von <\/span><span style=\"font-family: Arial;\">Lupereisen<\/span><span style=\"font-family: Arial;\"> organisiert nachdem ich bei anderen Wanderreise-Anbietern Spionage betrieben hatte. Wir wurden auf den Kykladen Inseln vom Wanderleiter Markus M\u00fcller gef\u00fchrt. Er h\u00e4tte uns auch auf den Dodekanes f\u00fchren sollen, <\/span><span style=\"font-family: Arial;\">war jedoch wegen Krankheit verhindert und eine Wanderleiterin ist kurzfristig f\u00fcr ihn eingesprungen. <\/span><span style=\"font-family: Arial;\">Ein Jahr sp\u00e4ter hatte ich im Herbst die Gelegenheit an Markus \u201aKykladen Reise\u2018 teilzunehmen und ihn kennen zu lernen. Wir haben <\/span><span style=\"font-family: Arial;\">Santorin<\/span><span style=\"font-family: Arial;\">, Naxos und Paros besucht und die Reise war sehr interessant, aber ich habe trotzdem Markus gefragt welche anderen Inseln er zum Wandern empfehlen w\u00fcrde. Sofort kam die Antwort: <\/span><span style=\"font-family: Arial;\">Amorgos<\/span><span style=\"font-family: Arial;\">, obwohl er selber keine Reise dorthin anbietet. Das liegt glaube ich daran, dass <\/span><span style=\"font-family: Arial;\">Amorgos<\/span><span style=\"font-family: Arial;\"> besonders ausserhalb der Hauptsaison schwer erreichbar ist. Man muss eine mehrst\u00fcndige F\u00e4hrfahrt von Naxos im Kauf nehmen. Im folgenden Fr\u00fchling habe ich eine Imbach- Reise mit einer Woche auf <\/span><span style=\"font-family: Arial;\">Amorgos<\/span><span style=\"font-family: Arial;\"> und 3 Tage auf Naxos entdeckt, sogar mit eine Wanderleiterin die ich schon vo<\/span><span style=\"font-family: Arial;\">dem <\/span><span style=\"font-family: Arial;\">Dodekanes <\/span><span style=\"font-family: Arial;\">Inseln <\/span><span style=\"font-family: Arial;\">kannte. Ich war von der Landschaft und Abgeschiedenheit der Insel begeistert und musste <\/span><span style=\"font-family: Arial;\">Amorgos<\/span><span style=\"font-family: Arial;\"> in unserem Programm haben. Daf\u00fcr fiel Paros aus und anstatt zur\u00fcck nach <\/span><span style=\"font-family: Arial;\">Santorin<\/span><span style=\"font-family: Arial;\"> f\u00fcr die Heimreise zu fahren, fuhren wir weiter nach Mykonos.<\/span><\/span><\/p>\n<\/td>\n<\/tr>\n<tr class=\"-R\">\n<td class=\"-C\" style=\"width: 241.3pt; border: none windowtext 0pt;\">\n<p class=\"Normal-P\" style=\"margin-bottom: 6pt; text-align: justify; text-justify: inter-ideograph; direction: ltr; unicode-bidi: normal;\"><span class=\"Normal-H\"><span style=\"font-family: Arial;\"><img loading=\"lazy\" decoding=\"async\" class=\"\" src=\"http:\/\/www.adrianwood.ch\/wp-content\/uploads\/2018\/07\/1532099511_image1.jpeg\" data-link=\"\" width=\"347\" height=\"231\"><\/span><\/span><\/p>\n<\/td>\n<td class=\"-C\" style=\"width: 240.1pt; border: none windowtext 0pt;\">\n<p class=\"Normal-P\" style=\"margin-bottom: 6pt; text-align: justify; text-justify: inter-ideograph; direction: ltr; unicode-bidi: normal;\"><span class=\"Normal-H\"><span style=\"font-family: Arial;\"><img loading=\"lazy\" decoding=\"async\" class=\"\" src=\"http:\/\/www.adrianwood.ch\/wp-content\/uploads\/2018\/07\/1532099511_image2.jpg\" data-link=\"\" width=\"347\" height=\"232\"><\/span><\/span><\/p>\n<\/td>\n<\/tr>\n<tr class=\"-R\">\n<td class=\"-C\" style=\"width: 481.4pt; border: none windowtext 0pt;\" colspan=\"2\">\n<p class=\"Normal-P\" style=\"margin-bottom: 6pt; text-align: justify; text-justify: inter-ideograph; direction: ltr; unicode-bidi: normal;\"><span class=\"Normal-H\"><span style=\"font-family: Arial; font-weight: bold;\">Santorin<\/span><span style=\"font-family: Arial;\">, unsere erste Insel, ist sehr bekannt und sehr touristisch, aber doch sehr eindr\u00fccklich und sehr einzigartig. Trotzdem war es f\u00fcr manche ein Schock der Masse von Touristen in den engen Gassen der Hauptstadt Fira zu begegnen. Man wird entsch\u00e4digt mit umwerfender Aussichten \u00fcber der gigantischen halb-gesunkenen Caldera und bei unserer ersten Wanderung hat diese Aussicht uns st\u00e4ndig begleitet. In der Mitte der Caldera befinden sich zwei relative neue kleine vulkanische Inseln die wir am dritten Tag besucht haben. Auf der Ersten kann man zum Rand eines kleinen Kraters steigen und die Fumarole riechen. Beim Zweiten schwimmt man vom Schiff zu heissen Quellen wo der Geruch noch st\u00e4rker ist. An anderen Tagen sind wir entlang einem Strand mit vulkanischen Hindernissen gelaufen (geklettert) und einmal zum h\u00f6chsten und einzigen nicht vulkanischen Berggipfel hinaufgefahren und dann wieder herabgestiegen. Nicht alle Teilnehmer haben bei diesen Parcours mitgemacht.<\/span><\/span><\/p>\n<\/td>\n<\/tr>\n<tr class=\"-R\">\n<td class=\"-C\" style=\"width: 241.3pt; border: none windowtext 0pt;\">\n<p class=\"Normal-P\" style=\"margin-bottom: 6pt; text-align: justify; text-justify: inter-ideograph; direction: ltr; unicode-bidi: normal;\"><span class=\"Normal-H\"><span style=\"font-family: Arial;\"><img loading=\"lazy\" decoding=\"async\" class=\"\" src=\"http:\/\/www.adrianwood.ch\/wp-content\/uploads\/2018\/07\/1532099511_image3.jpeg\" data-link=\"\" width=\"350\" height=\"233\"><\/span><\/span><\/p>\n<\/td>\n<td class=\"-C\" style=\"width: 240.1pt; border: none windowtext 0pt;\">\n<p class=\"Normal-P\" style=\"margin-bottom: 6pt; text-align: justify; text-justify: inter-ideograph; direction: ltr; unicode-bidi: normal;\"><span class=\"Normal-H\"><span style=\"font-family: Arial;\"><img loading=\"lazy\" decoding=\"async\" class=\"\" src=\"http:\/\/www.adrianwood.ch\/wp-content\/uploads\/2018\/07\/1532099511_image4.jpeg\" data-link=\"\" width=\"349\" height=\"233\"><\/span><\/span><\/p>\n<\/td>\n<\/tr>\n<tr class=\"-R\">\n<td class=\"-C\" style=\"width: 481.4pt; border: none windowtext 0pt;\" colspan=\"2\">\n<p class=\"Normal-P\" style=\"margin-bottom: 6pt; text-align: justify; text-justify: inter-ideograph; direction: ltr; unicode-bidi: normal;\"><span class=\"Normal-H\"><span style=\"font-family: Arial; font-weight: bold;\">Naxos<\/span><span style=\"font-family: Arial;\"> ist die gr\u00f6sste der Kykladen Inseln und tr\u00e4gt den h\u00f6chsten Berg, den 1001m hohen <\/span><span style=\"font-family: Arial;\">Zas<\/span><span style=\"font-family: Arial;\">. Den haben wir nicht bestiegen aber daf\u00fcr den 883m hohe <\/span><span style=\"font-family: Arial;\">Fanari<\/span><span style=\"font-family: Arial;\"> auf einem anspruch<\/span><span style=\"font-family: Arial;\">vollen <\/span><\/span><\/p>\n<\/td>\n<\/tr>\n<tr class=\"-R\">\n<td class=\"-C\" style=\"width: 481.4pt; border: none windowtext 0pt;\" colspan=\"2\">\n<p class=\"Normal-P\" style=\"margin-bottom: 6pt; text-align: justify; text-justify: inter-ideograph; direction: ltr; unicode-bidi: normal;\"><span class=\"Normal-H\"><span style=\"font-family: Arial;\">Bergweg zwischen den urspr\u00fcnglichen D\u00f6rfern <\/span><span style=\"font-family: Arial;\">Apieranthos<\/span><span style=\"font-family: Arial;\"> und <\/span><span style=\"font-family: Arial;\">Chalki<\/span><span style=\"font-family: Arial;\">.<\/span><span style=\"font-family: Arial;\">Zur Abwechselung gab es eine flache aber br\u00fctend heisse Wanderung vom interessanten antiken Demeter Tempel bei <\/span><span style=\"font-family: Arial;\">Sangri<\/span><span style=\"font-family: Arial;\"> bis zum wundersch\u00f6nen <\/span><span style=\"font-family: Arial;\">Aliko<\/span><span style=\"font-family: Arial;\"> Strand im S\u00fcden, wo wir ausgiebig gebadet und anschliessend gegessen haben. Wir fuhren wieder nach <\/span><span style=\"font-family: Arial;\">Chalki<\/span><span style=\"font-family: Arial;\"> f\u00fcr eine Wanderung \u00fcber <\/span><span style=\"font-family: Arial;\">Potamia<\/span><span style=\"font-family: Arial;\"> zu den <\/span><span style=\"font-family: Arial;\">Kouros<\/span><span style=\"font-family: Arial;\"> von <\/span><span style=\"font-family: Arial;\">Flerio<\/span><span style=\"font-family: Arial;\">. Die <\/span><span style=\"font-family: Arial;\">Kouros<\/span><span style=\"font-family: Arial;\"> sind 2500 Jahre alte gewaltige Statuen von J\u00fcnglingen, bis zu 6 Meter hoch. Sie liegen aber noch unfertig im Felsboden weil sie aus irgendeinem Grund (Besch\u00e4digungen) aufgegeben wurden. Bevor wir Naxos verliessen gab es Zeit die <\/span><span style=\"font-family: Arial;\">Chora<\/span><span style=\"font-family: Arial;\"> (Altstadt) zu besichtigen. Innerhalb den guterhaltenen Befestigungsmauern wirkt es noch urspr\u00fcnglich, aber weiter unten ist alles zu Restaurants oder Souvenir-L\u00e4den umgebaut. Schade nur, dass man vom oberen Teil kaum Aussicht auf den Hafen bekommt, aber ich habe eine Bar hinter einen Bruch in der Mauer entdeckt wovon man mindestens nach S\u00fcden blicken kann.<\/span><\/span><\/p>\n<\/td>\n<\/tr>\n<tr class=\"-R\">\n<td class=\"-C\" style=\"width: 481.4pt; border: none windowtext 0pt;\" colspan=\"2\">\n<p class=\"Normal-P\" style=\"margin-bottom: 6pt; text-align: justify; text-justify: inter-ideograph; direction: ltr; unicode-bidi: normal;\"><span class=\"Normal-H\"><span style=\"font-family: Arial;\"><img loading=\"lazy\" decoding=\"async\" class=\"\" src=\"http:\/\/www.adrianwood.ch\/wp-content\/uploads\/2018\/07\/1532099511_image5.jpeg\" data-link=\"\" width=\"752\" height=\"250\"><\/span><\/span><\/p>\n<\/td>\n<\/tr>\n<tr class=\"-R\">\n<td class=\"-C\" style=\"width: 241.3pt; border: none windowtext 0pt;\">\n<p class=\"Normal-P\" style=\"margin-bottom: 6pt; text-align: justify; text-justify: inter-ideograph; direction: ltr; unicode-bidi: normal;\"><span class=\"Normal-H\"><span style=\"font-family: Arial;\"><img loading=\"lazy\" decoding=\"async\" class=\"\" src=\"http:\/\/www.adrianwood.ch\/wp-content\/uploads\/2018\/07\/1532099511_image6.jpeg\" data-link=\"\" width=\"350\" height=\"233\"><\/span><\/span><\/p>\n<\/td>\n<td class=\"-C\" style=\"width: 240.1pt; border: none windowtext 0pt;\">\n<p class=\"Normal-P\" style=\"margin-bottom: 6pt; text-align: justify; text-justify: inter-ideograph; direction: ltr; unicode-bidi: normal;\"><span class=\"Normal-H\"><span style=\"font-family: Arial;\"><img loading=\"lazy\" decoding=\"async\" class=\"\" src=\"http:\/\/www.adrianwood.ch\/wp-content\/uploads\/2018\/07\/1532099511_image7.jpeg\" data-link=\"\" width=\"350\" height=\"234\"><\/span><\/span><\/p>\n<\/td>\n<\/tr>\n<tr class=\"-R\">\n<td class=\"-C\" style=\"width: 481.4pt; border: none windowtext 0pt;\" colspan=\"2\">\n<p class=\"Normal-P\" style=\"margin-bottom: 6pt; text-align: justify; text-justify: inter-ideograph; direction: ltr; unicode-bidi: normal;\"><span class=\"Normal-H\"><span style=\"font-family: Arial; font-weight: bold;\">Amorgos<\/span><span style=\"font-family: Arial;\"> sollte ein Highlight der Ferien werden und alle waren gespannt auf die ausgeschriebene lange Wanderung entlang dem Inselr\u00fccken von Kloster <\/span><span style=\"font-family: Arial;\">Chozoviotissa<\/span><span style=\"font-family: Arial;\"> bis <\/span><span style=\"font-family: Arial;\">Potamos<\/span><span style=\"font-family: Arial;\"> oberhalb <\/span><span style=\"font-family: Arial;\">Agiali<\/span><span style=\"font-family: Arial;\"> im Norden. Das vom aussen gross aussehende Kloster an einer steilen Felswand gebaut ist nur 4m dick und innen sehr eng. Trotzdem wurde unsere grosse Gruppe freundlich empfangen und Getr\u00e4nke angeboten. <\/span><span style=\"font-family: Arial;\">Gleich anschliessend am Anfang der Wanderung entlang der steilen Klippen waren wir nur starkem Wind ausgesetzt und ich habe sogar an einen Abbruch der Wanderung gedacht, aber alle haben durchgehalten und der Wind hat etwas nachgelassen obwohl es nie<\/span><\/span><\/p>\n<\/td>\n<\/tr>\n<tr class=\"-R\">\n<td class=\"-C\" style=\"width: 241.3pt; border: none windowtext 0pt;\">\n<p class=\"Normal-P\" style=\"margin-bottom: 6pt; text-align: justify; text-justify: inter-ideograph; direction: ltr; unicode-bidi: normal;\"><span class=\"Normal-H\"><span style=\"font-family: Arial;\"><img loading=\"lazy\" decoding=\"async\" class=\"\" src=\"http:\/\/www.adrianwood.ch\/wp-content\/uploads\/2018\/07\/1532099511_image8.jpeg\" data-link=\"\" width=\"350\" height=\"233\"><\/span><\/span><\/p>\n<\/td>\n<td class=\"-C\" style=\"width: 240.1pt; border: none windowtext 0pt;\">\n<p class=\"Normal-P\" style=\"margin-bottom: 6pt; text-align: justify; text-justify: inter-ideograph; direction: ltr; unicode-bidi: normal;\"><span class=\"Normal-H\"><span style=\"font-family: Arial;\"><img loading=\"lazy\" decoding=\"async\" class=\"\" src=\"http:\/\/www.adrianwood.ch\/wp-content\/uploads\/2018\/07\/1532099511_image9.jpeg\" data-link=\"\" width=\"350\" height=\"234\"><\/span><\/span><\/p>\n<\/td>\n<\/tr>\n<tr class=\"-R\">\n<td class=\"-C\" style=\"width: 481.4pt; border: none windowtext 0pt;\" colspan=\"2\">\n<p class=\"Normal-P\" style=\"margin-bottom: 6pt; text-align: justify; text-justify: inter-ideograph; direction: ltr; unicode-bidi: normal;\"><span class=\"Normal-H\"><span style=\"font-family: Arial;\">ganz aufgeh\u00f6rt hat.<\/span><span style=\"font-family: Arial;\">Als n\u00e4chstes hatten wir eine Rundwanderung von <\/span><span style=\"font-family: Arial;\">Katapola<\/span><span style=\"font-family: Arial;\"> \u00fcber die Ausgrabungsst\u00e4tte <\/span><span style=\"font-family: Arial;\">Minoa<\/span><span style=\"font-family: Arial;\"> und das Kloster Agios Georgios <\/span><span style=\"font-family: Arial;\">Valsamitis<\/span><span style=\"font-family: Arial;\">, wo wir auch verpflegt wurden, dann zur <\/span><span style=\"font-family: Arial;\">Chora<\/span><span style=\"font-family: Arial;\"> und wieder hinunter auf eine<\/span><span style=\"font-family: Arial;\">r<\/span><span style=\"font-family: Arial;\"> anderen Route direkt zu unserem Hotel. Am letztem Wandertag fuhren wir in <\/span><span style=\"font-family: Arial;\">Amorgos<\/span><span style=\"font-family: Arial;\"> Norden den ich von meinem vorherigen Besuch gut kannte. Ich habe an diesem Tag die Wanderleitung von <\/span><span style=\"font-family: Arial;\">Agiali<\/span><span style=\"font-family: Arial;\"> nach <\/span><span style=\"font-family: Arial;\">Langada<\/span><span style=\"font-family: Arial;\"> \u00fcbernommen und es gab sogar zwei Varianten, weil die schnelleren Wanderer eine Zusatzschlaufe \u00fcber Kloster Agios Theologos gemacht haben. Wir kamen alle hinunter nach <\/span><span style=\"font-family: Arial;\">Throlaria<\/span><span style=\"font-family: Arial;\"> zum Mittagessen und weiter nach <\/span><span style=\"font-family: Arial;\">Agiali<\/span><span style=\"font-family: Arial;\"> zum Baden.<\/span><\/span><\/p>\n<\/td>\n<\/tr>\n<tr class=\"-R\">\n<td class=\"-C\" style=\"width: 481.4pt; border: none windowtext 0pt;\" colspan=\"2\">\n<p class=\"Normal-P\" style=\"margin-bottom: 6pt; text-align: justify; text-justify: inter-ideograph; direction: ltr; unicode-bidi: normal;\"><span class=\"Normal-H\"><span style=\"font-family: Arial;\"><img loading=\"lazy\" decoding=\"async\" class=\"\" src=\"http:\/\/www.adrianwood.ch\/wp-content\/uploads\/2018\/07\/1532099511_image10.jpeg\" data-link=\"\" width=\"751\" height=\"501\"><\/span><\/span><\/p>\n<\/td>\n<\/tr>\n<tr class=\"-R\">\n<td class=\"-C\" style=\"width: 481.4pt; border: none windowtext 0pt;\" colspan=\"2\">\n<p class=\"Normal-P\" style=\"margin-bottom: 6pt; text-align: justify; text-justify: inter-ideograph; direction: ltr; unicode-bidi: normal;\"><span class=\"Normal-H\"><span style=\"font-family: Arial; font-weight: bold;\">Mykonos<\/span><span style=\"font-family: Arial;\"> ist eigentlich keine Wanderinsel und ausser dem Strandleben und dem <\/span><span style=\"font-family: Arial;\">Nightlife<\/span><span style=\"font-family: Arial;\"> ist die kleine Nebeninsel Delos mit seiner antiken Ausgrabungsst\u00e4tte die Hauptattraktion. Dorthin von <\/span><span style=\"font-family: Arial;\">Amorgos<\/span><span style=\"font-family: Arial;\"> zu gelangen brauchte wieder eine lange Schifffahrt mit Unterbrechung in Naxos, mindestens mussten wir nicht wie bei der Hinfahrt \u00fcber <\/span><span style=\"font-family: Arial;\">Donoussa<\/span><span style=\"font-family: Arial;\"> fahren und die Strecke Naxos \u2013 Mykonos konnte mit einem Schnellschiff absolviert werden. Die <\/span><span style=\"font-family: Arial;\">Chora<\/span><span style=\"font-family: Arial;\"> und der alte Hafen von Mykonos sind trotz der vielen Menschen interessant und konnten am Abend oder am n\u00e4chsten Tag besucht werden. Die meisten Teilnehmer haben Delos besichtigt und manche haben auch Gebrauch vom sch\u00f6nen Strand vor dem Hotel in Agios Stefanos f\u00fcr ein letztes Bad gemacht.<\/span><\/span><\/p>\n<\/td>\n<\/tr>\n<tr class=\"-R\">\n<td class=\"-C\" style=\"width: 241.3pt; border: none windowtext 0pt;\">\n<p class=\"Normal-P\" style=\"margin-bottom: 6pt; text-align: justify; text-justify: inter-ideograph; direction: ltr; unicode-bidi: normal;\"><span class=\"Normal-H\"><span style=\"font-family: Arial;\"><img loading=\"lazy\" decoding=\"async\" class=\"\" src=\"http:\/\/www.adrianwood.ch\/wp-content\/uploads\/2018\/07\/1532099511_image11.jpeg\" data-link=\"\" width=\"351\" height=\"235\"><\/span><\/span><\/p>\n<\/td>\n<td class=\"-C\" style=\"width: 240.1pt; border: none windowtext 0pt;\">\n<p class=\"Normal-P\" style=\"margin-bottom: 6pt; text-align: justify; text-justify: inter-ideograph; direction: ltr; unicode-bidi: normal;\"><span class=\"Normal-H\"><span style=\"font-family: Arial;\"><img loading=\"lazy\" decoding=\"async\" class=\"\" src=\"http:\/\/www.adrianwood.ch\/wp-content\/uploads\/2018\/07\/1532099511_image12.jpeg\" data-link=\"\" width=\"350\" height=\"234\"><\/span><\/span><\/p>\n<\/td>\n<\/tr>\n<tr class=\"-R\">\n<td class=\"-C\" style=\"width: 241.3pt; border: none windowtext 0pt;\">\n<p class=\"Normal-P\" style=\"margin-bottom: 6pt; text-align: justify; text-justify: inter-ideograph; direction: ltr; unicode-bidi: normal;\"><span class=\"Normal-H\"><span style=\"font-family: Arial;\"><img loading=\"lazy\" decoding=\"async\" class=\"\" src=\"http:\/\/www.adrianwood.ch\/wp-content\/uploads\/2018\/07\/1532099511_image13.jpeg\" data-link=\"\" width=\"350\" height=\"233\"><\/span><\/span><\/p>\n<\/td>\n<td class=\"-C\" style=\"width: 240.1pt; border: none windowtext 0pt;\">\n<p class=\"Normal-P\" style=\"margin-bottom: 6pt; text-align: justify; text-justify: inter-ideograph; direction: ltr; unicode-bidi: normal;\"><span class=\"Normal-H\"><span style=\"font-family: Arial;\"><img loading=\"lazy\" decoding=\"async\" class=\"\" src=\"http:\/\/www.adrianwood.ch\/wp-content\/uploads\/2018\/07\/1532099511_image14.jpeg\" data-link=\"\" width=\"350\" height=\"234\"><\/span><\/span><\/p>\n<\/td>\n<\/tr>\n<tr class=\"-R\">\n<td class=\"-C\" style=\"width: 481.4pt; border: none windowtext 0pt;\" colspan=\"2\">\n<p class=\"Normal-P\" style=\"margin-bottom: 6pt; text-align: justify; text-justify: inter-ideograph; direction: ltr; unicode-bidi: normal;\"><span class=\"Normal-H\"><span style=\"font-family: Arial;\">Die Wanderungen waren etwas k\u00fcrzer als in der Vergangenheit mit Laufzeiten zwischen 3.5 und 5 Stunden und wurden von fast alle Teilnehmer gut gemeistert. Die anderen haben entweder einfachere Varianten auf eigene Faust gemacht oder Besichtigungsausfl\u00fcge unternommen. Auf einer Wanderung gab es zwei St\u00fcrze die kleine<\/span><span style=\"font-family: Arial;\"> Verletzungen verursacht haben, aber es gab gl\u00fccklicherweise keine ernsthaften Verletzungen. Markus hat uns bei den landschaftlich und teilweise kulturell interessanten Wanderungen umsichtig und kompetent gef\u00fchrt. Er wusste uns immer etwas \u00fcber die Geschichte und die heutige Lebensart der Inselbewohner zu berichten.<\/span><\/span><\/p>\n<p class=\"Normal-P\" style=\"margin-bottom: 6pt; text-align: justify; text-justify: inter-ideograph; direction: ltr; unicode-bidi: normal;\"><span class=\"Normal-H\"><span style=\"font-family: Arial;\">Wir haben einige bekannte Ausgrabungsst\u00e4tten und mehrere historische Geb\u00e4uden, vor allem Kl\u00f6ster und Kirchen, besucht. Neben den Wanderungen gab es Badem\u00f6glichkeiten aber leider nicht immer ideales Badewetter. Besonders in der zweiten Woche war es oft windig oder gar leicht bew\u00f6lkt. Das konnte man aber als ideales Wanderwetter bezeichnen.<\/span><\/span><\/p>\n<\/td>\n<\/tr>\n<tr class=\"-R\">\n<td class=\"-C\" style=\"width: 241.3pt; border: none windowtext 0pt;\">\n<p class=\"Normal-P\" style=\"margin-bottom: 6pt; text-align: justify; text-justify: inter-ideograph; direction: ltr; unicode-bidi: normal;\"><span class=\"Normal-H\"><span style=\"font-family: Arial;\"><img loading=\"lazy\" decoding=\"async\" class=\"\" src=\"http:\/\/www.adrianwood.ch\/wp-content\/uploads\/2018\/07\/1532099511_image15.jpeg\" data-link=\"\" width=\"350\" height=\"233\"><\/span><\/span><\/p>\n<\/td>\n<td class=\"-C\" style=\"width: 240.1pt; border: none windowtext 0pt;\">\n<p class=\"Normal-P\" style=\"margin-bottom: 6pt; text-align: justify; text-justify: inter-ideograph; direction: ltr; unicode-bidi: normal;\"><span class=\"Normal-H\"><span style=\"font-family: Arial;\"><img loading=\"lazy\" decoding=\"async\" class=\"\" src=\"http:\/\/www.adrianwood.ch\/wp-content\/uploads\/2018\/07\/1532099511_image16.jpeg\" data-link=\"\" width=\"350\" height=\"234\"><\/span><\/span><\/p>\n<\/td>\n<\/tr>\n<tr class=\"-R\">\n<td class=\"-C\" style=\"width: 241.3pt; border: none windowtext 0pt;\">\n<p class=\"Normal-P\" style=\"margin-bottom: 6pt; text-align: justify; text-justify: inter-ideograph; direction: ltr; unicode-bidi: normal;\"><span class=\"Normal-H\"><span style=\"font-family: Arial;\"><img loading=\"lazy\" decoding=\"async\" class=\"\" src=\"http:\/\/www.adrianwood.ch\/wp-content\/uploads\/2018\/07\/1532099511_image17.jpeg\" data-link=\"\" width=\"350\" height=\"233\"><\/span><\/span><\/p>\n<\/td>\n<td class=\"-C\" style=\"width: 240.1pt; border: none windowtext 0pt;\">\n<p class=\"Normal-P\" style=\"margin-bottom: 6pt; text-align: justify; text-justify: inter-ideograph; direction: ltr; unicode-bidi: normal;\"><span class=\"Normal-H\"><span style=\"font-family: Arial;\"><img loading=\"lazy\" decoding=\"async\" class=\"\" src=\"http:\/\/www.adrianwood.ch\/wp-content\/uploads\/2018\/07\/1532099511_image18.jpeg\" data-link=\"\" width=\"350\" height=\"234\"><\/span><\/span><\/p>\n<\/td>\n<\/tr>\n<tr class=\"-R\">\n<td class=\"-C\" style=\"width: 481.4pt; border: none windowtext 0pt;\" colspan=\"2\">\n<p class=\"Normal-P\" style=\"margin-bottom: 6pt; text-align: justify; text-justify: inter-ideograph; direction: ltr; unicode-bidi: normal;\"><span class=\"Normal-H\"><span style=\"font-family: Arial;\">Es bleibt mir nur allen Beteiligten zu danken f\u00fcr ihr freundliches und unkompliziertes Mitmachen. Reklamationen habe ich keine geh\u00f6rt, aber man sagt mir, dass ich nicht mehr so gut h\u00f6re wie fr\u00fcher. Vor allem danke ich Markus f\u00fcr die Wanderleitung und auch noch den anderen Mitarbeitern von Lupe Reisen die an der Organisation beteiligt waren. Speziell erw\u00e4hne ich die Schreiber der Tagesberichte und Hanspeter Sauter der wie jedes Jahr die sehr informative GPS Aufzeichnungen erstellt hat. Ich hoffe ich sehe Euch alle im n\u00e4chsten Jahr wieder, obwohl ich noch nicht genau sagen kann wo es hingeht.<\/span><\/span><\/p>\n<p class=\"Normal-P\" style=\"margin-bottom: 6pt; text-align: justify; text-justify: inter-ideograph; direction: ltr; unicode-bidi: normal;\"><span class=\"Normal-H\"><span style=\"font-family: Arial;\">Adrian<\/span><\/span><\/p>\n<\/td>\n<\/tr>\n<p><!-- [if !supportMisalignedColumns]--><\/tbody>\n<\/table>\n<\/div>\n","protected":false},"excerpt":{"rendered":"<p>Einf\u00fchrung Es sind drei Jahre seit unsere Wanderferien auf de Dodekanes Inseln im Oestlichen Teil des Aegeischen Meers. Damals wurden sie wie dieses Mal von Lupereisen organisiert nachdem ich bei anderen Wanderreise-Anbietern Spionage betrieben hatte. Wir wurden auf den Kykladen Inseln vom Wanderleiter Markus M\u00fcller gef\u00fchrt. Er h\u00e4tte uns auch auf den Dodekanes f\u00fchren sollen, &hellip; <a href=\"https:\/\/www.adrianwood.ch\/?page_id=16600\" class=\"more-link\">Continue reading <span class=\"screen-reader-text\">Einf\u00fchrung<\/span> <span class=\"meta-nav\">&rarr;<\/span><\/a><\/p>\n","protected":false},"author":1,"featured_media":0,"parent":16596,"menu_order":2582,"comment_status":"closed","ping_status":"closed","template":"","meta":{"ngg_post_thumbnail":0,"footnotes":""},"class_list":["post-16600","page","type-page","status-publish","hentry"],"_links":{"self":[{"href":"https:\/\/www.adrianwood.ch\/index.php?rest_route=\/wp\/v2\/pages\/16600","targetHints":{"allow":["GET"]}}],"collection":[{"href":"https:\/\/www.adrianwood.ch\/index.php?rest_route=\/wp\/v2\/pages"}],"about":[{"href":"https:\/\/www.adrianwood.ch\/index.php?rest_route=\/wp\/v2\/types\/page"}],"author":[{"embeddable":true,"href":"https:\/\/www.adrianwood.ch\/index.php?rest_route=\/wp\/v2\/users\/1"}],"replies":[{"embeddable":true,"href":"https:\/\/www.adrianwood.ch\/index.php?rest_route=%2Fwp%2Fv2%2Fcomments&post=16600"}],"version-history":[{"count":4,"href":"https:\/\/www.adrianwood.ch\/index.php?rest_route=\/wp\/v2\/pages\/16600\/revisions"}],"predecessor-version":[{"id":16869,"href":"https:\/\/www.adrianwood.ch\/index.php?rest_route=\/wp\/v2\/pages\/16600\/revisions\/16869"}],"up":[{"embeddable":true,"href":"https:\/\/www.adrianwood.ch\/index.php?rest_route=\/wp\/v2\/pages\/16596"}],"wp:attachment":[{"href":"https:\/\/www.adrianwood.ch\/index.php?rest_route=%2Fwp%2Fv2%2Fmedia&parent=16600"}],"curies":[{"name":"wp","href":"https:\/\/api.w.org\/{rel}","templated":true}]}}