{"id":16626,"date":"2018-07-20T16:26:35","date_gmt":"2018-07-20T16:26:35","guid":{"rendered":"http:\/\/www.adrianwood.ch\/?page_id=16626"},"modified":"2018-07-21T14:13:12","modified_gmt":"2018-07-21T14:13:12","slug":"05-14-fira","status":"publish","type":"page","link":"https:\/\/www.adrianwood.ch\/?page_id=16626","title":{"rendered":"05-14 Fira Chaldera"},"content":{"rendered":"<div class=\"pmdi_content_wrapper\">\n<p class=\"Normal-P\" style=\"margin-bottom: 6pt; text-align: justify; text-justify: inter-ideograph; direction: ltr; unicode-bidi: normal;\"><span class=\"Normal-H\"><span style=\"font-family: Arial; font-weight: bold;\">14. Mai, <\/span><span style=\"font-family: Arial; font-weight: bold;\">Santorin<\/span><span style=\"font-family: Arial; font-weight: bold;\">: <\/span><span style=\"font-family: Arial; font-weight: bold;\">Chaldera<\/span><span style=\"font-family: Arial; font-weight: bold;\"> Wanderweg von <\/span><span style=\"font-family: Arial; font-weight: bold;\">Oia<\/span><span style=\"font-family: Arial; font-weight: bold;\"> nach Fira<\/span><\/span><\/p>\n<table class=\"TableGrid-T\" style=\"border-collapse: collapse;\" cellspacing=\"0\">\n<tbody>\n<tr class=\"-R\">\n<td class=\"-C\" style=\"width: 481.4pt; border: none windowtext 0pt;\" colspan=\"2\">\n<p class=\"Normal-P\" style=\"margin-bottom: 6pt; text-align: justify; text-justify: inter-ideograph; direction: ltr; unicode-bidi: normal;\"><span class=\"Normal-H\"><span style=\"font-family: Arial;\">Eine Wolkenbank \u00fcber den Bergen von <\/span><span style=\"font-family: Arial;\">Santorin<\/span><span style=\"font-family: Arial;\">, sonst blauer Himmel und \u00fcber dem Meer Dunst, ein warmer Tag k\u00fcndigte sich an als wir uns nach dem Fr\u00fchst\u00fcck besammelten, um gemeinsam den kurzen Weg zum Bus zur\u00fcckzulegen, der uns in einer Nebenstrasse erwartete, um uns zum Nordende der Insel, nach <\/span><span style=\"font-family: Arial;\">Oia<\/span><span style=\"font-family: Arial;\"> zu bringen. Wir bewunderten die Geduld und die Geschicklichkeit des Fahrers, der den grossen Bus durch das Gew\u00fchl von Autos und Fussg\u00e4ngern sicher ans Ziel brachte. Das ist noch die Vorsaison erfuhren wir, in der Hochsaison, wenn gleichzeitig mehrere Kreuzfahrtschiffe ihre Massen an Land bringen, ist das Chaos und Gedr\u00e4nge noch viel gr\u00f6sser.<\/span><\/span><\/p>\n<\/td>\n<\/tr>\n<tr class=\"-R\">\n<td class=\"-C\" style=\"width: 239.95pt; border: none windowtext 0pt;\">\n<p class=\"Normal-P\" style=\"margin-bottom: 6pt; text-align: justify; text-justify: inter-ideograph; direction: ltr; unicode-bidi: normal;\"><span class=\"Normal-H\"><span style=\"font-family: Arial;\"><img loading=\"lazy\" decoding=\"async\" class=\"\" src=\"http:\/\/www.adrianwood.ch\/wp-content\/uploads\/2018\/07\/1532103960_image1.jpeg\" data-link=\"\" width=\"347\" height=\"231\"><\/span><\/span><\/p>\n<\/td>\n<td class=\"-C\" style=\"width: 241.45pt; border: none windowtext 0pt;\">\n<p class=\"Normal-P\" style=\"margin-bottom: 6pt; text-align: justify; text-justify: inter-ideograph; direction: ltr; unicode-bidi: normal;\"><span class=\"Normal-H\"><span style=\"font-family: Arial;\"><img loading=\"lazy\" decoding=\"async\" class=\"\" src=\"http:\/\/www.adrianwood.ch\/wp-content\/uploads\/2018\/07\/1532103960_image2.jpeg\" data-link=\"\" width=\"348\" height=\"320\"><\/span><\/span><\/p>\n<\/td>\n<\/tr>\n<tr class=\"-R\">\n<td class=\"-C\" style=\"width: 481.4pt; border: none windowtext 0pt;\" colspan=\"2\">\n<p class=\"Normal-P\" style=\"margin-bottom: 6pt; text-align: justify; text-justify: inter-ideograph; direction: ltr; unicode-bidi: normal;\"><span class=\"Normal-H\"><span style=\"font-family: Arial;\">In <\/span><span style=\"font-family: Arial;\">Oia<\/span><span style=\"font-family: Arial;\"> angekommen, hatten wir erst einmal Zeit, den h\u00fcbschen, sauberen Ort zu besichtigen, also verteilten wir uns in den engen Gassen und die Fotoapparate liefen heiss. Das tief blaue Wasser der Caldera, die schneeweissen H\u00e4user, dazwischen Farbtupfer von Blumen und den bunt gekleideten Menschen, es gab Motive in H\u00fclle und F\u00fclle. Wir liessen uns im Strom der Touristen treiben, \u00fcber Treppen und durch enge Gassen bis zum <\/span><span style=\"font-family: Arial;\">Lontza<\/span><span style=\"font-family: Arial;\"> Kastell, von dem aus man eine herrliche Sicht \u00fcber <\/span><span style=\"font-family: Arial;\">Oia<\/span><span style=\"font-family: Arial;\">, und die Krete sowie auf die benachbarten Inseln in und um die Caldera hat. <\/span><span style=\"font-family: Arial;\">Oia<\/span><span style=\"font-family: Arial;\"> selbst liegt auf der Krete, ein Teil des Orts ist aber an eine steile Felsklippe geklebt wie ein H\u00e4ngegletscher, die in die Caldera abf\u00e4llt. Von den Zerst\u00f6rungen durch das Erdbeben von 1956 ist bei oberfl\u00e4chlicher Betrachtung nichts mehr zu sehen.<\/span><\/span><\/p>\n<\/td>\n<\/tr>\n<tr class=\"-R\">\n<td class=\"-C\" style=\"width: 239.95pt; border: none windowtext 0pt;\">\n<p class=\"Normal-P\" style=\"margin-bottom: 6pt; text-align: justify; text-justify: inter-ideograph; direction: ltr; unicode-bidi: normal;\"><span class=\"Normal-H\"><span style=\"font-family: Arial;\"><img loading=\"lazy\" decoding=\"async\" class=\"\" src=\"http:\/\/www.adrianwood.ch\/wp-content\/uploads\/2018\/07\/1532103960_image3.jpeg\" data-link=\"\" width=\"350\" height=\"233\"><\/span><\/span><\/p>\n<\/td>\n<td class=\"-C\" style=\"width: 241.45pt; border: none windowtext 0pt;\">\n<p class=\"Normal-P\" style=\"margin-bottom: 6pt; text-align: justify; text-justify: inter-ideograph; direction: ltr; unicode-bidi: normal;\"><span class=\"Normal-H\"><span style=\"font-family: Arial;\"><img loading=\"lazy\" decoding=\"async\" class=\"\" src=\"http:\/\/www.adrianwood.ch\/wp-content\/uploads\/2018\/07\/1532103960_image4.jpeg\" data-link=\"\" width=\"350\" height=\"234\"><\/span><\/span><\/p>\n<\/td>\n<\/tr>\n<tr class=\"-R\">\n<td class=\"-C\" style=\"width: 481.4pt; border: none windowtext 0pt;\" colspan=\"2\">\n<p class=\"Normal-P\" style=\"margin-bottom: 6pt; text-align: justify; text-justify: inter-ideograph; direction: ltr; unicode-bidi: normal;\"><span class=\"Normal-H\"><span style=\"font-family: Arial;\">Nach einer Stunde Ortbesichtigung begannen wir mit unserer Wanderung auf der Krete, vorbei an der Kapelle Agios Stephanos, Richtung Fira. An einem Kiosk, der zu einem kleinen Imbiss erweitert war und direkt an der Strasse lag, machten wir Rast, es war heiss geworden und die Nachfrage nach k\u00fchlen Getr\u00e4nken oder Kaffee war gross. Frisch gest\u00e4rkt gelangten wir zur Kapelle <\/span><span style=\"font-family: Arial;\">Profitis<\/span><span style=\"font-family: Arial;\"> Elia<\/span><span style=\"font-family: Arial;\"> und von dort auf einer Asphalt<\/span><span style=\"font-family: Arial;\">trasse, die an illegal errichteten Neubauten f\u00fcr Betuchte vorbeif\u00fchrte, immer am Rand der Caldera entlang nach Fira. Zwei Kreuzfahrt Schiffe lagen vor Anker, ein eifriger Pendelverkehr brachte die Touristen von Bord zum alten Hafen. Diesen verbindet eine Seilbahn mit der Oberstadt.<\/span><\/span><\/p>\n<\/td>\n<\/tr>\n<tr class=\"-R\">\n<td class=\"-C\" style=\"width: 239.95pt; border: none windowtext 0pt;\">\n<p class=\"Normal-P\" style=\"margin-bottom: 6pt; text-align: justify; text-justify: inter-ideograph; direction: ltr; unicode-bidi: normal;\"><span class=\"Normal-H\"><span style=\"font-family: Arial;\"><img loading=\"lazy\" decoding=\"async\" class=\"\" src=\"http:\/\/www.adrianwood.ch\/wp-content\/uploads\/2018\/07\/1532103960_image5.jpeg\" data-link=\"\" width=\"350\" height=\"233\"><\/span><\/span><\/p>\n<\/td>\n<td class=\"-C\" style=\"width: 241.45pt; border: none windowtext 0pt;\">\n<p class=\"Normal-P\" style=\"margin-bottom: 6pt; text-align: justify; text-justify: inter-ideograph; direction: ltr; unicode-bidi: normal;\"><span class=\"Normal-H\"><span style=\"font-family: Arial;\"><img loading=\"lazy\" decoding=\"async\" class=\"\" src=\"http:\/\/www.adrianwood.ch\/wp-content\/uploads\/2018\/07\/1532103960_image6.jpeg\" data-link=\"\" width=\"350\" height=\"234\"><\/span><\/span><\/p>\n<\/td>\n<\/tr>\n<tr class=\"-R\">\n<td class=\"-C\" style=\"width: 481.4pt; border: none windowtext 0pt;\" colspan=\"2\">\n<p class=\"Normal-P\" style=\"margin-bottom: 6pt; text-align: justify; text-justify: inter-ideograph; direction: ltr; unicode-bidi: normal;\"><span class=\"Normal-H\"><span style=\"font-family: Arial;\">Wir fanden ein sch\u00f6nes Gartenrestaurant mit Blick auf die Caldera und gen\u00fcgend Platz auf der schattigen Terrasse f\u00fcr alle. Die Meisten bestellten ein Getr\u00e4nk und ein Sandwich, nicht billig aber ausgezeichnet. Nach der verdienten Rast gingen wir durch das gesch\u00e4ftige Zentrum von Fira zum \u00f6ffentlichen Bus von Fira nach <\/span><span style=\"font-family: Arial;\">Kamari<\/span><span style=\"font-family: Arial;\">. Da wir mit 30 Personen eine grosse Gruppe waren und bei weitem nicht die einzigen Fahrg\u00e4ste, kamen trotz grossem Gedr\u00e4nge nicht alle mit. Markus und 4 Gl\u00fcckliche blieben zur\u00fcck und w\u00e4hlten das Taxi als Alternative zum n\u00e4chsten Bus, der in einer Stunde und vermutlich eben so voll fahren w\u00fcrde. Den relativ g\u00fcnstigen Preis zahlten wir gerne, der Bus war ja auch nicht gratis.<\/span><\/span><\/p>\n<\/td>\n<\/tr>\n<tr class=\"-R\">\n<td class=\"-C\" style=\"width: 239.95pt; border: none windowtext 0pt;\">\n<p class=\"Normal-P\" style=\"margin-bottom: 6pt; text-align: justify; text-justify: inter-ideograph; direction: ltr; unicode-bidi: normal;\"><span class=\"Normal-H\"><span style=\"font-family: Arial;\">Im Hotel angekommen tranken wir erst einmal einen Uso oder Limoncello, bevor es dann umgekleidet und frisch geduscht zum gemeinsamen Abendessen ging. Es wurde uns griechische K\u00fcche vom Feinsten serviert, und zufrieden und wohl ges\u00e4ttigt strebten wir nun unseren Betten entgegen. Wir hatten einen <\/span><span style=\"font-family: Arial;\">e<\/span><span style=\"font-family: Arial;\">rlebnisreichen, sch\u00f6nen und vielseitigen Tag verbracht, so konnte es weiter gehen.<\/span><span style=\"font-family: Arial;\">Michael<\/span><\/span><\/p>\n<\/td>\n<td class=\"-C\" style=\"width: 241.45pt; border: none windowtext 0pt;\">\n<p class=\"Normal-P\" style=\"margin-bottom: 6pt; text-align: justify; text-justify: inter-ideograph; direction: ltr; unicode-bidi: normal;\"><span class=\"Normal-H\"><span style=\"font-family: Arial;\"><img loading=\"lazy\" decoding=\"async\" class=\"\" src=\"http:\/\/www.adrianwood.ch\/wp-content\/uploads\/2018\/07\/1532103960_image7.jpg\" data-link=\"\" width=\"351\" height=\"198\"><\/span><\/span><\/p>\n<\/td>\n<\/tr>\n<tr class=\"-R\">\n<td class=\"-C\" style=\"width: 481.4pt; border: none windowtext 0pt;\" colspan=\"2\">\n<p class=\"Normal-P\" style=\"margin-bottom: 6pt; text-align: justify; text-justify: inter-ideograph; direction: ltr; unicode-bidi: normal;\">\n<\/td>\n<\/tr>\n<tr class=\"-R\">\n<td class=\"-C\" style=\"width: 481.4pt; border: none windowtext 0pt;\" colspan=\"2\">\n<p class=\"Normal-P\" style=\"margin-bottom: 6pt; text-align: justify; text-justify: inter-ideograph; direction: ltr; unicode-bidi: normal;\"><span class=\"Normal-H\"><span style=\"font-family: Arial;\"><img loading=\"lazy\" decoding=\"async\" class=\"\" src=\"http:\/\/www.adrianwood.ch\/wp-content\/uploads\/2018\/07\/1532103960_image8.jpeg\" data-link=\"\" width=\"753\" height=\"450\"><\/span><\/span><\/p>\n<\/td>\n<\/tr>\n<p><!-- [if !supportMisalignedColumns]--><\/tbody>\n<\/table>\n<\/div>\n","protected":false},"excerpt":{"rendered":"<p>14. Mai, Santorin: Chaldera Wanderweg von Oia nach Fira Eine Wolkenbank \u00fcber den Bergen von Santorin, sonst blauer Himmel und \u00fcber dem Meer Dunst, ein warmer Tag k\u00fcndigte sich an als wir uns nach dem Fr\u00fchst\u00fcck besammelten, um gemeinsam den kurzen Weg zum Bus zur\u00fcckzulegen, der uns in einer Nebenstrasse erwartete, um uns zum Nordende &hellip; <a href=\"https:\/\/www.adrianwood.ch\/?page_id=16626\" class=\"more-link\">Continue reading <span class=\"screen-reader-text\">05-14 Fira Chaldera<\/span> <span class=\"meta-nav\">&rarr;<\/span><\/a><\/p>\n","protected":false},"author":1,"featured_media":0,"parent":16596,"menu_order":2584,"comment_status":"closed","ping_status":"closed","template":"","meta":{"ngg_post_thumbnail":0,"footnotes":""},"class_list":["post-16626","page","type-page","status-publish","hentry"],"_links":{"self":[{"href":"https:\/\/www.adrianwood.ch\/index.php?rest_route=\/wp\/v2\/pages\/16626","targetHints":{"allow":["GET"]}}],"collection":[{"href":"https:\/\/www.adrianwood.ch\/index.php?rest_route=\/wp\/v2\/pages"}],"about":[{"href":"https:\/\/www.adrianwood.ch\/index.php?rest_route=\/wp\/v2\/types\/page"}],"author":[{"embeddable":true,"href":"https:\/\/www.adrianwood.ch\/index.php?rest_route=\/wp\/v2\/users\/1"}],"replies":[{"embeddable":true,"href":"https:\/\/www.adrianwood.ch\/index.php?rest_route=%2Fwp%2Fv2%2Fcomments&post=16626"}],"version-history":[{"count":5,"href":"https:\/\/www.adrianwood.ch\/index.php?rest_route=\/wp\/v2\/pages\/16626\/revisions"}],"predecessor-version":[{"id":16636,"href":"https:\/\/www.adrianwood.ch\/index.php?rest_route=\/wp\/v2\/pages\/16626\/revisions\/16636"}],"up":[{"embeddable":true,"href":"https:\/\/www.adrianwood.ch\/index.php?rest_route=\/wp\/v2\/pages\/16596"}],"wp:attachment":[{"href":"https:\/\/www.adrianwood.ch\/index.php?rest_route=%2Fwp%2Fv2%2Fmedia&parent=16626"}],"curies":[{"name":"wp","href":"https:\/\/api.w.org\/{rel}","templated":true}]}}

<div class="pmdi_content_wrapper">
<p class="Normal-P" style="margin-bottom: 6pt; text-align: justify; text-justify: inter-ideograph; direction: ltr; unicode-bidi: normal;"><span class="Normal-H"><span style="font-family: Arial; font-weight: bold;">14. Mai, </span><span style="font-family: Arial; font-weight: bold;">Santorin</span><span style="font-family: Arial; font-weight: bold;">: </span><span style="font-family: Arial; font-weight: bold;">Chaldera</span><span style="font-family: Arial; font-weight: bold;"> Wanderweg von </span><span style="font-family: Arial; font-weight: bold;">Oia</span><span style="font-family: Arial; font-weight: bold;"> nach Fira</span></span></p>
<table class="TableGrid-T" style="border-collapse: collapse;" cellspacing="0">
<tbody>
<tr class="-R">
<td class="-C" style="width: 481.4pt; border: none windowtext 0pt;" colspan="2">
<p class="Normal-P" style="margin-bottom: 6pt; text-align: justify; text-justify: inter-ideograph; direction: ltr; unicode-bidi: normal;"><span class="Normal-H"><span style="font-family: Arial;">Eine Wolkenbank über den Bergen von </span><span style="font-family: Arial;">Santorin</span><span style="font-family: Arial;">, sonst blauer Himmel und über dem Meer Dunst, ein warmer Tag kündigte sich an als wir uns nach dem Frühstück besammelten, um gemeinsam den kurzen Weg zum Bus zurückzulegen, der uns in einer Nebenstrasse erwartete, um uns zum Nordende der Insel, nach </span><span style="font-family: Arial;">Oia</span><span style="font-family: Arial;"> zu bringen. Wir bewunderten die Geduld und die Geschicklichkeit des Fahrers, der den grossen Bus durch das Gewühl von Autos und Fussgängern sicher ans Ziel brachte. Das ist noch die Vorsaison erfuhren wir, in der Hochsaison, wenn gleichzeitig mehrere Kreuzfahrtschiffe ihre Massen an Land bringen, ist das Chaos und Gedränge noch viel grösser.</span></span></p>
</td>
</tr>
<tr class="-R">
<td class="-C" style="width: 239.95pt; border: none windowtext 0pt;">
<p class="Normal-P" style="margin-bottom: 6pt; text-align: justify; text-justify: inter-ideograph; direction: ltr; unicode-bidi: normal;"><span class="Normal-H"><span style="font-family: Arial;"><img loading="lazy" decoding="async" class="" src="http://www.adrianwood.ch/wp-content/uploads/2018/07/1532103960_image1.jpeg" data-link="" width="347" height="231"></span></span></p>
</td>
<td class="-C" style="width: 241.45pt; border: none windowtext 0pt;">
<p class="Normal-P" style="margin-bottom: 6pt; text-align: justify; text-justify: inter-ideograph; direction: ltr; unicode-bidi: normal;"><span class="Normal-H"><span style="font-family: Arial;"><img loading="lazy" decoding="async" class="" src="http://www.adrianwood.ch/wp-content/uploads/2018/07/1532103960_image2.jpeg" data-link="" width="348" height="320"></span></span></p>
</td>
</tr>
<tr class="-R">
<td class="-C" style="width: 481.4pt; border: none windowtext 0pt;" colspan="2">
<p class="Normal-P" style="margin-bottom: 6pt; text-align: justify; text-justify: inter-ideograph; direction: ltr; unicode-bidi: normal;"><span class="Normal-H"><span style="font-family: Arial;">In </span><span style="font-family: Arial;">Oia</span><span style="font-family: Arial;"> angekommen, hatten wir erst einmal Zeit, den hübschen, sauberen Ort zu besichtigen, also verteilten wir uns in den engen Gassen und die Fotoapparate liefen heiss. Das tief blaue Wasser der Caldera, die schneeweissen Häuser, dazwischen Farbtupfer von Blumen und den bunt gekleideten Menschen, es gab Motive in Hülle und Fülle. Wir liessen uns im Strom der Touristen treiben, über Treppen und durch enge Gassen bis zum </span><span style="font-family: Arial;">Lontza</span><span style="font-family: Arial;"> Kastell, von dem aus man eine herrliche Sicht über </span><span style="font-family: Arial;">Oia</span><span style="font-family: Arial;">, und die Krete sowie auf die benachbarten Inseln in und um die Caldera hat. </span><span style="font-family: Arial;">Oia</span><span style="font-family: Arial;"> selbst liegt auf der Krete, ein Teil des Orts ist aber an eine steile Felsklippe geklebt wie ein Hängegletscher, die in die Caldera abfällt. Von den Zerstörungen durch das Erdbeben von 1956 ist bei oberflächlicher Betrachtung nichts mehr zu sehen.</span></span></p>
</td>
</tr>
<tr class="-R">
<td class="-C" style="width: 239.95pt; border: none windowtext 0pt;">
<p class="Normal-P" style="margin-bottom: 6pt; text-align: justify; text-justify: inter-ideograph; direction: ltr; unicode-bidi: normal;"><span class="Normal-H"><span style="font-family: Arial;"><img loading="lazy" decoding="async" class="" src="http://www.adrianwood.ch/wp-content/uploads/2018/07/1532103960_image3.jpeg" data-link="" width="350" height="233"></span></span></p>
</td>
<td class="-C" style="width: 241.45pt; border: none windowtext 0pt;">
<p class="Normal-P" style="margin-bottom: 6pt; text-align: justify; text-justify: inter-ideograph; direction: ltr; unicode-bidi: normal;"><span class="Normal-H"><span style="font-family: Arial;"><img loading="lazy" decoding="async" class="" src="http://www.adrianwood.ch/wp-content/uploads/2018/07/1532103960_image4.jpeg" data-link="" width="350" height="234"></span></span></p>
</td>
</tr>
<tr class="-R">
<td class="-C" style="width: 481.4pt; border: none windowtext 0pt;" colspan="2">
<p class="Normal-P" style="margin-bottom: 6pt; text-align: justify; text-justify: inter-ideograph; direction: ltr; unicode-bidi: normal;"><span class="Normal-H"><span style="font-family: Arial;">Nach einer Stunde Ortbesichtigung begannen wir mit unserer Wanderung auf der Krete, vorbei an der Kapelle Agios Stephanos, Richtung Fira. An einem Kiosk, der zu einem kleinen Imbiss erweitert war und direkt an der Strasse lag, machten wir Rast, es war heiss geworden und die Nachfrage nach kühlen Getränken oder Kaffee war gross. Frisch gestärkt gelangten wir zur Kapelle </span><span style="font-family: Arial;">Profitis</span><span style="font-family: Arial;"> Elia</span><span style="font-family: Arial;"> und von dort auf einer Asphalt</span><span style="font-family: Arial;">trasse, die an illegal errichteten Neubauten für Betuchte vorbeiführte, immer am Rand der Caldera entlang nach Fira. Zwei Kreuzfahrt Schiffe lagen vor Anker, ein eifriger Pendelverkehr brachte die Touristen von Bord zum alten Hafen. Diesen verbindet eine Seilbahn mit der Oberstadt.</span></span></p>
</td>
</tr>
<tr class="-R">
<td class="-C" style="width: 239.95pt; border: none windowtext 0pt;">
<p class="Normal-P" style="margin-bottom: 6pt; text-align: justify; text-justify: inter-ideograph; direction: ltr; unicode-bidi: normal;"><span class="Normal-H"><span style="font-family: Arial;"><img loading="lazy" decoding="async" class="" src="http://www.adrianwood.ch/wp-content/uploads/2018/07/1532103960_image5.jpeg" data-link="" width="350" height="233"></span></span></p>
</td>
<td class="-C" style="width: 241.45pt; border: none windowtext 0pt;">
<p class="Normal-P" style="margin-bottom: 6pt; text-align: justify; text-justify: inter-ideograph; direction: ltr; unicode-bidi: normal;"><span class="Normal-H"><span style="font-family: Arial;"><img loading="lazy" decoding="async" class="" src="http://www.adrianwood.ch/wp-content/uploads/2018/07/1532103960_image6.jpeg" data-link="" width="350" height="234"></span></span></p>
</td>
</tr>
<tr class="-R">
<td class="-C" style="width: 481.4pt; border: none windowtext 0pt;" colspan="2">
<p class="Normal-P" style="margin-bottom: 6pt; text-align: justify; text-justify: inter-ideograph; direction: ltr; unicode-bidi: normal;"><span class="Normal-H"><span style="font-family: Arial;">Wir fanden ein schönes Gartenrestaurant mit Blick auf die Caldera und genügend Platz auf der schattigen Terrasse für alle. Die Meisten bestellten ein Getränk und ein Sandwich, nicht billig aber ausgezeichnet. Nach der verdienten Rast gingen wir durch das geschäftige Zentrum von Fira zum öffentlichen Bus von Fira nach </span><span style="font-family: Arial;">Kamari</span><span style="font-family: Arial;">. Da wir mit 30 Personen eine grosse Gruppe waren und bei weitem nicht die einzigen Fahrgäste, kamen trotz grossem Gedränge nicht alle mit. Markus und 4 Glückliche blieben zurück und wählten das Taxi als Alternative zum nächsten Bus, der in einer Stunde und vermutlich eben so voll fahren würde. Den relativ günstigen Preis zahlten wir gerne, der Bus war ja auch nicht gratis.</span></span></p>
</td>
</tr>
<tr class="-R">
<td class="-C" style="width: 239.95pt; border: none windowtext 0pt;">
<p class="Normal-P" style="margin-bottom: 6pt; text-align: justify; text-justify: inter-ideograph; direction: ltr; unicode-bidi: normal;"><span class="Normal-H"><span style="font-family: Arial;">Im Hotel angekommen tranken wir erst einmal einen Uso oder Limoncello, bevor es dann umgekleidet und frisch geduscht zum gemeinsamen Abendessen ging. Es wurde uns griechische Küche vom Feinsten serviert, und zufrieden und wohl gesättigt strebten wir nun unseren Betten entgegen. Wir hatten einen </span><span style="font-family: Arial;">e</span><span style="font-family: Arial;">rlebnisreichen, schönen und vielseitigen Tag verbracht, so konnte es weiter gehen.</span><span style="font-family: Arial;">Michael</span></span></p>
</td>
<td class="-C" style="width: 241.45pt; border: none windowtext 0pt;">
<p class="Normal-P" style="margin-bottom: 6pt; text-align: justify; text-justify: inter-ideograph; direction: ltr; unicode-bidi: normal;"><span class="Normal-H"><span style="font-family: Arial;"><img loading="lazy" decoding="async" class="" src="http://www.adrianwood.ch/wp-content/uploads/2018/07/1532103960_image7.jpg" data-link="" width="351" height="198"></span></span></p>
</td>
</tr>
<tr class="-R">
<td class="-C" style="width: 481.4pt; border: none windowtext 0pt;" colspan="2">
<p class="Normal-P" style="margin-bottom: 6pt; text-align: justify; text-justify: inter-ideograph; direction: ltr; unicode-bidi: normal;">
</td>
</tr>
<tr class="-R">
<td class="-C" style="width: 481.4pt; border: none windowtext 0pt;" colspan="2">
<p class="Normal-P" style="margin-bottom: 6pt; text-align: justify; text-justify: inter-ideograph; direction: ltr; unicode-bidi: normal;"><span class="Normal-H"><span style="font-family: Arial;"><img loading="lazy" decoding="async" class="" src="http://www.adrianwood.ch/wp-content/uploads/2018/07/1532103960_image8.jpeg" data-link="" width="753" height="450"></span></span></p>
</td>
</tr>
<p><!-- [if !supportMisalignedColumns]--></tbody>
</table>
</div>

<p>14. Mai, Santorin: Chaldera Wanderweg von Oia nach Fira Eine Wolkenbank über den Bergen von Santorin, sonst blauer Himmel und über dem Meer Dunst, ein warmer Tag kündigte sich an als wir uns nach dem Frühstück besammelten, um gemeinsam den kurzen Weg zum Bus zurückzulegen, der uns in einer Nebenstrasse erwartete, um uns zum Nordende &hellip; <a href="https://www.adrianwood.ch/?page_id=16626" class="more-link">Continue reading <span class="screen-reader-text">05-14 Fira Chaldera</span> <span class="meta-nav">&rarr;</span></a></p>
