{"id":16696,"date":"2018-07-21T08:20:27","date_gmt":"2018-07-21T08:20:27","guid":{"rendered":"http:\/\/www.adrianwood.ch\/?page_id=16696"},"modified":"2018-07-21T09:05:07","modified_gmt":"2018-07-21T09:05:07","slug":"05-18-fanari","status":"publish","type":"page","link":"https:\/\/www.adrianwood.ch\/?page_id=16696","title":{"rendered":"05-18 Fanari Berg"},"content":{"rendered":"<div class=\"pmdi_content_wrapper\">\n<p class=\"Normal-P\" style=\"margin-bottom: 6pt; text-align: justify; text-justify: inter-ideograph; direction: ltr; unicode-bidi: normal;\"><span class=\"Normal-H\"><span style=\"font-family: Arial; font-weight: bold;\">Mai<\/span><span style=\"font-family: Arial; font-weight: bold;\"> 18<\/span><span style=\"font-family: Arial; font-weight: bold;\">,<\/span><span style=\"font-family: Arial; font-weight: bold;\"> Auf Naxos von <\/span><span style=\"font-family: Arial; font-weight: bold;\">Ap<\/span><span style=\"font-family: Arial; font-weight: bold;\">i<\/span><span style=\"font-family: Arial; font-weight: bold;\">ra<\/span><span style=\"font-family: Arial; font-weight: bold;\">thos <\/span><span style=\"font-family: Arial; font-weight: bold;\">\u00fcber dem <\/span><span style=\"font-family: Arial; font-weight: bold;\">Fanari<\/span><span style=\"font-family: Arial; font-weight: bold;\"> und <\/span><span style=\"font-family: Arial; font-weight: bold;\">via Moni nach <\/span><span style=\"font-family: Arial; font-weight: bold;\">Chalki<\/span><\/span><\/p>\n<table class=\"TableGrid-T\" style=\"border-collapse: collapse;\" cellspacing=\"0\">\n<tbody>\n<tr class=\"-R\">\n<td class=\"-C\" style=\"width: 481.9pt; border: none windowtext 0pt;\" colspan=\"2\">\n<p class=\"Normal-P\" style=\"margin-bottom: 6pt; text-align: justify; text-justify: inter-ideograph; direction: ltr; unicode-bidi: normal;\"><span class=\"Normal-H\"><span style=\"font-family: Arial;\">Nachdem wir im Hotel <\/span><span style=\"font-family: Arial;\">Iliovasilema<\/span><span style=\"font-family: Arial;\"> in Naxos gefr\u00fchst\u00fcckt haben, besammeln wir uns um 08:30 vor dem Haupteingang. Markus M\u00fcller, unser Wanderleiter informiert uns \u00fcber das heutige Vorgehen. Wir werden eine Wanderung im Zentrum der Insel machen, von <\/span><span style=\"font-family: Arial;\">Apiranthos<\/span><span style=\"font-family: Arial;\"> nach Moni und dann nach <\/span><span style=\"font-family: Arial;\">Chalki<\/span><span style=\"font-family: Arial;\">.<\/span><\/span><\/p>\n<\/td>\n<\/tr>\n<tr class=\"-R\">\n<td class=\"-C\" style=\"width: 481.9pt; border: none windowtext 0pt;\" colspan=\"2\">\n<p class=\"Normal-P\" style=\"margin-bottom: 6pt; text-align: justify; text-justify: inter-ideograph; direction: ltr; unicode-bidi: normal;\"><span class=\"Normal-H\"><span style=\"font-family: Arial;\">Wir gehen zu Fuss zum Bus, der etwas ausserhalb parkiert hat und welcher uns dann nach <\/span><span style=\"font-family: Arial;\">Apiranthos<\/span><span style=\"font-family: Arial;\"> bringt. Markus gibt ein paar Details zur Insel durch. Naxos-<\/span><span style=\"font-family: Arial;\">Chora<\/span><span style=\"font-family: Arial;\"> (Naxos-Stadt) ist der gr\u00f6sste Ort auf der Insel und auch die Verwaltungshauptstadt. Fr\u00fcher gab es hier Schmirgel-Abbau, welcher sich aber heute nicht mehr so lohnt. Auf dieser Insel k\u00f6nnen Kartoffeln und Getreide angepflanzt werden und es gibt viel Marmor, welcher im Bergbau abgebaut wird. Um ca. 09:30 kommen wir in der Ortschaft <\/span><span style=\"font-family: Arial;\">Apiranthos<\/span><span style=\"font-family: Arial;\"> an.<\/span><span style=\"font-family: Arial;\">Wir haben freie Zeit, die h\u00fcbsche Ortschaft mit dem malerischen G\u00e4sschen zu besichtigen und dann noch im \u00f6rtlichen Restaurant etwas zu konsumieren.<\/span><\/span><\/p>\n<\/td>\n<\/tr>\n<tr class=\"-R\">\n<td class=\"-C\" style=\"width: 240.05pt; border: none windowtext 0pt;\">\n<p class=\"Normal-P\" style=\"margin-bottom: 6pt; text-align: justify; text-justify: inter-ideograph; direction: ltr; unicode-bidi: normal;\"><span class=\"Normal-H\"><span style=\"font-family: Arial;\"><img loading=\"lazy\" decoding=\"async\" class=\"\" src=\"http:\/\/www.adrianwood.ch\/wp-content\/uploads\/2018\/07\/1532161434_image1.jpeg\" data-link=\"\" width=\"349\" height=\"233\"><\/span><\/span><\/p>\n<\/td>\n<td class=\"-C\" style=\"width: 241.85pt; border: none windowtext 0pt;\">\n<p class=\"Normal-P\" style=\"margin-bottom: 6pt; text-align: justify; text-justify: inter-ideograph; direction: ltr; unicode-bidi: normal;\"><span class=\"Normal-H\"><span style=\"font-family: Arial;\"><img loading=\"lazy\" decoding=\"async\" class=\"\" src=\"http:\/\/www.adrianwood.ch\/wp-content\/uploads\/2018\/07\/1532161434_image2.jpeg\" data-link=\"\" width=\"349\" height=\"234\"><\/span><\/span><\/p>\n<\/td>\n<\/tr>\n<tr class=\"-R\">\n<td class=\"-C\" style=\"width: 481.9pt; border: none windowtext 0pt;\" colspan=\"2\">\n<p class=\"Normal-P\" style=\"margin-bottom: 6pt; text-align: justify; text-justify: inter-ideograph; direction: ltr; unicode-bidi: normal;\"><span class=\"Normal-H\"><span style=\"font-family: Arial;\">Um 10:30 starten wir mit der Wanderung auf ca. 600m\u00fcM. Direkt aus dem Dorf hinaus geht es steil hoch \u00fcber alpine Wege und Felsen, welche oft mit Steinmauern ges\u00e4umt sind. Nach einiger Zeit sind wir hoch \u00fcber dem Dorf und haben eine sch\u00f6ne Aussicht. Auf der Passh\u00f6he kann noch der Berg <\/span><span style=\"font-family: Arial;\">Fanari<\/span><span style=\"font-family: Arial;\"> erklommen werden, auf welchem sich eine kleine Kapelle befindet. Etwa die H\u00e4lfte der Gruppe macht sich auf, diesen Berg zu besteigen, von wo aus man die ganze Insel \u00fcberblicken kann. Wir befinden uns nun auf ca. 840m\u00fcM. <\/span><\/span><\/p>\n<\/td>\n<\/tr>\n<tr class=\"-R\">\n<td class=\"-C\" style=\"width: 240.05pt; border: none windowtext 0pt;\">\n<p class=\"Normal-P\" style=\"margin-bottom: 6pt; text-align: justify; text-justify: inter-ideograph; direction: ltr; unicode-bidi: normal;\"><span class=\"Normal-H\"><span style=\"font-family: Arial;\"><img loading=\"lazy\" decoding=\"async\" class=\"\" src=\"http:\/\/www.adrianwood.ch\/wp-content\/uploads\/2018\/07\/1532161434_image3.jpeg\" data-link=\"\" width=\"351\" height=\"233\"><\/span><\/span><\/p>\n<\/td>\n<td class=\"-C\" style=\"width: 241.85pt; border: none windowtext 0pt;\">\n<p class=\"Normal-P\" style=\"margin-bottom: 6pt; text-align: justify; text-justify: inter-ideograph; direction: ltr; unicode-bidi: normal;\"><span class=\"Normal-H\"><span style=\"font-family: Arial;\"><img loading=\"lazy\" decoding=\"async\" class=\"\" src=\"http:\/\/www.adrianwood.ch\/wp-content\/uploads\/2018\/07\/1532161434_image4.jpeg\" data-link=\"\" width=\"351\" height=\"235\"><\/span><\/span><\/p>\n<\/td>\n<\/tr>\n<tr class=\"-R\">\n<td class=\"-C\" style=\"width: 481.9pt; border: none windowtext 0pt;\" colspan=\"2\">\n<p class=\"Normal-P\" style=\"margin-bottom: 6pt; text-align: justify; text-justify: inter-ideograph; direction: ltr; unicode-bidi: normal;\"><span class=\"Normal-H\"><span style=\"font-family: Arial;\">Ein felsiger und steiniger Weg f\u00fchr nun steil hinunter nach Moni. Wir treffen viel Oleander, Dornige Bibernellen und auch Maulbeerb\u00e4ume an, welche sogar reife Beeren tragen, einige von uns schmausen davon: herrlich! Nach einer Pause geht es \u00fcber anspruchsvolle Wege weiter nach Moni. Ein Teilnehmer st\u00fcrzt bei einer etwas schwierigeren Passage und schl\u00e4gt die Nase auf und eine Fingerkuppe blutet. Rasch wird 1. Hilfe geleistet und bald k\u00f6nnen wir weiter gehen. In Moni schalten wir eine Mittagspause ein. Es stehen 3 Restaurants zur Verf\u00fcgung. Damit es keine \u00dcberlastung eines einzigen gibt, verteilen wir uns auf alle Drei. Trotzdem sind um 14:30 nicht alle startbereit, weil der Service in einem Restaurant zu lange dauerte.<\/span><\/span><\/p>\n<\/td>\n<\/tr>\n<tr class=\"-R\">\n<td class=\"-C\" style=\"width: 240.05pt; border: none windowtext 0pt;\">\n<p class=\"Normal-P\" style=\"margin-bottom: 6pt; text-align: justify; text-justify: inter-ideograph; direction: ltr; unicode-bidi: normal;\"><span class=\"Normal-H\"><span style=\"font-family: Arial;\"><img loading=\"lazy\" decoding=\"async\" class=\"\" src=\"http:\/\/www.adrianwood.ch\/wp-content\/uploads\/2018\/07\/1532161434_image5.jpeg\" data-link=\"\" width=\"350\" height=\"232\"><\/span><\/span><\/p>\n<\/td>\n<td class=\"-C\" style=\"width: 241.85pt; border: none windowtext 0pt;\">\n<p class=\"Normal-P\" style=\"margin-bottom: 6pt; text-align: justify; text-justify: inter-ideograph; direction: ltr; unicode-bidi: normal;\"><span class=\"Normal-H\"><span style=\"font-family: Arial;\"><img loading=\"lazy\" decoding=\"async\" class=\"\" src=\"http:\/\/www.adrianwood.ch\/wp-content\/uploads\/2018\/07\/1532161434_image6.jpeg\" data-link=\"\" width=\"351\" height=\"235\"><\/span><\/span><\/p>\n<\/td>\n<\/tr>\n<tr class=\"-R\">\n<td class=\"-C\" style=\"width: 481.9pt; border: none windowtext 0pt;\" colspan=\"2\">\n<p class=\"Normal-P\" style=\"margin-bottom: 6pt; text-align: justify; text-justify: inter-ideograph; direction: ltr; unicode-bidi: normal;\"><span class=\"Normal-H\"><span style=\"font-family: Arial;\">Weiter geht es nun zur <\/span><span style=\"font-family: Arial;\">Panagia<\/span><span style=\"font-family: Arial;\">Drosiani<\/span><span style=\"font-family: Arial;\">, eine aus der Byzantinischen Zeit stammende orthodoxe Kirche (kurze Besichtigung). Danach f\u00fchrt der Weg durch eine Senke und ein trockenes Flussbett. Es entsteht bei einem Abgang ein kleiner Stau. Ein Teilnehmer st\u00fctzt sich an der Mauer, welche aus Steinen der Umgebung aufgestapelt ist, ab. Ein gr\u00f6sserer, oben liegender Stein l\u00f6st sich, Mann und Stein fallen nach vorne. Es rumpelt schauerlich. Ein aufgesch\u00fcrfter linker Arm muss desinfiziert werden. Zus\u00e4tzlich ist eine leichte Rippenquetschung entstanden. Der Mann ist tapfer, wir k\u00f6nnen weiter gehen. <\/span><\/span><\/p>\n<p class=\"Normal-P\" style=\"margin-bottom: 6pt; text-align: justify; text-justify: inter-ideograph; direction: ltr; unicode-bidi: normal;\"><span class=\"Normal-H\"><span style=\"font-family: Arial;\">Wir kommen in <\/span><span style=\"font-family: Arial;\">Chalki<\/span><span style=\"font-family: Arial;\">, unserem Zielort, um 17:45 an. Wir machen Pause, besichtigen das sch\u00f6ne Dorf mit den vielen Blumen und konsumieren etwas. Zudem kann eine alte, immer noch betriebene <\/span><span style=\"font-family: Arial;\">Distillerie<\/span><span style=\"font-family: Arial;\"> besichtigt werden. Die Familie stellt edle Schn\u00e4pse und Lik\u00f6re her. Die heutige Wanderung hat \u00fcber ca. 11km und 400Hm und recht anspruchsvolle Wege gef\u00fchrt. Wir k\u00f6nnen nun in den Bus einsteigen und werden zur\u00fcck zum Hotel gefahren. <\/span><\/span><\/p>\n<p class=\"Normal-P\" style=\"margin-bottom: 6pt; text-align: justify; text-justify: inter-ideograph; direction: ltr; unicode-bidi: normal;\"><span class=\"Normal-H\"><span style=\"font-family: Arial;\">Wir haben nun Zeit uns frisch zu machen. Um 19:30 ist wieder ein Treffpunkt. Es steht ein feines Essen in einem typisch Griechischen Restaurant auf dem Programm!<\/span><span style=\"font-family: Arial;\">Remo<\/span><\/span><\/p>\n<\/td>\n<\/tr>\n<tr class=\"-R\">\n<td class=\"-C\" style=\"width: 481.9pt; border: none windowtext 0pt;\" colspan=\"2\">\n<p class=\"Normal-P\" style=\"margin-bottom: 6pt; text-align: justify; text-justify: inter-ideograph; direction: ltr; unicode-bidi: normal;\"><span class=\"Normal-H\"><span style=\"font-family: Arial;\"><img loading=\"lazy\" decoding=\"async\" class=\"\" src=\"http:\/\/www.adrianwood.ch\/wp-content\/uploads\/2018\/07\/1532161434_image7.jpeg\" data-link=\"\" width=\"734\" height=\"395\"><\/span><\/span><\/p>\n<\/td>\n<\/tr>\n<p><!-- [if !supportMisalignedColumns]--><\/tbody>\n<\/table>\n<\/div>\n","protected":false},"excerpt":{"rendered":"<p>Mai 18, Auf Naxos von Apirathos \u00fcber dem Fanari und via Moni nach Chalki Nachdem wir im Hotel Iliovasilema in Naxos gefr\u00fchst\u00fcckt haben, besammeln wir uns um 08:30 vor dem Haupteingang. Markus M\u00fcller, unser Wanderleiter informiert uns \u00fcber das heutige Vorgehen. Wir werden eine Wanderung im Zentrum der Insel machen, von Apiranthos nach Moni und &hellip; <a href=\"https:\/\/www.adrianwood.ch\/?page_id=16696\" class=\"more-link\">Continue reading <span class=\"screen-reader-text\">05-18 Fanari Berg<\/span> <span class=\"meta-nav\">&rarr;<\/span><\/a><\/p>\n","protected":false},"author":1,"featured_media":0,"parent":16596,"menu_order":2589,"comment_status":"closed","ping_status":"closed","template":"","meta":{"ngg_post_thumbnail":0,"footnotes":""},"class_list":["post-16696","page","type-page","status-publish","hentry"],"_links":{"self":[{"href":"https:\/\/www.adrianwood.ch\/index.php?rest_route=\/wp\/v2\/pages\/16696","targetHints":{"allow":["GET"]}}],"collection":[{"href":"https:\/\/www.adrianwood.ch\/index.php?rest_route=\/wp\/v2\/pages"}],"about":[{"href":"https:\/\/www.adrianwood.ch\/index.php?rest_route=\/wp\/v2\/types\/page"}],"author":[{"embeddable":true,"href":"https:\/\/www.adrianwood.ch\/index.php?rest_route=\/wp\/v2\/users\/1"}],"replies":[{"embeddable":true,"href":"https:\/\/www.adrianwood.ch\/index.php?rest_route=%2Fwp%2Fv2%2Fcomments&post=16696"}],"version-history":[{"count":7,"href":"https:\/\/www.adrianwood.ch\/index.php?rest_route=\/wp\/v2\/pages\/16696\/revisions"}],"predecessor-version":[{"id":16743,"href":"https:\/\/www.adrianwood.ch\/index.php?rest_route=\/wp\/v2\/pages\/16696\/revisions\/16743"}],"up":[{"embeddable":true,"href":"https:\/\/www.adrianwood.ch\/index.php?rest_route=\/wp\/v2\/pages\/16596"}],"wp:attachment":[{"href":"https:\/\/www.adrianwood.ch\/index.php?rest_route=%2Fwp%2Fv2%2Fmedia&parent=16696"}],"curies":[{"name":"wp","href":"https:\/\/api.w.org\/{rel}","templated":true}]}}

<div class="pmdi_content_wrapper">
<p class="Normal-P" style="margin-bottom: 6pt; text-align: justify; text-justify: inter-ideograph; direction: ltr; unicode-bidi: normal;"><span class="Normal-H"><span style="font-family: Arial; font-weight: bold;">Mai</span><span style="font-family: Arial; font-weight: bold;"> 18</span><span style="font-family: Arial; font-weight: bold;">,</span><span style="font-family: Arial; font-weight: bold;"> Auf Naxos von </span><span style="font-family: Arial; font-weight: bold;">Ap</span><span style="font-family: Arial; font-weight: bold;">i</span><span style="font-family: Arial; font-weight: bold;">ra</span><span style="font-family: Arial; font-weight: bold;">thos </span><span style="font-family: Arial; font-weight: bold;">über dem </span><span style="font-family: Arial; font-weight: bold;">Fanari</span><span style="font-family: Arial; font-weight: bold;"> und </span><span style="font-family: Arial; font-weight: bold;">via Moni nach </span><span style="font-family: Arial; font-weight: bold;">Chalki</span></span></p>
<table class="TableGrid-T" style="border-collapse: collapse;" cellspacing="0">
<tbody>
<tr class="-R">
<td class="-C" style="width: 481.9pt; border: none windowtext 0pt;" colspan="2">
<p class="Normal-P" style="margin-bottom: 6pt; text-align: justify; text-justify: inter-ideograph; direction: ltr; unicode-bidi: normal;"><span class="Normal-H"><span style="font-family: Arial;">Nachdem wir im Hotel </span><span style="font-family: Arial;">Iliovasilema</span><span style="font-family: Arial;"> in Naxos gefrühstückt haben, besammeln wir uns um 08:30 vor dem Haupteingang. Markus Müller, unser Wanderleiter informiert uns über das heutige Vorgehen. Wir werden eine Wanderung im Zentrum der Insel machen, von </span><span style="font-family: Arial;">Apiranthos</span><span style="font-family: Arial;"> nach Moni und dann nach </span><span style="font-family: Arial;">Chalki</span><span style="font-family: Arial;">.</span></span></p>
</td>
</tr>
<tr class="-R">
<td class="-C" style="width: 481.9pt; border: none windowtext 0pt;" colspan="2">
<p class="Normal-P" style="margin-bottom: 6pt; text-align: justify; text-justify: inter-ideograph; direction: ltr; unicode-bidi: normal;"><span class="Normal-H"><span style="font-family: Arial;">Wir gehen zu Fuss zum Bus, der etwas ausserhalb parkiert hat und welcher uns dann nach </span><span style="font-family: Arial;">Apiranthos</span><span style="font-family: Arial;"> bringt. Markus gibt ein paar Details zur Insel durch. Naxos-</span><span style="font-family: Arial;">Chora</span><span style="font-family: Arial;"> (Naxos-Stadt) ist der grösste Ort auf der Insel und auch die Verwaltungshauptstadt. Früher gab es hier Schmirgel-Abbau, welcher sich aber heute nicht mehr so lohnt. Auf dieser Insel können Kartoffeln und Getreide angepflanzt werden und es gibt viel Marmor, welcher im Bergbau abgebaut wird. Um ca. 09:30 kommen wir in der Ortschaft </span><span style="font-family: Arial;">Apiranthos</span><span style="font-family: Arial;"> an.</span><span style="font-family: Arial;">Wir haben freie Zeit, die hübsche Ortschaft mit dem malerischen Gässchen zu besichtigen und dann noch im örtlichen Restaurant etwas zu konsumieren.</span></span></p>
</td>
</tr>
<tr class="-R">
<td class="-C" style="width: 240.05pt; border: none windowtext 0pt;">
<p class="Normal-P" style="margin-bottom: 6pt; text-align: justify; text-justify: inter-ideograph; direction: ltr; unicode-bidi: normal;"><span class="Normal-H"><span style="font-family: Arial;"><img loading="lazy" decoding="async" class="" src="http://www.adrianwood.ch/wp-content/uploads/2018/07/1532161434_image1.jpeg" data-link="" width="349" height="233"></span></span></p>
</td>
<td class="-C" style="width: 241.85pt; border: none windowtext 0pt;">
<p class="Normal-P" style="margin-bottom: 6pt; text-align: justify; text-justify: inter-ideograph; direction: ltr; unicode-bidi: normal;"><span class="Normal-H"><span style="font-family: Arial;"><img loading="lazy" decoding="async" class="" src="http://www.adrianwood.ch/wp-content/uploads/2018/07/1532161434_image2.jpeg" data-link="" width="349" height="234"></span></span></p>
</td>
</tr>
<tr class="-R">
<td class="-C" style="width: 481.9pt; border: none windowtext 0pt;" colspan="2">
<p class="Normal-P" style="margin-bottom: 6pt; text-align: justify; text-justify: inter-ideograph; direction: ltr; unicode-bidi: normal;"><span class="Normal-H"><span style="font-family: Arial;">Um 10:30 starten wir mit der Wanderung auf ca. 600müM. Direkt aus dem Dorf hinaus geht es steil hoch über alpine Wege und Felsen, welche oft mit Steinmauern gesäumt sind. Nach einiger Zeit sind wir hoch über dem Dorf und haben eine schöne Aussicht. Auf der Passhöhe kann noch der Berg </span><span style="font-family: Arial;">Fanari</span><span style="font-family: Arial;"> erklommen werden, auf welchem sich eine kleine Kapelle befindet. Etwa die Hälfte der Gruppe macht sich auf, diesen Berg zu besteigen, von wo aus man die ganze Insel überblicken kann. Wir befinden uns nun auf ca. 840müM. </span></span></p>
</td>
</tr>
<tr class="-R">
<td class="-C" style="width: 240.05pt; border: none windowtext 0pt;">
<p class="Normal-P" style="margin-bottom: 6pt; text-align: justify; text-justify: inter-ideograph; direction: ltr; unicode-bidi: normal;"><span class="Normal-H"><span style="font-family: Arial;"><img loading="lazy" decoding="async" class="" src="http://www.adrianwood.ch/wp-content/uploads/2018/07/1532161434_image3.jpeg" data-link="" width="351" height="233"></span></span></p>
</td>
<td class="-C" style="width: 241.85pt; border: none windowtext 0pt;">
<p class="Normal-P" style="margin-bottom: 6pt; text-align: justify; text-justify: inter-ideograph; direction: ltr; unicode-bidi: normal;"><span class="Normal-H"><span style="font-family: Arial;"><img loading="lazy" decoding="async" class="" src="http://www.adrianwood.ch/wp-content/uploads/2018/07/1532161434_image4.jpeg" data-link="" width="351" height="235"></span></span></p>
</td>
</tr>
<tr class="-R">
<td class="-C" style="width: 481.9pt; border: none windowtext 0pt;" colspan="2">
<p class="Normal-P" style="margin-bottom: 6pt; text-align: justify; text-justify: inter-ideograph; direction: ltr; unicode-bidi: normal;"><span class="Normal-H"><span style="font-family: Arial;">Ein felsiger und steiniger Weg führ nun steil hinunter nach Moni. Wir treffen viel Oleander, Dornige Bibernellen und auch Maulbeerbäume an, welche sogar reife Beeren tragen, einige von uns schmausen davon: herrlich! Nach einer Pause geht es über anspruchsvolle Wege weiter nach Moni. Ein Teilnehmer stürzt bei einer etwas schwierigeren Passage und schlägt die Nase auf und eine Fingerkuppe blutet. Rasch wird 1. Hilfe geleistet und bald können wir weiter gehen. In Moni schalten wir eine Mittagspause ein. Es stehen 3 Restaurants zur Verfügung. Damit es keine Überlastung eines einzigen gibt, verteilen wir uns auf alle Drei. Trotzdem sind um 14:30 nicht alle startbereit, weil der Service in einem Restaurant zu lange dauerte.</span></span></p>
</td>
</tr>
<tr class="-R">
<td class="-C" style="width: 240.05pt; border: none windowtext 0pt;">
<p class="Normal-P" style="margin-bottom: 6pt; text-align: justify; text-justify: inter-ideograph; direction: ltr; unicode-bidi: normal;"><span class="Normal-H"><span style="font-family: Arial;"><img loading="lazy" decoding="async" class="" src="http://www.adrianwood.ch/wp-content/uploads/2018/07/1532161434_image5.jpeg" data-link="" width="350" height="232"></span></span></p>
</td>
<td class="-C" style="width: 241.85pt; border: none windowtext 0pt;">
<p class="Normal-P" style="margin-bottom: 6pt; text-align: justify; text-justify: inter-ideograph; direction: ltr; unicode-bidi: normal;"><span class="Normal-H"><span style="font-family: Arial;"><img loading="lazy" decoding="async" class="" src="http://www.adrianwood.ch/wp-content/uploads/2018/07/1532161434_image6.jpeg" data-link="" width="351" height="235"></span></span></p>
</td>
</tr>
<tr class="-R">
<td class="-C" style="width: 481.9pt; border: none windowtext 0pt;" colspan="2">
<p class="Normal-P" style="margin-bottom: 6pt; text-align: justify; text-justify: inter-ideograph; direction: ltr; unicode-bidi: normal;"><span class="Normal-H"><span style="font-family: Arial;">Weiter geht es nun zur </span><span style="font-family: Arial;">Panagia</span><span style="font-family: Arial;">Drosiani</span><span style="font-family: Arial;">, eine aus der Byzantinischen Zeit stammende orthodoxe Kirche (kurze Besichtigung). Danach führt der Weg durch eine Senke und ein trockenes Flussbett. Es entsteht bei einem Abgang ein kleiner Stau. Ein Teilnehmer stützt sich an der Mauer, welche aus Steinen der Umgebung aufgestapelt ist, ab. Ein grösserer, oben liegender Stein löst sich, Mann und Stein fallen nach vorne. Es rumpelt schauerlich. Ein aufgeschürfter linker Arm muss desinfiziert werden. Zusätzlich ist eine leichte Rippenquetschung entstanden. Der Mann ist tapfer, wir können weiter gehen. </span></span></p>
<p class="Normal-P" style="margin-bottom: 6pt; text-align: justify; text-justify: inter-ideograph; direction: ltr; unicode-bidi: normal;"><span class="Normal-H"><span style="font-family: Arial;">Wir kommen in </span><span style="font-family: Arial;">Chalki</span><span style="font-family: Arial;">, unserem Zielort, um 17:45 an. Wir machen Pause, besichtigen das schöne Dorf mit den vielen Blumen und konsumieren etwas. Zudem kann eine alte, immer noch betriebene </span><span style="font-family: Arial;">Distillerie</span><span style="font-family: Arial;"> besichtigt werden. Die Familie stellt edle Schnäpse und Liköre her. Die heutige Wanderung hat über ca. 11km und 400Hm und recht anspruchsvolle Wege geführt. Wir können nun in den Bus einsteigen und werden zurück zum Hotel gefahren. </span></span></p>
<p class="Normal-P" style="margin-bottom: 6pt; text-align: justify; text-justify: inter-ideograph; direction: ltr; unicode-bidi: normal;"><span class="Normal-H"><span style="font-family: Arial;">Wir haben nun Zeit uns frisch zu machen. Um 19:30 ist wieder ein Treffpunkt. Es steht ein feines Essen in einem typisch Griechischen Restaurant auf dem Programm!</span><span style="font-family: Arial;">Remo</span></span></p>
</td>
</tr>
<tr class="-R">
<td class="-C" style="width: 481.9pt; border: none windowtext 0pt;" colspan="2">
<p class="Normal-P" style="margin-bottom: 6pt; text-align: justify; text-justify: inter-ideograph; direction: ltr; unicode-bidi: normal;"><span class="Normal-H"><span style="font-family: Arial;"><img loading="lazy" decoding="async" class="" src="http://www.adrianwood.ch/wp-content/uploads/2018/07/1532161434_image7.jpeg" data-link="" width="734" height="395"></span></span></p>
</td>
</tr>
<p><!-- [if !supportMisalignedColumns]--></tbody>
</table>
</div>

<p>Mai 18, Auf Naxos von Apirathos über dem Fanari und via Moni nach Chalki Nachdem wir im Hotel Iliovasilema in Naxos gefrühstückt haben, besammeln wir uns um 08:30 vor dem Haupteingang. Markus Müller, unser Wanderleiter informiert uns über das heutige Vorgehen. Wir werden eine Wanderung im Zentrum der Insel machen, von Apiranthos nach Moni und &hellip; <a href="https://www.adrianwood.ch/?page_id=16696" class="more-link">Continue reading <span class="screen-reader-text">05-18 Fanari Berg</span> <span class="meta-nav">&rarr;</span></a></p>
