{"id":17243,"date":"2018-09-01T09:14:57","date_gmt":"2018-09-01T09:14:57","guid":{"rendered":"http:\/\/www.adrianwood.ch\/?page_id=17243"},"modified":"2018-09-01T10:40:04","modified_gmt":"2018-09-01T10:40:04","slug":"2018-08-europaweg-lite","status":"publish","type":"page","link":"https:\/\/www.adrianwood.ch\/?page_id=17243","title":{"rendered":"2018-08 Europaweg Lite"},"content":{"rendered":"<figure id=\"attachment_17244\" aria-describedby=\"caption-attachment-17244\" style=\"width: 1620px\" class=\"wp-caption alignleft\"><a href=\"http:\/\/www.adrianwood.ch\/wp-content\/uploads\/2018\/09\/EUR_0356.jpg\"><img loading=\"lazy\" decoding=\"async\" class=\"size-full wp-image-17244\" src=\"http:\/\/www.adrianwood.ch\/wp-content\/uploads\/2018\/09\/EUR_0356.jpg\" alt=\"\" width=\"1620\" height=\"1080\" srcset=\"https:\/\/www.adrianwood.ch\/wp-content\/uploads\/2018\/09\/EUR_0356.jpg 1620w, https:\/\/www.adrianwood.ch\/wp-content\/uploads\/2018\/09\/EUR_0356-300x200.jpg 300w, https:\/\/www.adrianwood.ch\/wp-content\/uploads\/2018\/09\/EUR_0356-768x512.jpg 768w, https:\/\/www.adrianwood.ch\/wp-content\/uploads\/2018\/09\/EUR_0356-1024x683.jpg 1024w\" sizes=\"auto, (max-width: 1620px) 100vw, 1620px\" \/><\/a><figcaption id=\"caption-attachment-17244\" class=\"wp-caption-text\">Sicht auf Breithorn und Matterhorn vom Europaweg<\/figcaption><\/figure>\n<h2><strong>3-T\u00e4gige Wanderung<\/strong><strong> hoch \u00fcber Mattertal, Zermatt, T\u00e4schalp, Europah\u00fctte, Randa, Samstag <\/strong><strong>11.08.18 <\/strong><strong>\u2013 Montag <\/strong><strong>13.08.18<\/strong><\/h2>\n<p>Der Europaweg im Mattertal z\u00e4hlt zu den sch\u00f6nsten 2-Tageswanderungen in den Alpen. Die Sicht auf das Bergpanorama inklusive Matterhorn haben ihn weltweit bekannt gemacht. Er f\u00fchrt von Gasenried zum Grat und von dort hoch \u00fcber dem Mattertal nach S\u00fcden. Er wurde schon 1997 erstellt, aber erst seit letztem Jahr geht er in der N\u00e4he der Europa-h\u00fctte oberhalb Randa \u00fcber die l\u00e4ngste Fussg\u00e4nger-H\u00e4ngebr\u00fccke der Welt. Sie ist 494 m lang und am h\u00f6chsten Punkt schwebt man 65 m \u00fcber dem Abgrund. Danach geht es \u00fcber T\u00e4schalp nach Zermatt. Der ganze Weg ist anspruchsvoll, aber wir machen eine einfachere Variante mit verk\u00fcrzten Etappen. Wegen Schwerigkeiten mit der H\u00fcttenbuchung wurde die Wanderung in der umgekehrte Richtung gemacht.<\/p>\n<h3><a href=\"http:\/\/www.adrianwood.ch\/?page_id=17250\"><strong>Samstag 11.08.18,<\/strong><strong> Zermatt &#8211; Sunnegga \u2013 T\u00e4schalp.<\/strong><\/a><\/h3>\n<p>SBB Basel, Abfahrt 7:57, Bern \u2013 Visp \u2013 Zermatt, Ankunft 11:14. Seilbahn nach Sunnegga. Wanderung Sunnegga 2288m &#8211; Tufteren 2215m &#8211; 2340m \u2013T\u00e4schalp 2157m. L\u00e4nge 10 km, Aufstieg: 310m \/ Abstieg: 420m \/ ca. 3h. Matratzenlager in der Europawegh\u00fctte T\u00e4schalp.<\/p>\n<p><a href=\"https:\/\/map.wanderland.ch\/?lang=en&amp;route=all&amp;bgLayer=pk&amp;resolution=10&amp;E=2626360&amp;N=1098391&amp;layers=Wanderland&amp;season=summer&amp;trackId=4715050\"><strong>Schweizmobil Karte, Zermatt &#8211; T\u00e4schalp<\/strong><\/a><\/p>\n<h3><a href=\"http:\/\/www.adrianwood.ch\/?page_id=17265\"><strong>Sonntag 12.08.18,<\/strong><strong> T\u00e4schalp<\/strong> <strong>\u2013 Springelboden.<\/strong><\/a><\/h3>\n<h3><a href=\"http:\/\/www.adrianwood.ch\/?page_id=17272\"><strong> Springelboden &#8211; H\u00e4ngebr\u00fccke \u2013 Europah\u00fctte.<\/strong><\/a><\/h3>\n<p>T\u00e4schalp &#8211; 2097m \u2013 2208m \u2013 Springelboden &#8211; 2224m \u2013 2209m &#8211; H\u00e4ngebr\u00fccke \u2013 Europah\u00fctte 2264m. L\u00e4nge 9.5km, Aufstieg: 760m \/ Abstieg: 670m \/ ca. 4h. Matratzenlager in der Europah\u00fctte.<\/p>\n<p><a href=\"https:\/\/map.wanderland.ch\/?lang=en&amp;route=all&amp;bgLayer=pk&amp;resolution=10&amp;E=2628095&amp;N=1103608&amp;layers=Wanderland&amp;season=summer&amp;trackId=4749232\"><strong>Schweizmobil Karte, T\u00e4schalp &#8211; Europah\u00fctte<\/strong><\/a><\/p>\n<h3><a href=\"http:\/\/www.adrianwood.ch\/?page_id=17286\"><strong>Montag 13.08.18,<\/strong><strong> Europah\u00fctte \u2013 Ch\u00fcebodmen \u2013 Randa.<\/strong><\/a><\/h3>\n<p>Europah\u00fctte 2265m \u2013 Miesboden 2330m \u2013 kleine H\u00e4ngebr\u00fccke 2327m \u2013 Ch\u00fcebodmen 1787m &#8211; Randa 1408m. L\u00e4nge 5km, Aufstieg: 110m \/ Abstieg: 970m \/ ca. 2h 30m.<\/p>\n<p><a href=\"https:\/\/map.wanderland.ch\/?lang=en&amp;route=all&amp;bgLayer=pk&amp;resolution=2&amp;E=2627733&amp;N=1106190&amp;layers=Wanderland&amp;season=summer&amp;trackId=4749259\"><strong>Schweizmobil Karte, Europah\u00fctte &#8211; Ch\u00fcebodmen &#8211; Randa<\/strong><\/a><\/p>\nngg_shortcode_0_placeholder\n","protected":false},"excerpt":{"rendered":"<p>3-T\u00e4gige Wanderung hoch \u00fcber Mattertal, Zermatt, T\u00e4schalp, Europah\u00fctte, Randa, Samstag 11.08.18 \u2013 Montag 13.08.18 Der Europaweg im Mattertal z\u00e4hlt zu den sch\u00f6nsten 2-Tageswanderungen in den Alpen. Die Sicht auf das Bergpanorama inklusive Matterhorn haben ihn weltweit bekannt gemacht. Er f\u00fchrt von Gasenried zum Grat und von dort hoch \u00fcber dem Mattertal nach S\u00fcden. Er wurde &hellip; <a href=\"https:\/\/www.adrianwood.ch\/?page_id=17243\" class=\"more-link\">Continue reading <span class=\"screen-reader-text\">2018-08 Europaweg Lite<\/span> <span class=\"meta-nav\">&rarr;<\/span><\/a><\/p>\n","protected":false},"author":1,"featured_media":0,"parent":136,"menu_order":1400,"comment_status":"closed","ping_status":"closed","template":"","meta":{"ngg_post_thumbnail":0,"footnotes":""},"class_list":["post-17243","page","type-page","status-publish","hentry"],"_links":{"self":[{"href":"https:\/\/www.adrianwood.ch\/index.php?rest_route=\/wp\/v2\/pages\/17243","targetHints":{"allow":["GET"]}}],"collection":[{"href":"https:\/\/www.adrianwood.ch\/index.php?rest_route=\/wp\/v2\/pages"}],"about":[{"href":"https:\/\/www.adrianwood.ch\/index.php?rest_route=\/wp\/v2\/types\/page"}],"author":[{"embeddable":true,"href":"https:\/\/www.adrianwood.ch\/index.php?rest_route=\/wp\/v2\/users\/1"}],"replies":[{"embeddable":true,"href":"https:\/\/www.adrianwood.ch\/index.php?rest_route=%2Fwp%2Fv2%2Fcomments&post=17243"}],"version-history":[{"count":10,"href":"https:\/\/www.adrianwood.ch\/index.php?rest_route=\/wp\/v2\/pages\/17243\/revisions"}],"predecessor-version":[{"id":17353,"href":"https:\/\/www.adrianwood.ch\/index.php?rest_route=\/wp\/v2\/pages\/17243\/revisions\/17353"}],"up":[{"embeddable":true,"href":"https:\/\/www.adrianwood.ch\/index.php?rest_route=\/wp\/v2\/pages\/136"}],"wp:attachment":[{"href":"https:\/\/www.adrianwood.ch\/index.php?rest_route=%2Fwp%2Fv2%2Fmedia&parent=17243"}],"curies":[{"name":"wp","href":"https:\/\/api.w.org\/{rel}","templated":true}]}}