{"id":17286,"date":"2018-09-01T09:58:53","date_gmt":"2018-09-01T09:58:53","guid":{"rendered":"http:\/\/www.adrianwood.ch\/?page_id=17286"},"modified":"2018-09-01T14:00:12","modified_gmt":"2018-09-01T14:00:12","slug":"08-13-chuebodmen","status":"publish","type":"page","link":"https:\/\/www.adrianwood.ch\/?page_id=17286","title":{"rendered":"08-13 Ch\u00fcebodmen"},"content":{"rendered":"<div class=\"pmdi_content_wrapper\">\n<p class=\"Normal-P\" style=\"margin-bottom: 6pt; text-align: justify; text-justify: inter-ideograph; direction: ltr; unicode-bidi: normal;\"><span class=\"Normal-H\"><span style=\"font-family: Arial; font-weight: bold;\">13.August, <\/span><span style=\"font-family: Arial; font-weight: bold;\">Europah\u00fctte \u2013 <\/span><span style=\"font-family: Arial; font-weight: bold;\">Birchbach<\/span><span style=\"font-family: Arial; font-weight: bold;\"> \u2013 <\/span><span style=\"font-family: Arial; font-weight: bold;\">Ch\u00fcebodmen<\/span><span style=\"font-family: Arial; font-weight: bold;\"> &#8211; Randa<\/span><\/span><\/p>\n<p class=\"Normal-P\" style=\"margin-bottom: 6pt; text-align: justify; text-justify: inter-ideograph; direction: ltr; unicode-bidi: normal;\"><span class=\"Normal-H\"><span style=\"font-family: Arial;\">Nach einer Nacht im 22-Bettzimmer voll belegt, kommt um 06:15 Bewegung auf und die Leute sch\u00e4len sich aus ihren Liegest\u00e4tten. Bei wenig Platz kann man sich waschen und bereit machen. Diese ungewohnte Dichte an Personen hat einen eigenen Reiz&#8230; Alles l\u00e4uft aber diszipliniert ab. Um 07:00 treffen wir uns bei einem einfachen aber guten Fr\u00fchst\u00fcck im Hauptraum. Es wird noch diskutiert, ob man bis <\/span><span style=\"font-family: Arial;\">Gr\u00e4chen<\/span><span style=\"font-family: Arial;\"> weiter wandern soll (ca. 6h) oder gem\u00e4ss urspr\u00fcnglichem Plan den Abstieg nach Randa macht. Wir entscheiden uns f\u00fcr Randa, weil ab Mittag Regen aufkommen kann. Ein Mann bleibt noch in der H\u00fctte und geht dann direkt hinunter.<\/span><\/span><\/p>\n<table class=\"TableGrid-T\" style=\"border-collapse: collapse;\" cellspacing=\"0\">\n<tbody>\n<tr class=\"-R\">\n<td class=\"-C\" style=\"width: 481.4pt; border: none windowtext 0pt;\" colspan=\"2\"><\/td>\n<\/tr>\n<tr class=\"-R\">\n<td class=\"-C\" style=\"width: 240.7pt; border: none windowtext 0pt;\">\n<p class=\"Normal-P\" style=\"margin-bottom: 6pt; text-align: justify; text-justify: inter-ideograph; direction: ltr; unicode-bidi: normal;\"><span class=\"Normal-H\"><span style=\"font-family: Arial;\"><img loading=\"lazy\" decoding=\"async\" class=\"\" src=\"http:\/\/www.adrianwood.ch\/wp-content\/uploads\/2018\/09\/1535795918_image1.jpeg\" data-link=\"\" width=\"351\" height=\"197\"><\/span><\/span><\/p>\n<\/td>\n<td class=\"-C\" style=\"width: 240.7pt; border: none windowtext 0pt;\">\n<p class=\"Normal-P\" style=\"margin-bottom: 6pt; text-align: justify; text-justify: inter-ideograph; direction: ltr; unicode-bidi: normal;\"><span class=\"Normal-H\"><span style=\"font-family: Arial;\"><img loading=\"lazy\" decoding=\"async\" class=\"\" src=\"http:\/\/www.adrianwood.ch\/wp-content\/uploads\/2018\/09\/1535795918_image2.jpeg\" data-link=\"\" width=\"351\" height=\"197\"><\/span><\/span><\/p>\n<\/td>\n<\/tr>\n<tr class=\"-R\">\n<td class=\"-C\" style=\"width: 481.4pt; border: none windowtext 0pt;\" colspan=\"2\">\n<p class=\"Normal-P\" style=\"margin-bottom: 6pt; text-align: justify; text-justify: inter-ideograph; direction: ltr; unicode-bidi: normal;\"><span class=\"Normal-H\"><span style=\"font-family: Arial;\">Wir starten um 08:15 und m\u00fcssen noch ca. 100Hm durch felsige Wege aufsteigen, bis zum <\/span><span style=\"font-family: Arial;\">Birchbach<\/span><span style=\"font-family: Arial;\">, \u00fcber welchen eine kleine H\u00e4ngebr\u00fccke f\u00fchrt. Wir m\u00fcssen aber vor der Br\u00fccke links abbiegen und auf der linken Kante des <\/span><span style=\"font-family: Arial;\">Birchbach<\/span><span style=\"font-family: Arial;\">-Tales absteigen. Es sind ca. 900Hm felsiger und steiler Weg zu \u00fcberwinden. Die Landschaft mit den Felsklippen und Wasserf\u00e4llen ist sch\u00f6n und eindr\u00fccklich. Unsere Gelenke und Muskeln werden gefordert. Nach ca. 2.5h kommen wir zur <\/span><span style=\"font-family: Arial;\">Ch\u00fcebodmen<\/span><span style=\"font-family: Arial;\">-Alp, welche noch ca. 400m \u00fcber Randa liegt. <\/span><\/span><\/p>\n<\/td>\n<\/tr>\n<tr class=\"-R\">\n<td class=\"-C\" style=\"width: 240.7pt; border: none windowtext 0pt;\">\n<p class=\"Normal-P\" style=\"margin-bottom: 6pt; text-align: justify; text-justify: inter-ideograph; direction: ltr; unicode-bidi: normal;\"><span class=\"Normal-H\"><span style=\"font-family: Arial;\"><img loading=\"lazy\" decoding=\"async\" class=\"\" src=\"http:\/\/www.adrianwood.ch\/wp-content\/uploads\/2018\/09\/1535795918_image3.jpeg\" data-link=\"\" width=\"350\" height=\"233\"><\/span><\/span><\/p>\n<\/td>\n<td class=\"-C\" style=\"width: 240.7pt; border: none windowtext 0pt;\">\n<p class=\"Normal-P\" style=\"margin-bottom: 6pt; text-align: justify; text-justify: inter-ideograph; direction: ltr; unicode-bidi: normal;\"><span class=\"Normal-H\"><span style=\"font-family: Arial;\"><img loading=\"lazy\" decoding=\"async\" class=\"\" src=\"http:\/\/www.adrianwood.ch\/wp-content\/uploads\/2018\/09\/1535795918_image4.jpeg\" data-link=\"\" width=\"350\" height=\"233\"><\/span><\/span><\/p>\n<\/td>\n<\/tr>\n<tr class=\"-R\">\n<td class=\"-C\" style=\"width: 481.4pt; border: none windowtext 0pt;\" colspan=\"2\">\n<p class=\"Normal-P\" style=\"margin-bottom: 6pt; text-align: justify; text-justify: inter-ideograph; direction: ltr; unicode-bidi: normal;\"><span class=\"Normal-H\"><span style=\"font-family: Arial;\">Oberhalb der Alp k\u00f6nnen wir uns auf einer Bank ausruhen und vom kleinen Brunnen mit Quellwasser nebendran trinken. Von hier aus hat man einen sch\u00f6nen Ausblick auf die Alp bis ins Tal. Wir sehen auch <\/span><span style=\"font-family: Arial;\">den Fels<\/span><span style=\"font-family: Arial;\"> von welchem 1991 der Felssturz abging und ca. 15Mio. m3 Fels zu Tal st\u00fcrzten.<\/span><\/span><\/p>\n<\/td>\n<\/tr>\n<tr class=\"-R\">\n<td class=\"-C\" style=\"width: 240.7pt; border: none windowtext 0pt;\">\n<p class=\"Normal-P\" style=\"margin-bottom: 6pt; text-align: justify; text-justify: inter-ideograph; direction: ltr; unicode-bidi: normal;\"><span class=\"Normal-H\"><span style=\"font-family: Arial;\"><img loading=\"lazy\" decoding=\"async\" class=\"\" src=\"http:\/\/www.adrianwood.ch\/wp-content\/uploads\/2018\/09\/1535795918_image5.jpeg\" data-link=\"\" width=\"350\" height=\"233\"><\/span><\/span><\/p>\n<\/td>\n<td class=\"-C\" style=\"width: 240.7pt; border: none windowtext 0pt;\">\n<p class=\"Normal-P\" style=\"margin-bottom: 6pt; text-align: justify; text-justify: inter-ideograph; direction: ltr; unicode-bidi: normal;\"><span class=\"Normal-H\"><span style=\"font-family: Arial;\"><img loading=\"lazy\" decoding=\"async\" class=\"\" src=\"http:\/\/www.adrianwood.ch\/wp-content\/uploads\/2018\/09\/1535795918_image6.jpeg\" data-link=\"\" width=\"350\" height=\"233\"><\/span><\/span><\/p>\n<\/td>\n<\/tr>\n<tr class=\"-R\">\n<td class=\"-C\" style=\"width: 481.4pt; border: none windowtext 0pt;\" colspan=\"2\">\n<p class=\"Normal-P\" style=\"margin-bottom: 6pt; text-align: justify; text-justify: inter-ideograph; direction: ltr; unicode-bidi: normal;\"><span class=\"Normal-H\"><span style=\"font-family: Arial;\">Nach einiger Zeit setzen wir uns wieder in Bewegung und nehmen noch den restlichen Weg unter die F\u00fcsse. Kurz vor Randa beginnt es zu tr\u00f6pfeln, wir kommen um ca. 11:45 an. Es bleibt noch Zeit das Restaurant neben dem Bahnhof aufzusuchen. Am Bahnhof treffen wir den Teilnehmer, der direkt hinunter ging wieder.<\/span><\/span><\/p>\n<p class=\"Normal-P\" style=\"margin-bottom: 6pt; text-align: justify; text-justify: inter-ideograph; direction: ltr; unicode-bidi: normal;\"><span class=\"Normal-H\"><span style=\"font-family: Arial;\">Mit dem 12:30 Zug geht es zur\u00fcck nach Visp und dort haben wir einen EC-Zug der uns ohne Umsteigen zur\u00fcck nach Basel bringt. Wir haben 3 eindr\u00fcckliche Tage mit tollen Landschaften und Aussichten aber auch anspruchsvollen Wanderwegen hinter uns.<\/span><\/span><\/p>\n<p class=\"Normal-P\" style=\"margin-bottom: 6pt; text-align: justify; text-justify: inter-ideograph; direction: ltr; unicode-bidi: normal;\"><span class=\"Normal-H\"><span style=\"font-family: Arial;\">Remo<\/span><\/span><\/p>\n<\/td>\n<\/tr>\n<p><!-- [if !supportMisalignedColumns]--><\/tbody>\n<\/table>\n<\/div>\n","protected":false},"excerpt":{"rendered":"<p>13.August, Europah\u00fctte \u2013 Birchbach \u2013 Ch\u00fcebodmen &#8211; Randa Nach einer Nacht im 22-Bettzimmer voll belegt, kommt um 06:15 Bewegung auf und die Leute sch\u00e4len sich aus ihren Liegest\u00e4tten. Bei wenig Platz kann man sich waschen und bereit machen. Diese ungewohnte Dichte an Personen hat einen eigenen Reiz&#8230; Alles l\u00e4uft aber diszipliniert ab. Um 07:00 treffen &hellip; <a href=\"https:\/\/www.adrianwood.ch\/?page_id=17286\" class=\"more-link\">Continue reading <span class=\"screen-reader-text\">08-13 Ch\u00fcebodmen<\/span> <span class=\"meta-nav\">&rarr;<\/span><\/a><\/p>\n","protected":false},"author":1,"featured_media":0,"parent":17243,"menu_order":1404,"comment_status":"closed","ping_status":"closed","template":"","meta":{"ngg_post_thumbnail":0,"footnotes":""},"class_list":["post-17286","page","type-page","status-publish","hentry"],"_links":{"self":[{"href":"https:\/\/www.adrianwood.ch\/index.php?rest_route=\/wp\/v2\/pages\/17286","targetHints":{"allow":["GET"]}}],"collection":[{"href":"https:\/\/www.adrianwood.ch\/index.php?rest_route=\/wp\/v2\/pages"}],"about":[{"href":"https:\/\/www.adrianwood.ch\/index.php?rest_route=\/wp\/v2\/types\/page"}],"author":[{"embeddable":true,"href":"https:\/\/www.adrianwood.ch\/index.php?rest_route=\/wp\/v2\/users\/1"}],"replies":[{"embeddable":true,"href":"https:\/\/www.adrianwood.ch\/index.php?rest_route=%2Fwp%2Fv2%2Fcomments&post=17286"}],"version-history":[{"count":2,"href":"https:\/\/www.adrianwood.ch\/index.php?rest_route=\/wp\/v2\/pages\/17286\/revisions"}],"predecessor-version":[{"id":17361,"href":"https:\/\/www.adrianwood.ch\/index.php?rest_route=\/wp\/v2\/pages\/17286\/revisions\/17361"}],"up":[{"embeddable":true,"href":"https:\/\/www.adrianwood.ch\/index.php?rest_route=\/wp\/v2\/pages\/17243"}],"wp:attachment":[{"href":"https:\/\/www.adrianwood.ch\/index.php?rest_route=%2Fwp%2Fv2%2Fmedia&parent=17286"}],"curies":[{"name":"wp","href":"https:\/\/api.w.org\/{rel}","templated":true}]}}

08-13 Chüebodmen

<div class="pmdi_content_wrapper">
<p class="Normal-P" style="margin-bottom: 6pt; text-align: justify; text-justify: inter-ideograph; direction: ltr; unicode-bidi: normal;"><span class="Normal-H"><span style="font-family: Arial; font-weight: bold;">13.August, </span><span style="font-family: Arial; font-weight: bold;">Europahütte – </span><span style="font-family: Arial; font-weight: bold;">Birchbach</span><span style="font-family: Arial; font-weight: bold;"> – </span><span style="font-family: Arial; font-weight: bold;">Chüebodmen</span><span style="font-family: Arial; font-weight: bold;"> &#8211; Randa</span></span></p>
<p class="Normal-P" style="margin-bottom: 6pt; text-align: justify; text-justify: inter-ideograph; direction: ltr; unicode-bidi: normal;"><span class="Normal-H"><span style="font-family: Arial;">Nach einer Nacht im 22-Bettzimmer voll belegt, kommt um 06:15 Bewegung auf und die Leute schälen sich aus ihren Liegestätten. Bei wenig Platz kann man sich waschen und bereit machen. Diese ungewohnte Dichte an Personen hat einen eigenen Reiz&#8230; Alles läuft aber diszipliniert ab. Um 07:00 treffen wir uns bei einem einfachen aber guten Frühstück im Hauptraum. Es wird noch diskutiert, ob man bis </span><span style="font-family: Arial;">Grächen</span><span style="font-family: Arial;"> weiter wandern soll (ca. 6h) oder gemäss ursprünglichem Plan den Abstieg nach Randa macht. Wir entscheiden uns für Randa, weil ab Mittag Regen aufkommen kann. Ein Mann bleibt noch in der Hütte und geht dann direkt hinunter.</span></span></p>
<table class="TableGrid-T" style="border-collapse: collapse;" cellspacing="0">
<tbody>
<tr class="-R">
<td class="-C" style="width: 481.4pt; border: none windowtext 0pt;" colspan="2"></td>
</tr>
<tr class="-R">
<td class="-C" style="width: 240.7pt; border: none windowtext 0pt;">
<p class="Normal-P" style="margin-bottom: 6pt; text-align: justify; text-justify: inter-ideograph; direction: ltr; unicode-bidi: normal;"><span class="Normal-H"><span style="font-family: Arial;"><img loading="lazy" decoding="async" class="" src="http://www.adrianwood.ch/wp-content/uploads/2018/09/1535795918_image1.jpeg" data-link="" width="351" height="197"></span></span></p>
</td>
<td class="-C" style="width: 240.7pt; border: none windowtext 0pt;">
<p class="Normal-P" style="margin-bottom: 6pt; text-align: justify; text-justify: inter-ideograph; direction: ltr; unicode-bidi: normal;"><span class="Normal-H"><span style="font-family: Arial;"><img loading="lazy" decoding="async" class="" src="http://www.adrianwood.ch/wp-content/uploads/2018/09/1535795918_image2.jpeg" data-link="" width="351" height="197"></span></span></p>
</td>
</tr>
<tr class="-R">
<td class="-C" style="width: 481.4pt; border: none windowtext 0pt;" colspan="2">
<p class="Normal-P" style="margin-bottom: 6pt; text-align: justify; text-justify: inter-ideograph; direction: ltr; unicode-bidi: normal;"><span class="Normal-H"><span style="font-family: Arial;">Wir starten um 08:15 und müssen noch ca. 100Hm durch felsige Wege aufsteigen, bis zum </span><span style="font-family: Arial;">Birchbach</span><span style="font-family: Arial;">, über welchen eine kleine Hängebrücke führt. Wir müssen aber vor der Brücke links abbiegen und auf der linken Kante des </span><span style="font-family: Arial;">Birchbach</span><span style="font-family: Arial;">-Tales absteigen. Es sind ca. 900Hm felsiger und steiler Weg zu überwinden. Die Landschaft mit den Felsklippen und Wasserfällen ist schön und eindrücklich. Unsere Gelenke und Muskeln werden gefordert. Nach ca. 2.5h kommen wir zur </span><span style="font-family: Arial;">Chüebodmen</span><span style="font-family: Arial;">-Alp, welche noch ca. 400m über Randa liegt. </span></span></p>
</td>
</tr>
<tr class="-R">
<td class="-C" style="width: 240.7pt; border: none windowtext 0pt;">
<p class="Normal-P" style="margin-bottom: 6pt; text-align: justify; text-justify: inter-ideograph; direction: ltr; unicode-bidi: normal;"><span class="Normal-H"><span style="font-family: Arial;"><img loading="lazy" decoding="async" class="" src="http://www.adrianwood.ch/wp-content/uploads/2018/09/1535795918_image3.jpeg" data-link="" width="350" height="233"></span></span></p>
</td>
<td class="-C" style="width: 240.7pt; border: none windowtext 0pt;">
<p class="Normal-P" style="margin-bottom: 6pt; text-align: justify; text-justify: inter-ideograph; direction: ltr; unicode-bidi: normal;"><span class="Normal-H"><span style="font-family: Arial;"><img loading="lazy" decoding="async" class="" src="http://www.adrianwood.ch/wp-content/uploads/2018/09/1535795918_image4.jpeg" data-link="" width="350" height="233"></span></span></p>
</td>
</tr>
<tr class="-R">
<td class="-C" style="width: 481.4pt; border: none windowtext 0pt;" colspan="2">
<p class="Normal-P" style="margin-bottom: 6pt; text-align: justify; text-justify: inter-ideograph; direction: ltr; unicode-bidi: normal;"><span class="Normal-H"><span style="font-family: Arial;">Oberhalb der Alp können wir uns auf einer Bank ausruhen und vom kleinen Brunnen mit Quellwasser nebendran trinken. Von hier aus hat man einen schönen Ausblick auf die Alp bis ins Tal. Wir sehen auch </span><span style="font-family: Arial;">den Fels</span><span style="font-family: Arial;"> von welchem 1991 der Felssturz abging und ca. 15Mio. m3 Fels zu Tal stürzten.</span></span></p>
</td>
</tr>
<tr class="-R">
<td class="-C" style="width: 240.7pt; border: none windowtext 0pt;">
<p class="Normal-P" style="margin-bottom: 6pt; text-align: justify; text-justify: inter-ideograph; direction: ltr; unicode-bidi: normal;"><span class="Normal-H"><span style="font-family: Arial;"><img loading="lazy" decoding="async" class="" src="http://www.adrianwood.ch/wp-content/uploads/2018/09/1535795918_image5.jpeg" data-link="" width="350" height="233"></span></span></p>
</td>
<td class="-C" style="width: 240.7pt; border: none windowtext 0pt;">
<p class="Normal-P" style="margin-bottom: 6pt; text-align: justify; text-justify: inter-ideograph; direction: ltr; unicode-bidi: normal;"><span class="Normal-H"><span style="font-family: Arial;"><img loading="lazy" decoding="async" class="" src="http://www.adrianwood.ch/wp-content/uploads/2018/09/1535795918_image6.jpeg" data-link="" width="350" height="233"></span></span></p>
</td>
</tr>
<tr class="-R">
<td class="-C" style="width: 481.4pt; border: none windowtext 0pt;" colspan="2">
<p class="Normal-P" style="margin-bottom: 6pt; text-align: justify; text-justify: inter-ideograph; direction: ltr; unicode-bidi: normal;"><span class="Normal-H"><span style="font-family: Arial;">Nach einiger Zeit setzen wir uns wieder in Bewegung und nehmen noch den restlichen Weg unter die Füsse. Kurz vor Randa beginnt es zu tröpfeln, wir kommen um ca. 11:45 an. Es bleibt noch Zeit das Restaurant neben dem Bahnhof aufzusuchen. Am Bahnhof treffen wir den Teilnehmer, der direkt hinunter ging wieder.</span></span></p>
<p class="Normal-P" style="margin-bottom: 6pt; text-align: justify; text-justify: inter-ideograph; direction: ltr; unicode-bidi: normal;"><span class="Normal-H"><span style="font-family: Arial;">Mit dem 12:30 Zug geht es zurück nach Visp und dort haben wir einen EC-Zug der uns ohne Umsteigen zurück nach Basel bringt. Wir haben 3 eindrückliche Tage mit tollen Landschaften und Aussichten aber auch anspruchsvollen Wanderwegen hinter uns.</span></span></p>
<p class="Normal-P" style="margin-bottom: 6pt; text-align: justify; text-justify: inter-ideograph; direction: ltr; unicode-bidi: normal;"><span class="Normal-H"><span style="font-family: Arial;">Remo</span></span></p>
</td>
</tr>
<p><!-- [if !supportMisalignedColumns]--></tbody>
</table>
</div>

<p>13.August, Europahütte – Birchbach – Chüebodmen &#8211; Randa Nach einer Nacht im 22-Bettzimmer voll belegt, kommt um 06:15 Bewegung auf und die Leute schälen sich aus ihren Liegestätten. Bei wenig Platz kann man sich waschen und bereit machen. Diese ungewohnte Dichte an Personen hat einen eigenen Reiz&#8230; Alles läuft aber diszipliniert ab. Um 07:00 treffen &hellip; <a href="https://www.adrianwood.ch/?page_id=17286" class="more-link">Continue reading <span class="screen-reader-text">08-13 Chüebodmen</span> <span class="meta-nav">&rarr;</span></a></p>
