{"id":1735,"date":"2012-01-02T11:35:24","date_gmt":"2012-01-02T11:35:24","guid":{"rendered":"http:\/\/adrianwood.ch\/?page_id=1735"},"modified":"2016-06-09T08:05:54","modified_gmt":"2016-06-09T08:05:54","slug":"2011-10-betelberg","status":"publish","type":"page","link":"https:\/\/www.adrianwood.ch\/?page_id=1735","title":{"rendered":"2011-10 Betelberg"},"content":{"rendered":"<figure id=\"attachment_1736\" aria-describedby=\"caption-attachment-1736\" style=\"width: 730px\" class=\"wp-caption alignleft\"><a href=\"http:\/\/adrianwood.ch\/club-tours\/bern\/2011-10-betelberg\/dscn6074_1_r3\/\" rel=\"attachment wp-att-1736\"><img loading=\"lazy\" decoding=\"async\" class=\"size-full wp-image-1736\" title=\"DSCN6074_1_r3\" src=\"http:\/\/adrianwood.ch\/wp-content\/uploads\/2012\/01\/DSCN6074_1_r3.jpg\" alt=\"auf Stubleni, 2063m\" width=\"730\" height=\"381\" \/><\/a><figcaption id=\"caption-attachment-1736\" class=\"wp-caption-text\">auf Stubleni, 2063m<\/figcaption><\/figure>\n<p>&nbsp;<\/p>\n<h2>22.\/23. Oktober 2011, Rellerli \u2013 Zweisimmen, Betelberg &#8211; Lenk<\/h2>\n<p>Teilnehmer: Albert Aichert, Andres Denss, Marianne Frei, Elisabeth Gr\u00fcndl, Vreni Gubler (Leitung Samstag), Christa Kohlmann, Peter Leupin, Susanne Neuenschwander, Bert Operschall, Regine Peter, Sabina Schoch, Petro Shmaiovits, Niggi Vogt, Adrian Wood (Leitung Sonntag)<\/p>\n<p style=\"text-align: justify;\">Eine Wandergruppe von 14 Personen trafen sich zum Saisonabschluss zu einem gem\u00fctlichen Abend mit einem Festmen\u00fc in Zweisimmen. Es war auch der Abschied vom Ciba Sportclub, Sektion Ski und Berg, aber im 2012 werden wir weiterhin, unter der Novartis-Flagge, aktiv bleiben.<\/p>\n<p style=\"text-align: justify;\">Von Basel f\u00fchren wir mit dem Zug direkt nach Sch\u00f6nried und mit dem Seilbahn auf dem Rellerli auf 1740m, wo wir einen fr\u00fchen Mittagessen in der Sonne auf der Terasse genossen. Anschliessend wanderten wir auf einem aussichtsreiche Hohenweg \u00fcber H\u00fcgeligrat Richtung Hundsr\u00fcgg bis auf 1840m. Wir erkannten viele Gipfel des Berneroberlands und sogar der Grand Combin in Wallis war in der Ferne auszumachen. Der Weiterweg brachte uns zuerst nach Sparrenmoos, wo leider der Restaurant schon zu hatte und der Postbus schon sein Saisonende gehabt hat. Eine lange Abstieg folgte, so dass der ausschriebene Laufzeit von 4 Std. etwas \u00fcberschritten wurde und wir waren alle froh unsere Unterkunft im Zweisimmen um ca 18.00 zu erreichen. Wir hatten am Saisonende das Hotel f\u00fcr uns allein und alle kamen in den Genuss von Zimmerkonfort, obwohl manche nur Lager gebucht hatten. Nach dem reichlichem Abendessen wurde es r\u00fchig und wir sind nicht sp\u00e4t ins Bett gegangen.<\/p>\n<p style=\"text-align: justify;\">Am n\u00e4chsten Tag bot sich ein sensationelles Wanderwetter an und wir waren alle fr\u00fch unterwegs mit dem Zug nach Lenk, wo wir uns in zwei verschiedene Leistungsgruppen teilten. Der kleinerer Gruppe von 4 Personen machten ca. 450 H\u00f6henmeter rauf und runter, \u00fcber ein abwechslungsreicher Weg (Simmenf\u00e4lle, H\u00f6henweg, Tobeldurchstieg, Parklandschaft und H\u00e4userweg). Die Sonne hatten sie erst auf der H\u00f6he, aber der Weg war sehr gut, auch durch den Tobel, und es gab kein Problem mit r\u00fctschigen Stellen. Um 15.37 Uhr nahmen sie den Zug ab Lenk, stiegen in Zweisimmen um und von dort k\u00f6nnten sie sitzen blieben bis Bern.<\/p>\n<p style=\"text-align: justify;\">Der ander Gruppe f\u00fchr mit mir auf dem Betelberg, 1943m, wo wir schon \u00fcber der Schneegrenze waren. In der Hohe hatten wir den ganzen Tag Sonne und pr\u00e4chtige Blicke auf den Wildstrubel und den andere verschneite Berge, ganz aus der N\u00e4he. Den Weg nach S\u00fcden auf dem Grat hat sich sehr gelohnt. Wir sind \u00fcber Stubleni, 2063m, fast bis zum Tungelpass gelaufen, teils durch Schnee, aber kein Problem. Wir haben dann eine Abkurzung bei Horenmeder \u00fcber verschneite Wiesen genommen, wo wir unsere Mittagspause vor eine Sennerh\u00fctte, 1983m, machen k\u00f6nnten. Den Weg durch den Wald hinunter ins Tal war eine stimmungsvolle Abwechselung, aber dort gab es kein Bus mehr, obwohl wir rechzeitig f\u00fcr den gehoffte Bus um 15.20 ankamen. Wir haben den Bus von den Iffingerf\u00e4llen mit dem von den Simmenf\u00e4llen verwechselt! Anstatt gab es ein sehr willkomme Getr\u00e4nk oder gar eine Merangue bevor wir den Weitermarsch nach Lenk unter den F\u00fcssen nahmen. Die hinuntergehende Sonne gab immer noch einen fantastische Licht auf den Bergen und den sich langsam f\u00e4rbenden W\u00e4ldern. Zusammen mit den \u00e4senden K\u00fche gab es typische Schweischerische Postkarten Bilder. Der n\u00e4chste Zug war erst um 17.57 und wir erreichen Basel um 20.32 nach einem langen aber erlebnissreichen Tag.<\/p>\n<p style=\"text-align: justify;\">ngg_shortcode_0_placeholder<\/p>\n","protected":false},"excerpt":{"rendered":"<p>&nbsp; 22.\/23. Oktober 2011, Rellerli \u2013 Zweisimmen, Betelberg &#8211; Lenk Teilnehmer: Albert Aichert, Andres Denss, Marianne Frei, Elisabeth Gr\u00fcndl, Vreni Gubler (Leitung Samstag), Christa Kohlmann, Peter Leupin, Susanne Neuenschwander, Bert Operschall, Regine Peter, Sabina Schoch, Petro Shmaiovits, Niggi Vogt, Adrian Wood (Leitung Sonntag) Eine Wandergruppe von 14 Personen trafen sich zum Saisonabschluss zu einem gem\u00fctlichen &hellip; <a href=\"https:\/\/www.adrianwood.ch\/?page_id=1735\" class=\"more-link\">Continue reading <span class=\"screen-reader-text\">2011-10 Betelberg<\/span> <span class=\"meta-nav\">&rarr;<\/span><\/a><\/p>\n","protected":false},"author":1,"featured_media":0,"parent":129,"menu_order":1232,"comment_status":"closed","ping_status":"closed","template":"","meta":{"ngg_post_thumbnail":0,"footnotes":""},"class_list":["post-1735","page","type-page","status-publish","hentry"],"_links":{"self":[{"href":"https:\/\/www.adrianwood.ch\/index.php?rest_route=\/wp\/v2\/pages\/1735","targetHints":{"allow":["GET"]}}],"collection":[{"href":"https:\/\/www.adrianwood.ch\/index.php?rest_route=\/wp\/v2\/pages"}],"about":[{"href":"https:\/\/www.adrianwood.ch\/index.php?rest_route=\/wp\/v2\/types\/page"}],"author":[{"embeddable":true,"href":"https:\/\/www.adrianwood.ch\/index.php?rest_route=\/wp\/v2\/users\/1"}],"replies":[{"embeddable":true,"href":"https:\/\/www.adrianwood.ch\/index.php?rest_route=%2Fwp%2Fv2%2Fcomments&post=1735"}],"version-history":[{"count":1,"href":"https:\/\/www.adrianwood.ch\/index.php?rest_route=\/wp\/v2\/pages\/1735\/revisions"}],"predecessor-version":[{"id":4961,"href":"https:\/\/www.adrianwood.ch\/index.php?rest_route=\/wp\/v2\/pages\/1735\/revisions\/4961"}],"up":[{"embeddable":true,"href":"https:\/\/www.adrianwood.ch\/index.php?rest_route=\/wp\/v2\/pages\/129"}],"wp:attachment":[{"href":"https:\/\/www.adrianwood.ch\/index.php?rest_route=%2Fwp%2Fv2%2Fmedia&parent=1735"}],"curies":[{"name":"wp","href":"https:\/\/api.w.org\/{rel}","templated":true}]}}

<figure id="attachment_1736" aria-describedby="caption-attachment-1736" style="width: 730px" class="wp-caption alignleft"><a href="http://adrianwood.ch/club-tours/bern/2011-10-betelberg/dscn6074_1_r3/" rel="attachment wp-att-1736"><img loading="lazy" decoding="async" class="size-full wp-image-1736" title="DSCN6074_1_r3" src="http://adrianwood.ch/wp-content/uploads/2012/01/DSCN6074_1_r3.jpg" alt="auf Stubleni, 2063m" width="730" height="381" /></a><figcaption id="caption-attachment-1736" class="wp-caption-text">auf Stubleni, 2063m</figcaption></figure>
<p>&nbsp;</p>
<h2>22./23. Oktober 2011, Rellerli – Zweisimmen, Betelberg &#8211; Lenk</h2>
<p>Teilnehmer: Albert Aichert, Andres Denss, Marianne Frei, Elisabeth Gründl, Vreni Gubler (Leitung Samstag), Christa Kohlmann, Peter Leupin, Susanne Neuenschwander, Bert Operschall, Regine Peter, Sabina Schoch, Petro Shmaiovits, Niggi Vogt, Adrian Wood (Leitung Sonntag)</p>
<p style="text-align: justify;">Eine Wandergruppe von 14 Personen trafen sich zum Saisonabschluss zu einem gemütlichen Abend mit einem Festmenü in Zweisimmen. Es war auch der Abschied vom Ciba Sportclub, Sektion Ski und Berg, aber im 2012 werden wir weiterhin, unter der Novartis-Flagge, aktiv bleiben.</p>
<p style="text-align: justify;">Von Basel führen wir mit dem Zug direkt nach Schönried und mit dem Seilbahn auf dem Rellerli auf 1740m, wo wir einen frühen Mittagessen in der Sonne auf der Terasse genossen. Anschliessend wanderten wir auf einem aussichtsreiche Hohenweg über Hügeligrat Richtung Hundsrügg bis auf 1840m. Wir erkannten viele Gipfel des Berneroberlands und sogar der Grand Combin in Wallis war in der Ferne auszumachen. Der Weiterweg brachte uns zuerst nach Sparrenmoos, wo leider der Restaurant schon zu hatte und der Postbus schon sein Saisonende gehabt hat. Eine lange Abstieg folgte, so dass der ausschriebene Laufzeit von 4 Std. etwas überschritten wurde und wir waren alle froh unsere Unterkunft im Zweisimmen um ca 18.00 zu erreichen. Wir hatten am Saisonende das Hotel für uns allein und alle kamen in den Genuss von Zimmerkonfort, obwohl manche nur Lager gebucht hatten. Nach dem reichlichem Abendessen wurde es rühig und wir sind nicht spät ins Bett gegangen.</p>
<p style="text-align: justify;">Am nächsten Tag bot sich ein sensationelles Wanderwetter an und wir waren alle früh unterwegs mit dem Zug nach Lenk, wo wir uns in zwei verschiedene Leistungsgruppen teilten. Der kleinerer Gruppe von 4 Personen machten ca. 450 Höhenmeter rauf und runter, über ein abwechslungsreicher Weg (Simmenfälle, Höhenweg, Tobeldurchstieg, Parklandschaft und Häuserweg). Die Sonne hatten sie erst auf der Höhe, aber der Weg war sehr gut, auch durch den Tobel, und es gab kein Problem mit rütschigen Stellen. Um 15.37 Uhr nahmen sie den Zug ab Lenk, stiegen in Zweisimmen um und von dort könnten sie sitzen blieben bis Bern.</p>
<p style="text-align: justify;">Der ander Gruppe führ mit mir auf dem Betelberg, 1943m, wo wir schon über der Schneegrenze waren. In der Hohe hatten wir den ganzen Tag Sonne und prächtige Blicke auf den Wildstrubel und den andere verschneite Berge, ganz aus der Nähe. Den Weg nach Süden auf dem Grat hat sich sehr gelohnt. Wir sind über Stubleni, 2063m, fast bis zum Tungelpass gelaufen, teils durch Schnee, aber kein Problem. Wir haben dann eine Abkurzung bei Horenmeder über verschneite Wiesen genommen, wo wir unsere Mittagspause vor eine Sennerhütte, 1983m, machen könnten. Den Weg durch den Wald hinunter ins Tal war eine stimmungsvolle Abwechselung, aber dort gab es kein Bus mehr, obwohl wir rechzeitig für den gehoffte Bus um 15.20 ankamen. Wir haben den Bus von den Iffingerfällen mit dem von den Simmenfällen verwechselt! Anstatt gab es ein sehr willkomme Getränk oder gar eine Merangue bevor wir den Weitermarsch nach Lenk unter den Füssen nahmen. Die hinuntergehende Sonne gab immer noch einen fantastische Licht auf den Bergen und den sich langsam färbenden Wäldern. Zusammen mit den äsenden Kühe gab es typische Schweischerische Postkarten Bilder. Der nächste Zug war erst um 17.57 und wir erreichen Basel um 20.32 nach einem langen aber erlebnissreichen Tag.</p>
<p style="text-align: justify;">ngg_shortcode_0_placeholder</p>

<p>&nbsp; 22./23. Oktober 2011, Rellerli – Zweisimmen, Betelberg &#8211; Lenk Teilnehmer: Albert Aichert, Andres Denss, Marianne Frei, Elisabeth Gründl, Vreni Gubler (Leitung Samstag), Christa Kohlmann, Peter Leupin, Susanne Neuenschwander, Bert Operschall, Regine Peter, Sabina Schoch, Petro Shmaiovits, Niggi Vogt, Adrian Wood (Leitung Sonntag) Eine Wandergruppe von 14 Personen trafen sich zum Saisonabschluss zu einem gemütlichen &hellip; <a href="https://www.adrianwood.ch/?page_id=1735" class="more-link">Continue reading <span class="screen-reader-text">2011-10 Betelberg</span> <span class="meta-nav">&rarr;</span></a></p>
