{"id":1769,"date":"2012-01-15T11:36:32","date_gmt":"2012-01-15T10:36:32","guid":{"rendered":"http:\/\/adrianwood.ch\/?page_id=1769"},"modified":"2019-11-02T21:11:15","modified_gmt":"2019-11-02T21:11:15","slug":"2008-01-ecuador-2","status":"publish","type":"page","link":"https:\/\/www.adrianwood.ch\/?page_id=1769","title":{"rendered":"2008-01 Ecuador"},"content":{"rendered":"<figure id=\"attachment_1767\" aria-describedby=\"caption-attachment-1767\" style=\"width: 730px\" class=\"wp-caption alignleft\"><a href=\"http:\/\/adrianwood.ch\/private-holidays\/2008-01-ecuador\/asc_0308b_1_r3\/\" rel=\"attachment wp-att-1767\"><img loading=\"lazy\" decoding=\"async\" class=\"size-full wp-image-1767\" title=\"ASC_0308b_1_r3\" src=\"http:\/\/adrianwood.ch\/wp-content\/uploads\/2012\/01\/ASC_0308b_1_r3.jpg\" alt=\"Fred, Eric, Silvana and Adrian\" width=\"730\" height=\"485\"><\/a><figcaption id=\"caption-attachment-1767\" class=\"wp-caption-text\">Fred, Eric, Silvana and Adrian<\/figcaption><\/figure>\n<h2 style=\"text-align: center;\"><strong>Ecuador <\/strong><strong>&amp; <\/strong><strong>Galapagos<\/strong><\/h2>\n<h2 style=\"text-align: center;\"><strong>17. Januar bis 16. Februar 2008<\/strong><\/h2>\n<h2 style=\"text-align: center;\"><strong>Reiseprogramm f\u00fcr<\/strong><\/h2>\n<h2 style=\"text-align: center;\"><strong>Herr Adrian Wood <\/strong><strong>&amp; <\/strong><strong>Herr Fred Asselbergs<\/strong><\/h2>\n<h2 style=\"text-align: center;\"><strong>Frau Silvana Dell&#8217;Occa <\/strong><strong>&amp; <\/strong><strong>Herr Erich M\u00fcller<\/strong><\/h2>\n<p style=\"text-align: center;\">Original Programme in German. All following pages in English.<\/p>\n<h3 style=\"text-align: left;\"><a href=\"http:\/\/www.adrianwood.ch\/?page_id=1827\">Contents<\/a><\/h3>\n<h3><strong>1. <\/strong><strong>Quito<\/strong><\/h3>\n<p><strong>Donnerstag, 17. Januar 2008<\/strong><\/p>\n<p>Flug mit Iberia von Z\u00fcrich via Madrid nach Quito. Empfang am Flughafenausgang und Transfer in Ihr Hotel. \u00dcbernachtung im Hotel De la Rabida in Quito.<\/p>\n<p><strong>Freitag, 18. Januar 2008<\/strong><\/p>\n<p>Nach dem Fr\u00fchst\u00fcck werden Sie in Ihrem Hotel abgeholt und unternehmen mit Ihrem Reiseleiter eine Tour durch die koloniale Altstadt von Quito. Am Nachmittag besuchen Sie das \u00c4quator-Monument n\u00f6rdlich der Hauptstadt. \u00dcbernachtung im Hotel De la Rabida in Quito.<\/p>\n<h3><strong>2. <\/strong><strong>Sacha Loge, Amazon<\/strong><\/h3>\n<p><strong>Samstag, 19. Januar 2008<\/strong><\/p>\n<p>Nach derm Fr\u00fchst\u00fcck Transfer zum Flughafen und kurzer Flug ins Amazonastiefland, nach Coca. Sie werden am Flugplatz in Coca von Ihrem Reiseleiter erwartet und zum Flusshafen gebracht. Nach drei Stunden Kanufahrt auf dem Rio Napo und einem kurzen Fussmarsch erreichen Sie die Sacha Lodge. Am Nachmittag unternehmen Sie bereits eine erste Exkursion in den tropischen Regenwald. Mahlzeiten und \u00dcbernachtung in der Sacha Lodge.<\/p>\n<p><strong>Sonntag, 20. Januar 2008 bis <\/strong><strong>Dienstag, 22. Januar 2008<\/strong><\/p>\n<p>Am fr\u00fchen Morgen beginnt Ihre R\u00fcckreise per Kanu nach Coca, von wo aus Sie am Mittag zur\u00fcck nach Quito fliegen. Transfer vom Flughafen zum Hotel. Der Nachmittag steht zu Ihrer freien Verf\u00fcgung in Quito. \u00dcbernachtung im Hostal De la Rabida in Quito.<\/p>\n<h3><strong>3. <\/strong><strong>Imbabura und Papallacta<\/strong><\/h3>\n<p><strong>Donnerstag, 24. Januar<\/strong> <strong>2008<\/strong><\/p>\n<p>Fahrt auf der Panamericana von Quito nach Norden, \u00fcber den \u00c4quator, in die Provinz Imbabura. Heute ist Markttag in Otavalo und Sie haben Zeit hier einen Halt einzuschalten. Nach einem Ausflug an den Kratersee Cuicocha, werden Sie f\u00fcr das Abendessen und die \u00dcbernachtung auf der Hacienda Pinsaquf bei Otavalo.<\/p>\n<p><strong>Freitag, 25. Januar 2008<\/strong><\/p>\n<p>Auf dem heutigen Tagesausflug f\u00fchrt Sie die Reise zuerst durch das trockene Chota-Tal und dann hinauf auf den feucht-kalten Paramo dei Angel -&gt; Bild Katalog 5. 25, im \u00e4ussersten Norden des Lande. Mittagessen in einem Gasthaus im Paramo dei Angel. Im Paramo dei Angel haben Sie eine erste Gelegenheit f\u00fcr eine k\u00fcrzere Wanderung im Hochland. Abendessen und \u00dcbernachtung in der Hacienda Pinsaquf bei Otavalo.<\/p>\n<p><strong>Samstag<\/strong>,<strong> 26. Januar 2008<\/strong><\/p>\n<p>Falls Sie den Tag fr\u00fch beginnen, haben Sie Zeit f\u00fcr einen kurzen Besuch auf dem ber\u00fchmten indianischen Wochenmarkt in Otavalo und\/ocer eine k\u00fcrzere Wanderung in der Region der ber\u00fchmten Hacienda Zuleta, bevor Sie nach S\u00fcdosten auf die Ostkordiellere der Anden, nach Papallacta, weiterreisen. Mittagessen unterwegs. Abendessen und \u00dcbernachtung in der Hosterfa Termas de Papallacta.<\/p>\n<p><strong>Sonntag,<\/strong> <strong>27. Januar<\/strong> <strong>2008<\/strong><\/p>\n<p>Ganzer Tag Trekking am Fuss des Vulkans Antisana. Pick-nick unterwegs. Am sp\u00e4teren Nachmittag haben Sie Gelegenheit um die Thermalb\u00e4der von Papallacta zu geniessen. Abendessen und \u00dcbernachtung in der Hosterfa Termas de Papallacta.<\/p>\n<h3><strong>4. <\/strong><strong>Cotopaxi<\/strong><\/h3>\n<p><strong>Montag, 28. Januar 2008<\/strong><\/p>\n<p>Sie fahren zur\u00fcck ins Zentral-Andental und weiter nach S\u00fcden, an den Fuss des Vulkans Cotopaxi. Mittagessen in der Hacienda La Cienega bei Lasso. Anschliessend beginnt Ihr Trekkingprogramm am Cotopaxi. \u00dcbernachtung im Camp.<\/p>\n<p><strong>Dienstag, 29. Januar 2008<\/strong><\/p>\n<p>Von Ticalinin aus wandern Sie sechs Stunden lang an der S\u00fcdflanke des Cotopaxi durch Paramo-Vegetation und spektakul\u00e4re Canyons, die sich bei der letzten Eruption im Jahr 1877 gebildet haben, als die Lava innerhalb 15 Minuten die Stadt Latacunga erreichte. \u00dcbernachtung im Camp auf 4150 m H\u00f6he.<\/p>\n<p><strong>Mittwoch, 30. Januar<\/strong> <strong>2008<\/strong><\/p>\n<p>Aufstieg durch Lava-Asche bis 4750 m H\u00f6he, zu den Gletscherr\u00e4ndern am S\u00fcdhang des Cotopaxi. Dies war der untere Teil jener Route, die der deutsche Erstbesteiger des Berges, Wilhelm Reiss, zusammen mit zwei Kolumbianern w\u00e4hlte. Am Nachmittag Fahrt auf die Hacienda La Cfenega bei Lasso. Abendessen und \u00dcbernachtung auf La Cienega.<\/p>\n<p><strong>Donnerstag, 31. Januar 2008<\/strong><\/p>\n<p>Ruhetag in der Hacienda La Cienega bei Lasso. Am Vormittag k\u00f6nnen Sie den indianischen Wochenmarkt in Saquisilf besuchen. Abendessen und \u00dcbernachtung in der Hacienda La Cienega.<\/p>\n<h3><strong>5. <\/strong><strong>Chimborazo<\/strong><\/h3>\n<p><strong>Freitag, 01. Feburar 2008<\/strong><\/p>\n<p>Sie fahren von Lasso auf der Panamericana bis zur Stadt Ambato und dann weiter in Richtung Guaranda an den Rio Blanco. Dort beginnt der Abstieg ins Basislager bei Abraspungo. \u00dcbernachtung im Zelt.<\/p>\n<p><strong>Samstag, 02. Februar 2008<\/strong><\/p>\n<p>Tageswanderung zum H\u00fcgel Gavilan Machay und weiter zum Nordgletscher des Chimborazo. Dann f\u00fchrt Sie die Route am Gletscher entlang bis an den Rfo Colorado auf eine H\u00f6he von 4800 m. Am sp\u00e4teren Nachmittag beginnt der Abstieg auf 4400 m ins Basislager. \u00dcbernachtung im Zelt.<\/p>\n<p><strong>Sonntag, 03. Februar 2008<\/strong><\/p>\n<p>Tageswanderung zur Bergh\u00fctte Whymper am Chimborazo auf 5000 m H\u00f6he, an der Grenze des ewigen Eises. \u00dcbernachtung in der Bergh\u00fctte.<\/p>\n<p><strong>Montag. 04. Februar 2008<\/strong><\/p>\n<p>Das erste Etappenziel des heutigen Tages sind die Felsnadeln &#8220;Chamonix&#8221;. Weiter geht es durch eine W\u00fcste aus Lava-Asche an den Fahrweg, wlechr ins Dorf San Juan f\u00fchrt. Nach einem Mittagessen in Riobamba beginnen Sie Ihre Reise ins s\u00fcdliche Cuenca, wo Sie am Abend eintreffen. \u00dcbernachtung im Hotel Santa Lucia in Cuenca.<\/p>\n<p><strong>Dienstag, 05. Februar 2008<\/strong><\/p>\n<p>Am Vormittag unternehmen Sie einen kurzen Ausflug in den nahegelegenen Nationalpark Cajas. Mittagessen im Nationalpark. Am Nachmittag lernen Sie die Stadt Cuenca kennen. \u00dcbernchtung im Hotel Santa Lucia in Cuenca.<\/p>\n<p><strong>Mittwoch, 06. Februar 2008<\/strong><\/p>\n<p>Der Vormittag steht Ihnen in Cuenca zur freien Verf\u00fcgung. Am Nachmittag Transfer zum Flughafen und Flug von Cuenca nach Quito. Selbst\u00e4ndiger Transfer vom Flughafen Quito zu Ihrem Hotel. \u00dcbernachtung im Hotel De la Rabida in Quito.<\/p>\n<h3><strong>6. <\/strong><strong>Galapagos<\/strong><\/h3>\n<p><strong>Donnerstag. 07. Februar 2008<\/strong><\/p>\n<p>Nach dem Fr\u00fchst\u00fcck Transfer zum Flughafen und Flug mit der der Fluggesellschaft Aerogal von Guayaquil auf die Insel San Cristobal.<\/p>\n<p><strong>Donnerstag, 07. Februar bis Donnerstag, 14. Februar 2008<\/strong><\/p>\n<p>Galapagos-Kreuzfahrt an Bord der PC\/Millennium.<\/p>\n<p><strong>Donnerstag, 14. Februar 2008<\/strong><\/p>\n<p>Am Morgen machen Sie einen letzten Besuch auf den Inseln und am Mittag startet Ihr Flug mit der Fluggesellschaft Aerogal von San Cristobal (Galapagos) nach Guayaquil. Transfer vom Flughafen zu Ihrem Hotel. \u00dcbernachtung im Hotel Unipark in Guayaquil.<\/p>\n<p><strong>Freitag, 15. Februar 2008<\/strong><\/p>\n<p>Ganzer Tag zu Ihrer freien Verf\u00fcgung in Guayaquil. Am Abend selbst\u00e4ndiger Transfer zum Flughafen und Flug mit Iberia von Guayaquil via Madrid nach Z\u00fcrich.<\/p>\n<figure id=\"attachment_1779\" aria-describedby=\"caption-attachment-1779\" style=\"width: 730px\" class=\"wp-caption alignleft\"><a href=\"http:\/\/adrianwood.ch\/private-holidays\/2008-01-ecuador-2\/ecuador-centre-map_r\/\" rel=\"attachment wp-att-1779\"><img loading=\"lazy\" decoding=\"async\" class=\"size-full wp-image-1779\" title=\"Ecuador centre map_r\" src=\"http:\/\/adrianwood.ch\/wp-content\/uploads\/2012\/01\/Ecuador-centre-map_r.jpg\" alt=\"Ecuador regional maps on the following pages\" width=\"730\" height=\"611\"><\/a><figcaption id=\"caption-attachment-1779\" class=\"wp-caption-text\">Ecuador regional maps on the following pages<\/figcaption><\/figure>\n","protected":false},"excerpt":{"rendered":"<p>Ecuador &amp; Galapagos 17. Januar bis 16. Februar 2008 Reiseprogramm f\u00fcr Herr Adrian Wood &amp; Herr Fred Asselbergs Frau Silvana Dell&#8217;Occa &amp; Herr Erich M\u00fcller Original Programme in German. All following pages in English. Contents 1. Quito Donnerstag, 17. Januar 2008 Flug mit Iberia von Z\u00fcrich via Madrid nach Quito. Empfang am Flughafenausgang und Transfer &hellip; <a href=\"https:\/\/www.adrianwood.ch\/?page_id=1769\" class=\"more-link\">Continue reading <span class=\"screen-reader-text\">2008-01 Ecuador<\/span> <span class=\"meta-nav\">&rarr;<\/span><\/a><\/p>\n","protected":false},"author":1,"featured_media":0,"parent":20778,"menu_order":528,"comment_status":"closed","ping_status":"closed","template":"","meta":{"ngg_post_thumbnail":0,"footnotes":""},"class_list":["post-1769","page","type-page","status-publish","hentry"],"_links":{"self":[{"href":"https:\/\/www.adrianwood.ch\/index.php?rest_route=\/wp\/v2\/pages\/1769","targetHints":{"allow":["GET"]}}],"collection":[{"href":"https:\/\/www.adrianwood.ch\/index.php?rest_route=\/wp\/v2\/pages"}],"about":[{"href":"https:\/\/www.adrianwood.ch\/index.php?rest_route=\/wp\/v2\/types\/page"}],"author":[{"embeddable":true,"href":"https:\/\/www.adrianwood.ch\/index.php?rest_route=\/wp\/v2\/users\/1"}],"replies":[{"embeddable":true,"href":"https:\/\/www.adrianwood.ch\/index.php?rest_route=%2Fwp%2Fv2%2Fcomments&post=1769"}],"version-history":[{"count":2,"href":"https:\/\/www.adrianwood.ch\/index.php?rest_route=\/wp\/v2\/pages\/1769\/revisions"}],"predecessor-version":[{"id":20783,"href":"https:\/\/www.adrianwood.ch\/index.php?rest_route=\/wp\/v2\/pages\/1769\/revisions\/20783"}],"up":[{"embeddable":true,"href":"https:\/\/www.adrianwood.ch\/index.php?rest_route=\/wp\/v2\/pages\/20778"}],"wp:attachment":[{"href":"https:\/\/www.adrianwood.ch\/index.php?rest_route=%2Fwp%2Fv2%2Fmedia&parent=1769"}],"curies":[{"name":"wp","href":"https:\/\/api.w.org\/{rel}","templated":true}]}}

<figure id="attachment_1767" aria-describedby="caption-attachment-1767" style="width: 730px" class="wp-caption alignleft"><a href="http://adrianwood.ch/private-holidays/2008-01-ecuador/asc_0308b_1_r3/" rel="attachment wp-att-1767"><img loading="lazy" decoding="async" class="size-full wp-image-1767" title="ASC_0308b_1_r3" src="http://adrianwood.ch/wp-content/uploads/2012/01/ASC_0308b_1_r3.jpg" alt="Fred, Eric, Silvana and Adrian" width="730" height="485"></a><figcaption id="caption-attachment-1767" class="wp-caption-text">Fred, Eric, Silvana and Adrian</figcaption></figure>
<h2 style="text-align: center;"><strong>Ecuador </strong><strong>&amp; </strong><strong>Galapagos</strong></h2>
<h2 style="text-align: center;"><strong>17. Januar bis 16. Februar 2008</strong></h2>
<h2 style="text-align: center;"><strong>Reiseprogramm für</strong></h2>
<h2 style="text-align: center;"><strong>Herr Adrian Wood </strong><strong>&amp; </strong><strong>Herr Fred Asselbergs</strong></h2>
<h2 style="text-align: center;"><strong>Frau Silvana Dell&#8217;Occa </strong><strong>&amp; </strong><strong>Herr Erich Müller</strong></h2>
<p style="text-align: center;">Original Programme in German. All following pages in English.</p>
<h3 style="text-align: left;"><a href="http://www.adrianwood.ch/?page_id=1827">Contents</a></h3>
<h3><strong>1. </strong><strong>Quito</strong></h3>
<p><strong>Donnerstag, 17. Januar 2008</strong></p>
<p>Flug mit Iberia von Zürich via Madrid nach Quito. Empfang am Flughafenausgang und Transfer in Ihr Hotel. Übernachtung im Hotel De la Rabida in Quito.</p>
<p><strong>Freitag, 18. Januar 2008</strong></p>
<p>Nach dem Frühstück werden Sie in Ihrem Hotel abgeholt und unternehmen mit Ihrem Reiseleiter eine Tour durch die koloniale Altstadt von Quito. Am Nachmittag besuchen Sie das Äquator-Monument nördlich der Hauptstadt. Übernachtung im Hotel De la Rabida in Quito.</p>
<h3><strong>2. </strong><strong>Sacha Loge, Amazon</strong></h3>
<p><strong>Samstag, 19. Januar 2008</strong></p>
<p>Nach derm Frühstück Transfer zum Flughafen und kurzer Flug ins Amazonastiefland, nach Coca. Sie werden am Flugplatz in Coca von Ihrem Reiseleiter erwartet und zum Flusshafen gebracht. Nach drei Stunden Kanufahrt auf dem Rio Napo und einem kurzen Fussmarsch erreichen Sie die Sacha Lodge. Am Nachmittag unternehmen Sie bereits eine erste Exkursion in den tropischen Regenwald. Mahlzeiten und Übernachtung in der Sacha Lodge.</p>
<p><strong>Sonntag, 20. Januar 2008 bis </strong><strong>Dienstag, 22. Januar 2008</strong></p>
<p>Am frühen Morgen beginnt Ihre Rückreise per Kanu nach Coca, von wo aus Sie am Mittag zurück nach Quito fliegen. Transfer vom Flughafen zum Hotel. Der Nachmittag steht zu Ihrer freien Verfügung in Quito. Übernachtung im Hostal De la Rabida in Quito.</p>
<h3><strong>3. </strong><strong>Imbabura und Papallacta</strong></h3>
<p><strong>Donnerstag, 24. Januar</strong> <strong>2008</strong></p>
<p>Fahrt auf der Panamericana von Quito nach Norden, über den Äquator, in die Provinz Imbabura. Heute ist Markttag in Otavalo und Sie haben Zeit hier einen Halt einzuschalten. Nach einem Ausflug an den Kratersee Cuicocha, werden Sie für das Abendessen und die Übernachtung auf der Hacienda Pinsaquf bei Otavalo.</p>
<p><strong>Freitag, 25. Januar 2008</strong></p>
<p>Auf dem heutigen Tagesausflug führt Sie die Reise zuerst durch das trockene Chota-Tal und dann hinauf auf den feucht-kalten Paramo dei Angel -&gt; Bild Katalog 5. 25, im äussersten Norden des Lande. Mittagessen in einem Gasthaus im Paramo dei Angel. Im Paramo dei Angel haben Sie eine erste Gelegenheit für eine kürzere Wanderung im Hochland. Abendessen und Übernachtung in der Hacienda Pinsaquf bei Otavalo.</p>
<p><strong>Samstag</strong>,<strong> 26. Januar 2008</strong></p>
<p>Falls Sie den Tag früh beginnen, haben Sie Zeit für einen kurzen Besuch auf dem berühmten indianischen Wochenmarkt in Otavalo und/ocer eine kürzere Wanderung in der Region der berühmten Hacienda Zuleta, bevor Sie nach Südosten auf die Ostkordiellere der Anden, nach Papallacta, weiterreisen. Mittagessen unterwegs. Abendessen und Übernachtung in der Hosterfa Termas de Papallacta.</p>
<p><strong>Sonntag,</strong> <strong>27. Januar</strong> <strong>2008</strong></p>
<p>Ganzer Tag Trekking am Fuss des Vulkans Antisana. Pick-nick unterwegs. Am späteren Nachmittag haben Sie Gelegenheit um die Thermalbäder von Papallacta zu geniessen. Abendessen und Übernachtung in der Hosterfa Termas de Papallacta.</p>
<h3><strong>4. </strong><strong>Cotopaxi</strong></h3>
<p><strong>Montag, 28. Januar 2008</strong></p>
<p>Sie fahren zurück ins Zentral-Andental und weiter nach Süden, an den Fuss des Vulkans Cotopaxi. Mittagessen in der Hacienda La Cienega bei Lasso. Anschliessend beginnt Ihr Trekkingprogramm am Cotopaxi. Übernachtung im Camp.</p>
<p><strong>Dienstag, 29. Januar 2008</strong></p>
<p>Von Ticalinin aus wandern Sie sechs Stunden lang an der Südflanke des Cotopaxi durch Paramo-Vegetation und spektakuläre Canyons, die sich bei der letzten Eruption im Jahr 1877 gebildet haben, als die Lava innerhalb 15 Minuten die Stadt Latacunga erreichte. Übernachtung im Camp auf 4150 m Höhe.</p>
<p><strong>Mittwoch, 30. Januar</strong> <strong>2008</strong></p>
<p>Aufstieg durch Lava-Asche bis 4750 m Höhe, zu den Gletscherrändern am Südhang des Cotopaxi. Dies war der untere Teil jener Route, die der deutsche Erstbesteiger des Berges, Wilhelm Reiss, zusammen mit zwei Kolumbianern wählte. Am Nachmittag Fahrt auf die Hacienda La Cfenega bei Lasso. Abendessen und Übernachtung auf La Cienega.</p>
<p><strong>Donnerstag, 31. Januar 2008</strong></p>
<p>Ruhetag in der Hacienda La Cienega bei Lasso. Am Vormittag können Sie den indianischen Wochenmarkt in Saquisilf besuchen. Abendessen und Übernachtung in der Hacienda La Cienega.</p>
<h3><strong>5. </strong><strong>Chimborazo</strong></h3>
<p><strong>Freitag, 01. Feburar 2008</strong></p>
<p>Sie fahren von Lasso auf der Panamericana bis zur Stadt Ambato und dann weiter in Richtung Guaranda an den Rio Blanco. Dort beginnt der Abstieg ins Basislager bei Abraspungo. Übernachtung im Zelt.</p>
<p><strong>Samstag, 02. Februar 2008</strong></p>
<p>Tageswanderung zum Hügel Gavilan Machay und weiter zum Nordgletscher des Chimborazo. Dann führt Sie die Route am Gletscher entlang bis an den Rfo Colorado auf eine Höhe von 4800 m. Am späteren Nachmittag beginnt der Abstieg auf 4400 m ins Basislager. Übernachtung im Zelt.</p>
<p><strong>Sonntag, 03. Februar 2008</strong></p>
<p>Tageswanderung zur Berghütte Whymper am Chimborazo auf 5000 m Höhe, an der Grenze des ewigen Eises. Übernachtung in der Berghütte.</p>
<p><strong>Montag. 04. Februar 2008</strong></p>
<p>Das erste Etappenziel des heutigen Tages sind die Felsnadeln &#8220;Chamonix&#8221;. Weiter geht es durch eine Wüste aus Lava-Asche an den Fahrweg, wlechr ins Dorf San Juan führt. Nach einem Mittagessen in Riobamba beginnen Sie Ihre Reise ins südliche Cuenca, wo Sie am Abend eintreffen. Übernachtung im Hotel Santa Lucia in Cuenca.</p>
<p><strong>Dienstag, 05. Februar 2008</strong></p>
<p>Am Vormittag unternehmen Sie einen kurzen Ausflug in den nahegelegenen Nationalpark Cajas. Mittagessen im Nationalpark. Am Nachmittag lernen Sie die Stadt Cuenca kennen. Übernchtung im Hotel Santa Lucia in Cuenca.</p>
<p><strong>Mittwoch, 06. Februar 2008</strong></p>
<p>Der Vormittag steht Ihnen in Cuenca zur freien Verfügung. Am Nachmittag Transfer zum Flughafen und Flug von Cuenca nach Quito. Selbständiger Transfer vom Flughafen Quito zu Ihrem Hotel. Übernachtung im Hotel De la Rabida in Quito.</p>
<h3><strong>6. </strong><strong>Galapagos</strong></h3>
<p><strong>Donnerstag. 07. Februar 2008</strong></p>
<p>Nach dem Frühstück Transfer zum Flughafen und Flug mit der der Fluggesellschaft Aerogal von Guayaquil auf die Insel San Cristobal.</p>
<p><strong>Donnerstag, 07. Februar bis Donnerstag, 14. Februar 2008</strong></p>
<p>Galapagos-Kreuzfahrt an Bord der PC/Millennium.</p>
<p><strong>Donnerstag, 14. Februar 2008</strong></p>
<p>Am Morgen machen Sie einen letzten Besuch auf den Inseln und am Mittag startet Ihr Flug mit der Fluggesellschaft Aerogal von San Cristobal (Galapagos) nach Guayaquil. Transfer vom Flughafen zu Ihrem Hotel. Übernachtung im Hotel Unipark in Guayaquil.</p>
<p><strong>Freitag, 15. Februar 2008</strong></p>
<p>Ganzer Tag zu Ihrer freien Verfügung in Guayaquil. Am Abend selbständiger Transfer zum Flughafen und Flug mit Iberia von Guayaquil via Madrid nach Zürich.</p>
<figure id="attachment_1779" aria-describedby="caption-attachment-1779" style="width: 730px" class="wp-caption alignleft"><a href="http://adrianwood.ch/private-holidays/2008-01-ecuador-2/ecuador-centre-map_r/" rel="attachment wp-att-1779"><img loading="lazy" decoding="async" class="size-full wp-image-1779" title="Ecuador centre map_r" src="http://adrianwood.ch/wp-content/uploads/2012/01/Ecuador-centre-map_r.jpg" alt="Ecuador regional maps on the following pages" width="730" height="611"></a><figcaption id="caption-attachment-1779" class="wp-caption-text">Ecuador regional maps on the following pages</figcaption></figure>

<p>Ecuador &amp; Galapagos 17. Januar bis 16. Februar 2008 Reiseprogramm für Herr Adrian Wood &amp; Herr Fred Asselbergs Frau Silvana Dell&#8217;Occa &amp; Herr Erich Müller Original Programme in German. All following pages in English. Contents 1. Quito Donnerstag, 17. Januar 2008 Flug mit Iberia von Zürich via Madrid nach Quito. Empfang am Flughafenausgang und Transfer &hellip; <a href="https://www.adrianwood.ch/?page_id=1769" class="more-link">Continue reading <span class="screen-reader-text">2008-01 Ecuador</span> <span class="meta-nav">&rarr;</span></a></p>
