{"id":18658,"date":"2018-11-20T16:36:53","date_gmt":"2018-11-20T16:36:53","guid":{"rendered":"http:\/\/www.adrianwood.ch\/?page_id=18658"},"modified":"2018-11-25T16:25:17","modified_gmt":"2018-11-25T16:25:17","slug":"programm","status":"publish","type":"page","link":"https:\/\/www.adrianwood.ch\/?page_id=18658","title":{"rendered":"Programm"},"content":{"rendered":"<div class=\"pmdi_content_wrapper\">\n<p><img decoding=\"async\" class=\"ngg-singlepic ngg-none\" src=\"http:\/\/www.adrianwood.ch\/wp-content\/gallery\/mustang-05\/MUS_0613.jpg\" alt=\"MUS_0613\"><\/p>\n<p class=\"Normal-P\" style=\"margin-bottom: 0pt; direction: ltr; unicode-bidi: normal;\"><span class=\"Normal-H\"><span style=\"font-weight: bold;\">Gef\u00fchrte Trekkingreise,<\/span><span style=\"font-weight: bold;\"> Mustang<\/span><span style=\"font-weight: bold;\"> Nepal<\/span><span style=\"font-weight: bold;\"> von ASI Reisen (Alpin Schule <\/span><span style=\"font-weight: bold;\">Innsbr\u00fcck<\/span><span style=\"font-weight: bold;\">)<\/span><\/span><\/p>\n<p class=\"Normal-P\" style=\"margin-bottom: 0pt; direction: ltr; unicode-bidi: normal;\"><span class=\"Normal-H\"><span style=\"font-weight: bold;\">Reiseverlauf<\/span><\/span><\/p>\n<p class=\"Normal-P\" style=\"margin-bottom: 0pt; direction: ltr; unicode-bidi: normal;\"><span class=\"Normal-H\"><span style=\"font-weight: bold;\">Tag 1: Flug nach Nepal<\/span><\/span><\/p>\n<p class=\"Normal-P\" style=\"margin-bottom: 0pt; direction: ltr; unicode-bidi: normal;\"><span class=\"Normal-H\">Flug von Frankfurt via Istanbul nach Kathmandu.<\/span><\/p>\n<p class=\"Normal-P\" style=\"margin-bottom: 0pt; direction: ltr; unicode-bidi: normal;\"><span class=\"Normal-H\"><span style=\"font-weight: bold;\">Tag 2: Ankunft in Kathmandu<\/span><\/span><\/p>\n<p class=\"Normal-P\" style=\"margin-bottom: 0pt; direction: ltr; unicode-bidi: normal;\"><span class=\"Normal-H\">Ankunft in Kathmandu und Transfer nach Bhaktapur. Am Abend bummeln wir gemeinsam durch die malerische Altstadt von Bhaktapur. Bei einem Willkommensabendessen erhalten Sie alle wissenswerten Informationen \u00fcber die bevorstehende Reise.<\/span><\/p>\n<p class=\"Normal-P\" style=\"margin-bottom: 0pt; direction: ltr; unicode-bidi: normal;\"><span class=\"Normal-H\">Ort: Bhaktapur, Unterkunft: Bhaktapur Paradise Hotel, Verpflegung: Abendessen<\/span><\/p>\n<p class=\"Normal-P\" style=\"margin-bottom: 0pt; direction: ltr; unicode-bidi: normal;\"><span class=\"Normal-H\"><span style=\"font-weight: bold;\">Tag 3: K\u00f6nigsstadt Bhaktapur<\/span><\/span><\/p>\n<p class=\"Normal-P\" style=\"margin-bottom: 0pt; direction: ltr; unicode-bidi: normal;\"><span class=\"Normal-H\">Besichtigung von Bhaktapur, die pr\u00e4chtige K\u00f6nigsstadt im Kathmandu Tal. Reich geschm\u00fcckte Pal\u00e4ste, Tempel und Pagoden \u2013 beeindruckende Beispiele nepalesischer Holzarchitektur. Der Nachmittag steht zur freien Verf\u00fcgung.<\/span><\/p>\n<p class=\"Normal-P\" style=\"margin-bottom: 0pt; direction: ltr; unicode-bidi: normal;\"><span class=\"Normal-H\">Ort: Bhaktapur, Unterkunft: Bhaktapur Paradise Hotel, Verpflegung: Fr\u00fchst\u00fcck<\/span><\/p>\n<p class=\"Normal-P\" style=\"margin-bottom: 0pt; direction: ltr; unicode-bidi: normal;\"><span class=\"Normal-H\"><span style=\"font-weight: bold;\">Tag 4: Flug nach <\/span><span style=\"font-weight: bold;\">Pokhara<\/span><\/span><\/p>\n<p class=\"Normal-P\" style=\"margin-bottom: 0pt; direction: ltr; unicode-bidi: normal;\"><span class=\"Normal-H\">Nach dem Fr\u00fchst\u00fcck fahren wir nach Kathmandu und besichtigen wir, das gr\u00f6\u00dfte Heiligtum der Hindus in Nepal. Gegen Mittag fliegen wir nach Pokhara am zuaberhaften Phewa See. Je nach Zeit und Laune ist am Nachmittag eine kurze Wanderung zum Friedensstupa m\u00f6glich. Der Weg f\u00fchrt durch einen angenehm schattigen Wald. Vom Stupa aus bietet sich uns ein herrlicher Blick auf den See, die Stadt und das dahinterliegende Annapurna- Massiv. Wer keine Lust hat zum Wandern, kann eine kleine Bootsfahrt am See unternehmen oder in den vielen kleinen L\u00e4den um Souvenirs feilschen.<\/span><\/p>\n<p class=\"Normal-P\" style=\"margin-bottom: 0pt; direction: ltr; unicode-bidi: normal;\"><span class=\"Normal-H\">Unterkunft: Moonlight Resort, Verpflegung: Fr\u00fchst\u00fcck<\/span><\/p>\n<p class=\"Normal-P\" style=\"margin-bottom: 0pt; direction: ltr; unicode-bidi: normal;\"><span class=\"Normal-H\"><span style=\"font-weight: bold;\"><img loading=\"lazy\" decoding=\"async\" class=\"\" style=\"margin-right: 20px;\" src=\"http:\/\/www.adrianwood.ch\/wp-content\/uploads\/2018\/11\/1543162952_image1.gif\" data-link=\"\" width=\"342\" height=\"793\" align=\"left\"><\/span><span style=\"font-weight: bold;\">Tag 5: Flug nach <\/span><span style=\"font-weight: bold;\">Jomsom<\/span><\/span><\/p>\n<p class=\"Normal-P\" style=\"margin-bottom: 0pt; direction: ltr; unicode-bidi: normal;\"><span class=\"Normal-H\">Fr\u00fchmorgens fliegen wir in ca.20 Minuten durch die Kaligandaki Schlucht nach Jomsom. Von dort f\u00fchrt unser Weg flussaufw\u00e4rts, immer entlang des Kali Gandakhi. Nach der Mittagsrast bei der eindrucksvollen H\u00e4ngebr\u00fccke von Ekle Bhatti wandern wir weiter bis Kagbeni, seit dem 14. Jahrhundert ein wichtiger Handelsst\u00fctzpunkt zwischen Tibet und Nepal. \u00dcbernachtung in einem einfachen G\u00e4stehaus (ca. 2.840 m).<\/span><\/p>\n<p class=\"Normal-P\" style=\"margin-bottom: 0pt; direction: ltr; unicode-bidi: normal;\"><span class=\"Normal-H\">ca. 4,0 h, Unterkunft: Lodge<\/span><\/p>\n<p class=\"Normal-P\" style=\"margin-bottom: 0pt; direction: ltr; unicode-bidi: normal;\"><span class=\"Normal-H\"><span style=\"font-weight: bold;\">Tag 6: Wanderung \u00fcber <\/span><span style=\"font-weight: bold;\">C<\/span><span style=\"font-weight: bold;\">h<\/span><span style=\"font-weight: bold;\">huksang<\/span><span style=\"font-weight: bold;\"> nach <\/span><span style=\"font-weight: bold;\">Chaile<\/span><\/span><\/p>\n<p class=\"Normal-P\" style=\"margin-bottom: 0pt; direction: ltr; unicode-bidi: normal;\"><span class=\"Normal-H\">Nach den Grenzformalit\u00e4ten in Kagbeni wandern wir weiter. Der Weg f\u00fchrt auch heute wieder flussaufw\u00e4rts. Mehrmals hinauf und wieder hinunter geht es bis nach Tangbe, ein stark tibetisch gepr\u00e4gtes Dorf. Die H\u00e4user sehen aus wie wei\u00dfe Punkte im Gr\u00fcn und Gelb der Weizen- und Gerstenfelder, dazwischen unz\u00e4hlige B\u00e4ume, behangen mit prallen \u00c4pfeln. Mitten in dieser Oase finden wir ein nettes Pl\u00e4tzchen f\u00fcr unsere Mittagspause. Der Kali Gandaki begleitet uns noch bis Chhusang, nach der \u00dcberquerung des Flusses erreichen wir unser heutiges Ziel Chaile (3100 m).<\/span><\/p>\n<p class=\"Normal-P\" style=\"margin-bottom: 0pt; direction: ltr; unicode-bidi: normal;\"><span class=\"Normal-H\">600 m 250 m 12,0 km ca. 6,0 h, Unterkunft: Lodge, Verpflegung: FMA<\/span><\/p>\n<p class=\"Normal-P\" style=\"margin-bottom: 0pt; direction: ltr; unicode-bidi: normal;\"><span class=\"Normal-H\"><span style=\"font-weight: bold;\">Tag 7: Wanderung nach <\/span><span style=\"font-weight: bold;\">Sya<\/span><span style=\"font-weight: bold;\">ngb<\/span><span style=\"font-weight: bold;\">ochen<\/span><\/span><\/p>\n<p class=\"Normal-P\" style=\"margin-bottom: 0pt; direction: ltr; unicode-bidi: normal;\"><span class=\"Normal-H\">Gut gest\u00e4rkt starten wir heute bereits fr\u00fch am Morgen. Ein sch\u00f6ner Wandertag steht am Programm. Der Weg f\u00fchrt durch eine w\u00fcstenartige, bizarr anmutende Landschaft, entlang eines Canyons. Wir \u00fcberqueren die ersten P\u00e4sse und durchschreiten tief eingeschnittene T\u00e4ler mit munter pl\u00e4tschernden B\u00e4chen und Fl\u00fcssen. Unterwegs immer wieder Ch\u00f6rten \u2013 tibetische Reliquienschreine. Heute \u00fcbernachten wir in der kleinen und sehr einfachen Lodge in Syangbochen (3800 m).<\/span><\/p>\n<p class=\"Normal-P\" style=\"margin-bottom: 0pt; direction: ltr; unicode-bidi: normal;\"><span class=\"Normal-H\">1200 m 550 m 12,0 km ca. 6,0 h, Unterkunft: Lodge, Verpflegung: FMA<\/span><\/p>\n<p class=\"Normal-P\" style=\"margin-bottom: 0pt; direction: ltr; unicode-bidi: normal;\"><span class=\"Normal-H\"><span style=\"font-weight: bold;\">Tag 8: \u00dcber <\/span><span style=\"font-weight: bold;\">Gheling<\/span><span style=\"font-weight: bold;\"> bis nach <\/span><span style=\"font-weight: bold;\">Tsarang<\/span><\/span><\/p>\n<p class=\"Normal-P\" style=\"margin-bottom: 0pt; direction: ltr; unicode-bidi: normal;\"><span class=\"Normal-H\">Nach dem Fr\u00fchst\u00fcck in Syamgbochen steigen wir langsam zum Syangboche La 3850 m auf und genie\u00dfen die herrliche Aussicht auf das Kaligandaki Tal. Anschlie\u00dfend wandern weiter nach Gheling, wo wir Mittagsrast machen. Es lohnt sich kurz das Dorf zu besichtigen. Danach geht es allm\u00e4hlich bergauf bis zum Pass Jhaite (3.820m) und \u00fcber den Nyil-La (La = Pass) auf fast 4.000 m H\u00f6he. Bergab wandern wir an unwirklich anmutenden roten und blauen Felsformationen bis zum Dorf Ghami (3.510m). Nachmittag kommen wir an der l\u00e4ngste Mani Mauer Nepal vorbei bevor wir Tsarang erreichen (3560 m).<\/span><\/p>\n<p class=\"Normal-P\" style=\"margin-bottom: 0pt; direction: ltr; unicode-bidi: normal;\"><span class=\"Normal-H\">900 m 1100 m 14,0 km ca. 7,0 h, Unterkunft: Lodge, Verpflegung: FMA<\/span><\/p>\n<p class=\"Normal-P\" style=\"margin-bottom: 0pt; direction: ltr; unicode-bidi: normal;\"><span class=\"Normal-H\"><span style=\"font-weight: bold;\">Tag 9: \u00dcber Lo <\/span><span style=\"font-weight: bold;\">Gekar<\/span><span style=\"font-weight: bold;\"> nach Lo <\/span><span style=\"font-weight: bold;\">Manthang<\/span><\/span><\/p>\n<p class=\"Normal-P\" style=\"margin-bottom: 0pt; direction: ltr; unicode-bidi: normal;\"><span class=\"Normal-H\">Zuerst machen wir einen Abstecher nach Lo-Gekar. Wir besichtigen das in allen Himalaya-L\u00e4ndern bekannte Gompa, das noch \u00e4lter als das ber\u00fchmte Kloster Samye in Tibet sein soll. Danach f\u00fchrt uns ein gut zu begehender Weg hinauf dem Chogo La (4280m) und hinunter auf das Hochplateau von Lomanthang, der ehemals k\u00f6niglichen Hauptstadt Mustangs.<\/span><\/p>\n<p class=\"Normal-P\" style=\"margin-bottom: 0pt; direction: ltr; unicode-bidi: normal;\"><span class=\"Normal-H\">1050 m 850 m 14,0 km ca. 7,0 h, Unterkunft: Lodge, Verpflegung: FMA<\/span><\/p>\n<p class=\"Normal-P\" style=\"margin-bottom: 0pt; direction: ltr; unicode-bidi: normal;\"><span class=\"Normal-H\"><span style=\"font-weight: bold;\">Tag 10: Die Kl\u00f6ster von Lo <\/span><span style=\"font-weight: bold;\">Manthang<\/span><\/span><\/p>\n<p class=\"Normal-P\" style=\"margin-bottom: 0pt; direction: ltr; unicode-bidi: normal;\"><span class=\"Normal-H\">Weil Lomanthang historisch so bedeutend ist und die Stadt einen unheimlichen Charme und eine reiche Tradition besitzt, bleiben wir hier ein wenig l\u00e4nger. Wir besuchen die tibetische Medizinschule, besichtigen das beeindruckende Kloster und die Buddha-Statuen. Besuch des geschichtstr\u00e4chtigen K\u00f6nigspalastes. Am Nachmittag gibt es die M\u00f6glichkeit, zum Namgyal Gompa zu wandern, die nahe gelegenen D\u00f6rfer zu erkunden oder einfach nur auszuspannen und zu genie\u00dfen \u2013 ganz wie man m\u00f6chte.<\/span><\/p>\n<p class=\"Normal-P\" style=\"margin-bottom: 0pt; direction: ltr; unicode-bidi: normal;\"><span class=\"Normal-H\">Unterkunft: Lodge, Verpflegung: FMA<\/span><\/p>\n<p class=\"Normal-P\" style=\"margin-bottom: 0pt; direction: ltr; unicode-bidi: normal;\"><span class=\"Normal-H\"><span style=\"font-weight: bold;\">Tag 11: Im Herzen von Mustang<\/span><\/span><\/p>\n<p class=\"Normal-P\" style=\"margin-bottom: 0pt; direction: ltr; unicode-bidi: normal;\"><span class=\"Normal-H\">Nach dem Fr\u00fchst\u00fcck gem\u00fctlich kann man auch die Umgebung erkundigen oder auch mit einem Pferd oder auch Jeep zu den nahe gelegenen D\u00f6rfern besichtigen.<\/span><\/p>\n<p class=\"Normal-P\" style=\"margin-bottom: 0pt; direction: ltr; unicode-bidi: normal;\"><span class=\"Normal-H\">Unterkunft: Lodge, Verpflegung: FMA<\/span><\/p>\n<p class=\"Normal-P\" style=\"margin-bottom: 0pt; direction: ltr; unicode-bidi: normal;\"><span class=\"Normal-H\"><span style=\"font-weight: bold;\">Tag 12: Fahrt \u00fcber <\/span><span style=\"font-weight: bold;\">Kagbeni<\/span><span style=\"font-weight: bold;\"> nach <\/span><span style=\"font-weight: bold;\">Muktinath<\/span><\/span><\/p>\n<p class=\"Normal-P\" style=\"margin-bottom: 0pt; direction: ltr; unicode-bidi: normal;\"><span class=\"Normal-H\">Nach dem Fr\u00fchst\u00fcck verabschieden wir uns von Lomanthang und fahren mit indischen Gel\u00e4ndewagen auf holprigen Schotterstra\u00dfen bis Kagbeni und von dort weiter nach nach Muktinath (3.650m). Fahrtzeit ca. 7 Stunden.<\/span><\/p>\n<p class=\"Normal-P\" style=\"margin-bottom: 0pt; direction: ltr; unicode-bidi: normal;\"><span class=\"Normal-H\">Unterkunft: Lodge, Verpflegung: FMA<\/span><\/p>\n<p class=\"Normal-P\" style=\"margin-bottom: 0pt; direction: ltr; unicode-bidi: normal;\"><span class=\"Normal-H\"><span style=\"font-weight: bold;\">Tag 13: Fahrt nach <\/span><span style=\"font-weight: bold;\">Jomsom<\/span><\/span><\/p>\n<p class=\"Normal-P\" style=\"margin-bottom: 0pt; direction: ltr; unicode-bidi: normal;\"><span class=\"Normal-H\">Nach dem gem\u00fctlichen Fr\u00fchst\u00fcck besichtigen wir das Kloster und die Tempel Anlagen von Muktinath. Bei klarem Wetter ist der Blick auf Dhaulagiri und Nilgiri atemberaubend. Nach Mittag fahren wir zur\u00fcck nach Jomsom, Verwaltungszentrum des Mustang Gebietes.<\/span><\/p>\n<p class=\"Normal-P\" style=\"margin-bottom: 0pt; direction: ltr; unicode-bidi: normal;\"><span class=\"Normal-H\">Unterkunft: Lodge, Verpflegung: FMA<\/span><\/p>\n<p class=\"Normal-P\" style=\"margin-bottom: 0pt; direction: ltr; unicode-bidi: normal;\"><span class=\"Normal-H\"><span style=\"font-weight: bold;\">Tag 14: Flug nach <\/span><span style=\"font-weight: bold;\">Pokhara<\/span><\/span><\/p>\n<p class=\"Normal-P\" style=\"margin-bottom: 0pt; direction: ltr; unicode-bidi: normal;\"><span class=\"Normal-H\">Fr\u00fch Morgen stehen wir auf und trinken Tee und Kaffee. Falls der Flug versp\u00e4tet ist haben wir auch noch Zeit um richtig zu fr\u00fchst\u00fccken. Anschlie\u00dfend fliegen wir in ca. 20 Minuten bis nach Pokhara. Falls Flug witterungsbedingt ausf\u00e4llt (der Flug kann nur bei guten Sichtbedingungen stattfinden), werden wir vor Ort einen Jeep organisieren (der Kostenunterschied wird vor Ort ausgeglichen). Am Nachmittag besteht die Anschlie\u00dfend fliegen wir in ca. 20 Minuten bis nach Pokhara. Falls Flug witterungsbedingt ausf\u00e4llt (der Flug kann nur bei guten Sichtbedingungen stattfinden), werden wir vor Ort einen Jeep organisieren (der Kostenunterschied wird vor Ort ausgeglichen). Am Nachmittag besteht die M\u00f6glichkeit Pokhara zu erkundigen.<\/span><\/p>\n<p class=\"Normal-P\" style=\"margin-bottom: 0pt; direction: ltr; unicode-bidi: normal;\"><span class=\"Normal-H\">Unterkunft: Moonlight Resort, Verpflegung: Fr\u00fchst\u00fcck<\/span><\/p>\n<p class=\"Normal-P\" style=\"margin-bottom: 0pt; direction: ltr; unicode-bidi: normal;\"><span class=\"Normal-H\"><span style=\"font-weight: bold;\">Tag 15: Fahrt nach Kathmandu<\/span><\/span><\/p>\n<p class=\"Normal-P\" style=\"margin-bottom: 0pt; direction: ltr; unicode-bidi: normal;\"><span class=\"Normal-H\">Durch das malerische und landschaftlich reizvolle Trisuli-Tal fahren wir in ca. 7-8 Stunden nach Kathmandu. Kurz vor Kathmandu besichtigen wir den eindrucksvollen Stupa von Swayambunath, eines der wichtigsten buddhistischen Heiligt\u00fcmer im Kathmandutal.<\/span><\/p>\n<p class=\"Normal-P\" style=\"margin-bottom: 0pt; direction: ltr; unicode-bidi: normal;\"><span class=\"Normal-H\">Ort: Kathmandu, Unterkunft: Hotel Kaze Durbar, Verpflegung: Fr\u00fchst\u00fcck, Abendessen<\/span><\/p>\n<p class=\"Normal-P\" style=\"margin-bottom: 0pt; direction: ltr; unicode-bidi: normal;\"><span class=\"Normal-H\"><span style=\"font-weight: bold;\">Tag 16: Die Heiligt\u00fcmer von Kathmandu<\/span><\/span><\/p>\n<p class=\"Normal-P\" style=\"margin-bottom: 0pt; direction: ltr; unicode-bidi: normal;\"><span class=\"Normal-H\">Am Vormittag besichtigen wir den alten Gem\u00fcse Markt und das Zentrum von Thamel. Am Nachmittag fahren wir zum gro\u00dfen Stupa von Bodhnath, dem gr\u00f6\u00dften buddhistischen Stupa in Nepal. Wir genie\u00dfen die friedliche und zugleich marktartige Stimmung, tauchen ein in die Welt der verschiedenen Schutzheiligen und Bodhisattwas. Vielleicht ergibt sich auch die Gelegenheit einer Puja (einem M\u00f6nchsgebet mit Ges\u00e4ngen) beizuwohnen. Am Abend Abschiedsessen in Bodhnath auf einer Dach-Terrasse Restaurant direkt am Stupa.<\/span><\/p>\n<p class=\"Normal-P\" style=\"margin-bottom: 0pt; direction: ltr; unicode-bidi: normal;\"><span class=\"Normal-H\">Ort: Kathmandu, Unterkunft: Hotel Kaze Durbar, Verpflegung: Fr\u00fchst\u00fcck<\/span><\/p>\n<p class=\"Normal-P\" style=\"margin-bottom: 0pt; direction: ltr; unicode-bidi: normal;\"><span class=\"Normal-H\"><span style=\"font-weight: bold;\">Tag 17: Abschied nehmen von Nepal<\/span><\/span><\/p>\n<p class=\"Normal-P\" style=\"margin-bottom: 0pt; direction: ltr; unicode-bidi: normal;\"><span class=\"Normal-H\">Am Morgen Transfer zum Flughafen und R\u00fcckflug via Istanbul. Ankunft am Abend.<\/span><\/p>\n<p class=\"Normal-P\" style=\"margin-bottom: 0pt; direction: ltr; unicode-bidi: normal;\"><span class=\"Normal-H\">Verpflegung: Fr\u00fchst\u00fcck<\/span><\/p>\n<\/div>\n","protected":false},"excerpt":{"rendered":"<p>Gef\u00fchrte Trekkingreise, Mustang Nepal von ASI Reisen (Alpin Schule Innsbr\u00fcck) Reiseverlauf Tag 1: Flug nach Nepal Flug von Frankfurt via Istanbul nach Kathmandu. Tag 2: Ankunft in Kathmandu Ankunft in Kathmandu und Transfer nach Bhaktapur. Am Abend bummeln wir gemeinsam durch die malerische Altstadt von Bhaktapur. Bei einem Willkommensabendessen erhalten Sie alle wissenswerten Informationen \u00fcber &hellip; <a href=\"https:\/\/www.adrianwood.ch\/?page_id=18658\" class=\"more-link\">Continue reading <span class=\"screen-reader-text\">Programm<\/span> <span class=\"meta-nav\">&rarr;<\/span><\/a><\/p>\n","protected":false},"author":1,"featured_media":0,"parent":18203,"menu_order":5541,"comment_status":"closed","ping_status":"closed","template":"","meta":{"ngg_post_thumbnail":0,"footnotes":""},"class_list":["post-18658","page","type-page","status-publish","hentry"],"_links":{"self":[{"href":"https:\/\/www.adrianwood.ch\/index.php?rest_route=\/wp\/v2\/pages\/18658","targetHints":{"allow":["GET"]}}],"collection":[{"href":"https:\/\/www.adrianwood.ch\/index.php?rest_route=\/wp\/v2\/pages"}],"about":[{"href":"https:\/\/www.adrianwood.ch\/index.php?rest_route=\/wp\/v2\/types\/page"}],"author":[{"embeddable":true,"href":"https:\/\/www.adrianwood.ch\/index.php?rest_route=\/wp\/v2\/users\/1"}],"replies":[{"embeddable":true,"href":"https:\/\/www.adrianwood.ch\/index.php?rest_route=%2Fwp%2Fv2%2Fcomments&post=18658"}],"version-history":[{"count":11,"href":"https:\/\/www.adrianwood.ch\/index.php?rest_route=\/wp\/v2\/pages\/18658\/revisions"}],"predecessor-version":[{"id":18756,"href":"https:\/\/www.adrianwood.ch\/index.php?rest_route=\/wp\/v2\/pages\/18658\/revisions\/18756"}],"up":[{"embeddable":true,"href":"https:\/\/www.adrianwood.ch\/index.php?rest_route=\/wp\/v2\/pages\/18203"}],"wp:attachment":[{"href":"https:\/\/www.adrianwood.ch\/index.php?rest_route=%2Fwp%2Fv2%2Fmedia&parent=18658"}],"curies":[{"name":"wp","href":"https:\/\/api.w.org\/{rel}","templated":true}]}}