{"id":20256,"date":"2019-09-02T14:51:35","date_gmt":"2019-09-02T14:51:35","guid":{"rendered":"http:\/\/www.adrianwood.ch\/?page_id=20256"},"modified":"2019-09-02T15:14:05","modified_gmt":"2019-09-02T15:14:05","slug":"08-25-aletschgletscher","status":"publish","type":"page","link":"https:\/\/www.adrianwood.ch\/?page_id=20256","title":{"rendered":"08-25 Aletschgletscher"},"content":{"rendered":"<figure id=\"attachment_20258\" aria-describedby=\"caption-attachment-20258\" style=\"width: 1620px\" class=\"wp-caption alignleft\"><a href=\"http:\/\/www.adrianwood.ch\/wp-content\/uploads\/2019\/09\/ALE_0381.jpg\"><img loading=\"lazy\" decoding=\"async\" class=\"size-full wp-image-20258\" src=\"http:\/\/www.adrianwood.ch\/wp-content\/uploads\/2019\/09\/ALE_0381.jpg\" alt=\"\" width=\"1620\" height=\"1080\" srcset=\"https:\/\/www.adrianwood.ch\/wp-content\/uploads\/2019\/09\/ALE_0381.jpg 1620w, https:\/\/www.adrianwood.ch\/wp-content\/uploads\/2019\/09\/ALE_0381-300x200.jpg 300w, https:\/\/www.adrianwood.ch\/wp-content\/uploads\/2019\/09\/ALE_0381-768x512.jpg 768w, https:\/\/www.adrianwood.ch\/wp-content\/uploads\/2019\/09\/ALE_0381-1024x683.jpg 1024w\" sizes=\"auto, (max-width: 1620px) 100vw, 1620px\" \/><\/a><figcaption id=\"caption-attachment-20258\" class=\"wp-caption-text\">die Gruppe vor dem Aletschgletscher<\/figcaption><\/figure>\n<h2><strong>Sonntag 25.08.19,<\/strong><strong> Moosfl\u00fch \u2013 M\u00e4rjelensee \u2013 Fiescheralp<\/strong><\/h2>\n<p>Der Tag beginnt, wie schon die vorherigen, mit pr\u00e4chtigem Wetter. Der letzte Tourentag steht an und mit ihm der eigentliche H\u00f6hepunkt der Tour. Die Wanderung entlang des grossen Aletsch-gletschers.<\/p>\n<p>Nach einem ausgiebigen Fr\u00fchst\u00fcck im Spycher starten wir um 08.15. Es beginnt gem\u00fctlich. Mit der Seilbahn fahren wir auf die 2334 m hohe Moosfluh. Bereits die Fahrt nach oben, vorbei am Blausee, bietet einen phantastischen Ausblick auf die Walliser Alpen, einschliesslich Dom, Matterhorn und Weisshorn. Oben angekommen liegt vor uns der majest\u00e4tische Aletschgletscher. Mit seinen 23 Kilometern L\u00e4nge der gr\u00f6sste und m\u00e4chtigste Gletscher der Alpen mit 27 Milliarden Tonnen Eis &#8211; ein spektakul\u00e4rer Anblick! Minutenlang geniessen wir den Rundblick \u00fcber das Eis, lassen die einmalige Berglandschaft auf uns wirken und machen Fotos.<\/p>\n<p>Alsbald wandern wir los. Endziel ist die Fiescheralp auf 2212m \u00fc.M. Vor uns liegt eine 14km lange Wanderung mit 600 m Auf- und 720m Abstieg, reine Wanderzeit ca. 4-5 Stunden (mit Pausen wurden es 7 Stunden). Ein sch\u00f6n und angenehm zu gehender H\u00f6henweg entlang des Aletschgletschers f\u00fchrt uns zu unserem ersten Etappenziel den Hohbalm 2490m. Immer wieder bleiben wir f\u00fcr einen Moment stehen, um die Sch\u00f6nheit dieser einmaligen Naturlandschaft zu bewundern und in uns aufzusaugen. Der Blick auf hunderte Meter dickes Eis und klaffende Gletscherspalten fl\u00f6sst Ehrfurcht ein. Je weiter wir uns auf dem schmalen Pfad vorw\u00e4rts bewegen, desto weisser wird das Gletschereis des Aletsch. Darin eingebettet die schwarzen Mor\u00e4nenstreifen, die wie \u201eFahrstreifen\u201c dem Aletsch seinen unverwechselbaren Charakter geben. Es ist traumhaft sch\u00f6n! Unten auf dem Gletscher entdecken wir drei Seilschaften. Wie kleine Ameisen sehen sie aus.<\/p>\n<p>Kurz nach der Kreuzung Roti Chemme auf 2369m verlassen wir den Weg entlang des Aletsch um weiter Richtung M\u00e4rjelensee zu marschieren. Ein letzter Blick zur\u00fcck, beschert uns in der Ferne hoch \u00fcber dem Gletscher, die Sicht auf den M\u00f6nch und die Sphinx beim Jungfraujoch, dann zweigen wir ab. Eine dicke Wolke zieht auf und die Luft wird deutlich k\u00fchler. Nach einer kurzen steinschlagge-f\u00e4hrdeten Strecke gelangen wir zum M\u00e4rjelensee, wo wir zu Mittag rasten, leider ohne die bisher w\u00e4rmenden Sonnenstrahlen. So ziehen wir uns eben etwas w\u00e4rmer an und essen halt ohne Sonne unser Zmittag. Staunend schauen wir dabei Albert zu, wie er Fischli f\u00fctternd, diese zu regelrechten Wasserspr\u00fcngen animiert.<\/p>\n<p>Weiter geht unsere Wanderung Richtung Fiescheralp. Wie bisher auf der Tour, gehen wir in verschiedenen Geschwindigkeitsgruppen. N\u00e4chster Treffpunkt ist in M\u00e4rjela beim Restaurant Gletscherstube, wo sich die Wegvariante \u201eAbk\u00fcrzung durch einen Tunnel\u201c anbietet. Da sich die Wolken gl\u00fccklicherweise wieder verziehen (so gemein &#8211; kaum fertig gerastet, sind sie weg!) ist es erneut sonnig und warm, sodass sich die Mehrheit der Gruppe f\u00fcr\u2019s \u201eBeinli schl\u00e4nkere\u201c (Jean-Francois J) und damit f\u00fcr den l\u00e4ngeren Weg zur Fiescheralp entscheidet. Der Pfad f\u00fchrt nun mehrheitlich abw\u00e4rts. Belohnt werden wir wieder mit wundersch\u00f6nen Ausblicken, sowohl auf den nun von hier aus zu sehenden Fieschergletscher, als auch hinunter ins Tal auf Bellwald. Kurz vor 16:00 Uhr erreichen wir die Fiescheralp. Die Seilbahn bringt uns hinunter nach Fiesch, von wo aus wir, wie geplant mit dem Zug, zur\u00fcck nach Basel fahren.<\/p>\n<p>Eine wundersch\u00f6ne, eindr\u00fcckliche und marschm\u00e4ssig anspruchsvolle, jedoch gut zu bew\u00e4ltigende Drei-Tages-Tour, an die man sich gerne zur\u00fcckerinnert, geht zu Ende. Vielen Dank unserem Tourenleiter und Organisator Adrian Wood.<\/p>\n<p><em> Birgit R\u00fcegsegger und Michael B\u00fcrger<\/em><\/p>\nngg_shortcode_0_placeholder\n","protected":false},"excerpt":{"rendered":"<p>Sonntag 25.08.19, Moosfl\u00fch \u2013 M\u00e4rjelensee \u2013 Fiescheralp Der Tag beginnt, wie schon die vorherigen, mit pr\u00e4chtigem Wetter. Der letzte Tourentag steht an und mit ihm der eigentliche H\u00f6hepunkt der Tour. Die Wanderung entlang des grossen Aletsch-gletschers. Nach einem ausgiebigen Fr\u00fchst\u00fcck im Spycher starten wir um 08.15. Es beginnt gem\u00fctlich. Mit der Seilbahn fahren wir auf &hellip; <a href=\"https:\/\/www.adrianwood.ch\/?page_id=20256\" class=\"more-link\">Continue reading <span class=\"screen-reader-text\">08-25 Aletschgletscher<\/span> <span class=\"meta-nav\">&rarr;<\/span><\/a><\/p>\n","protected":false},"author":1,"featured_media":0,"parent":20243,"menu_order":1411,"comment_status":"closed","ping_status":"closed","template":"","meta":{"ngg_post_thumbnail":0,"footnotes":""},"class_list":["post-20256","page","type-page","status-publish","hentry"],"_links":{"self":[{"href":"https:\/\/www.adrianwood.ch\/index.php?rest_route=\/wp\/v2\/pages\/20256","targetHints":{"allow":["GET"]}}],"collection":[{"href":"https:\/\/www.adrianwood.ch\/index.php?rest_route=\/wp\/v2\/pages"}],"about":[{"href":"https:\/\/www.adrianwood.ch\/index.php?rest_route=\/wp\/v2\/types\/page"}],"author":[{"embeddable":true,"href":"https:\/\/www.adrianwood.ch\/index.php?rest_route=\/wp\/v2\/users\/1"}],"replies":[{"embeddable":true,"href":"https:\/\/www.adrianwood.ch\/index.php?rest_route=%2Fwp%2Fv2%2Fcomments&post=20256"}],"version-history":[{"count":4,"href":"https:\/\/www.adrianwood.ch\/index.php?rest_route=\/wp\/v2\/pages\/20256\/revisions"}],"predecessor-version":[{"id":20456,"href":"https:\/\/www.adrianwood.ch\/index.php?rest_route=\/wp\/v2\/pages\/20256\/revisions\/20456"}],"up":[{"embeddable":true,"href":"https:\/\/www.adrianwood.ch\/index.php?rest_route=\/wp\/v2\/pages\/20243"}],"wp:attachment":[{"href":"https:\/\/www.adrianwood.ch\/index.php?rest_route=%2Fwp%2Fv2%2Fmedia&parent=20256"}],"curies":[{"name":"wp","href":"https:\/\/api.w.org\/{rel}","templated":true}]}}

<figure id="attachment_20258" aria-describedby="caption-attachment-20258" style="width: 1620px" class="wp-caption alignleft"><a href="http://www.adrianwood.ch/wp-content/uploads/2019/09/ALE_0381.jpg"><img loading="lazy" decoding="async" class="size-full wp-image-20258" src="http://www.adrianwood.ch/wp-content/uploads/2019/09/ALE_0381.jpg" alt="" width="1620" height="1080" srcset="https://www.adrianwood.ch/wp-content/uploads/2019/09/ALE_0381.jpg 1620w, https://www.adrianwood.ch/wp-content/uploads/2019/09/ALE_0381-300x200.jpg 300w, https://www.adrianwood.ch/wp-content/uploads/2019/09/ALE_0381-768x512.jpg 768w, https://www.adrianwood.ch/wp-content/uploads/2019/09/ALE_0381-1024x683.jpg 1024w" sizes="auto, (max-width: 1620px) 100vw, 1620px" /></a><figcaption id="caption-attachment-20258" class="wp-caption-text">die Gruppe vor dem Aletschgletscher</figcaption></figure>
<h2><strong>Sonntag 25.08.19,</strong><strong> Moosflüh – Märjelensee – Fiescheralp</strong></h2>
<p>Der Tag beginnt, wie schon die vorherigen, mit prächtigem Wetter. Der letzte Tourentag steht an und mit ihm der eigentliche Höhepunkt der Tour. Die Wanderung entlang des grossen Aletsch-gletschers.</p>
<p>Nach einem ausgiebigen Frühstück im Spycher starten wir um 08.15. Es beginnt gemütlich. Mit der Seilbahn fahren wir auf die 2334 m hohe Moosfluh. Bereits die Fahrt nach oben, vorbei am Blausee, bietet einen phantastischen Ausblick auf die Walliser Alpen, einschliesslich Dom, Matterhorn und Weisshorn. Oben angekommen liegt vor uns der majestätische Aletschgletscher. Mit seinen 23 Kilometern Länge der grösste und mächtigste Gletscher der Alpen mit 27 Milliarden Tonnen Eis &#8211; ein spektakulärer Anblick! Minutenlang geniessen wir den Rundblick über das Eis, lassen die einmalige Berglandschaft auf uns wirken und machen Fotos.</p>
<p>Alsbald wandern wir los. Endziel ist die Fiescheralp auf 2212m ü.M. Vor uns liegt eine 14km lange Wanderung mit 600 m Auf- und 720m Abstieg, reine Wanderzeit ca. 4-5 Stunden (mit Pausen wurden es 7 Stunden). Ein schön und angenehm zu gehender Höhenweg entlang des Aletschgletschers führt uns zu unserem ersten Etappenziel den Hohbalm 2490m. Immer wieder bleiben wir für einen Moment stehen, um die Schönheit dieser einmaligen Naturlandschaft zu bewundern und in uns aufzusaugen. Der Blick auf hunderte Meter dickes Eis und klaffende Gletscherspalten flösst Ehrfurcht ein. Je weiter wir uns auf dem schmalen Pfad vorwärts bewegen, desto weisser wird das Gletschereis des Aletsch. Darin eingebettet die schwarzen Moränenstreifen, die wie „Fahrstreifen“ dem Aletsch seinen unverwechselbaren Charakter geben. Es ist traumhaft schön! Unten auf dem Gletscher entdecken wir drei Seilschaften. Wie kleine Ameisen sehen sie aus.</p>
<p>Kurz nach der Kreuzung Roti Chemme auf 2369m verlassen wir den Weg entlang des Aletsch um weiter Richtung Märjelensee zu marschieren. Ein letzter Blick zurück, beschert uns in der Ferne hoch über dem Gletscher, die Sicht auf den Mönch und die Sphinx beim Jungfraujoch, dann zweigen wir ab. Eine dicke Wolke zieht auf und die Luft wird deutlich kühler. Nach einer kurzen steinschlagge-fährdeten Strecke gelangen wir zum Märjelensee, wo wir zu Mittag rasten, leider ohne die bisher wärmenden Sonnenstrahlen. So ziehen wir uns eben etwas wärmer an und essen halt ohne Sonne unser Zmittag. Staunend schauen wir dabei Albert zu, wie er Fischli fütternd, diese zu regelrechten Wassersprüngen animiert.</p>
<p>Weiter geht unsere Wanderung Richtung Fiescheralp. Wie bisher auf der Tour, gehen wir in verschiedenen Geschwindigkeitsgruppen. Nächster Treffpunkt ist in Märjela beim Restaurant Gletscherstube, wo sich die Wegvariante „Abkürzung durch einen Tunnel“ anbietet. Da sich die Wolken glücklicherweise wieder verziehen (so gemein &#8211; kaum fertig gerastet, sind sie weg!) ist es erneut sonnig und warm, sodass sich die Mehrheit der Gruppe für’s „Beinli schlänkere“ (Jean-Francois J) und damit für den längeren Weg zur Fiescheralp entscheidet. Der Pfad führt nun mehrheitlich abwärts. Belohnt werden wir wieder mit wunderschönen Ausblicken, sowohl auf den nun von hier aus zu sehenden Fieschergletscher, als auch hinunter ins Tal auf Bellwald. Kurz vor 16:00 Uhr erreichen wir die Fiescheralp. Die Seilbahn bringt uns hinunter nach Fiesch, von wo aus wir, wie geplant mit dem Zug, zurück nach Basel fahren.</p>
<p>Eine wunderschöne, eindrückliche und marschmässig anspruchsvolle, jedoch gut zu bewältigende Drei-Tages-Tour, an die man sich gerne zurückerinnert, geht zu Ende. Vielen Dank unserem Tourenleiter und Organisator Adrian Wood.</p>
<p><em> Birgit Rüegsegger und Michael Bürger</em></p>
ngg_shortcode_0_placeholder

<p>Sonntag 25.08.19, Moosflüh – Märjelensee – Fiescheralp Der Tag beginnt, wie schon die vorherigen, mit prächtigem Wetter. Der letzte Tourentag steht an und mit ihm der eigentliche Höhepunkt der Tour. Die Wanderung entlang des grossen Aletsch-gletschers. Nach einem ausgiebigen Frühstück im Spycher starten wir um 08.15. Es beginnt gemütlich. Mit der Seilbahn fahren wir auf &hellip; <a href="https://www.adrianwood.ch/?page_id=20256" class="more-link">Continue reading <span class="screen-reader-text">08-25 Aletschgletscher</span> <span class="meta-nav">&rarr;</span></a></p>
