{"id":20438,"date":"2019-09-20T10:10:15","date_gmt":"2019-09-20T10:10:15","guid":{"rendered":"http:\/\/www.adrianwood.ch\/?page_id=20438"},"modified":"2019-09-20T11:41:22","modified_gmt":"2019-09-20T11:41:22","slug":"2019-09-dreibundenstein","status":"publish","type":"page","link":"https:\/\/www.adrianwood.ch\/?page_id=20438","title":{"rendered":"2019-09 Dreib\u00fcndenstein"},"content":{"rendered":"<figure id=\"attachment_20439\" aria-describedby=\"caption-attachment-20439\" style=\"width: 1620px\" class=\"wp-caption alignleft\"><a href=\"http:\/\/www.adrianwood.ch\/wp-content\/uploads\/2019\/09\/DRE_0079.jpg\"><img loading=\"lazy\" decoding=\"async\" class=\"size-full wp-image-20439\" src=\"http:\/\/www.adrianwood.ch\/wp-content\/uploads\/2019\/09\/DRE_0079.jpg\" alt=\"\" width=\"1620\" height=\"1080\" srcset=\"https:\/\/www.adrianwood.ch\/wp-content\/uploads\/2019\/09\/DRE_0079.jpg 1620w, https:\/\/www.adrianwood.ch\/wp-content\/uploads\/2019\/09\/DRE_0079-300x200.jpg 300w, https:\/\/www.adrianwood.ch\/wp-content\/uploads\/2019\/09\/DRE_0079-768x512.jpg 768w, https:\/\/www.adrianwood.ch\/wp-content\/uploads\/2019\/09\/DRE_0079-1024x683.jpg 1024w\" sizes=\"auto, (max-width: 1620px) 100vw, 1620px\" \/><\/a><figcaption id=\"caption-attachment-20439\" class=\"wp-caption-text\">Unsere Gruppe bei dem Dreib\u00fcndenstein<\/figcaption><\/figure>\n<h2><strong>15.September 2019, Dreib\u00fcndenstein 2160m<\/strong><\/h2>\n<p>Die Abreise nach Chur war mit 07:33 Uhr etwas sp\u00e4t f\u00fcr die lange Reise ins B\u00fcndnerland, aber es ging auch so, da alle gute L\u00e4ufer waren und auch der Weg beim langen Abstieg gut war. Und das Wanderwetter war perfekt, nicht allzu warm und mit guter Fernsicht.<\/p>\n<p>Kurz vor 11:00 Uhr erreichen wir Feldis 1470 m mit der Seilbahn von R\u00e4z\u00fcns. Nach einem Kaffee\/Gipfeli-halt auf der Aussichtsterrasse mit T\u00f6diblick geht es 11:30 Uhr bergan. Der Wegweiser Dreib\u00fcndenstein zeigt uns wo es lang geht. Wie schreiten durch einen lichten L\u00e4rchenwald und \u00fcberqueren saftige Weiden. Unter dem Felsen laufen wir auf dem mit Betonplatten befestigtem Fahrweg den Hang hoch. Den Stundenhalt machen wir am Wegrand und geniessen die Aussicht auf Thusis, Piz Beverin und viele andere Berggipfel am Horizont. Der Wanderweg wird jetzt etwas unsch\u00f6n, wegen Holzschlag resp. den Baumaschinen. Alsdann kommen wir auf eine Hochebene mit Bergrestaurant, aber das lassen wir links liegen. In einem gr\u00f6sseren Bogen kommen wir zum Grenzpfad, der als Wall aufgesch\u00fcttet ist und geradewegs bergauf f\u00fchrt. Es wird immer steiler und der Magen knurrt verd\u00e4chtig laut. Beim Wegweiser machen wir den Mittagshalt und geniessen wieder das Panorama \u00fcber der Waldgrenze vom Hinterrhein- bis zum Vorderrheintal. Frisch gest\u00e4rkt gehts nochmal steil bergan, aber dann kommt endlich der Dreib\u00fcndenstein ins Blickfeld.<\/p>\n<p><em>https:\/\/de.wikipedia.org\/wiki\/Drei_B\u00fcnde<\/em><\/p>\n<p><em>Die Drei B\u00fcnde, r\u00e4toromanisch La Republica da las Trais Lias kurz auch Republica waren ein Freistaat im Gebiet des heutigen Schweizer Kantons Graub\u00fcnden ohne Haldenstein und Tarasp, der im 14. und 15. Jahrhundert als vertraglicher Zusammenschluss aus verschiedenen souver\u00e4n bleibenden Hochgerichten bzw. Gerichtsgemeinden entstand. Diese Republiken waren bis 1798 vertraglich nach aussen ein Zugewandter Ort der Alten Eidgenossenschaft.<\/em><\/p>\n<p><em>Die drei Teilstaaten waren: Gotteshausbund, Oberer oder Grauer Bund, Zehngerichtebund<\/em><\/p>\n<p>Nat\u00fcrlich machen wir einen Fotohalt mit dem behauenen Stein, es gibt noch zwei kleinen Bergseelein, aber die laden nicht zum Baden ein. Der Wanderweg f\u00fchrt weiter zur Bergstation einer Sesselbahn, aber die ist nur im Winter in Betrieb. Von dort haben wir guten Blick auf T\u00f6di, Flims. Calanda, Rheintal, und die Bergkette im Pr\u00e4ttigau als Grenze zu Vorarlberg (A). Nun m\u00fcssen wir aber runter. In z\u00fcgigem Tempo laufen wir die 740 m runter und da es keine hohen Tritte hat, geht es sehr schnell. Bei einem Brunnen f\u00fcllen wir nochmals die Flaschen auf. Kurz nach 16:00 Uhr erreichen wir die Seilbahnstation Brambr\u00fcesch 1595m und zahlen f\u00fcr die Fahrt Fr. 9.- mit Halbtax-Abo. Zuerst ist es eine 4er Gondel bis Ch\u00e4nzeli und dann eine grosse Seilbahn. Von der Bergstation aus hat man einen tollen Blick \u00fcber die Stadt. Unten angekommen nehmen wir den Bus Nr. 1 zum Bahnhof. Gleich darauf haben wir einen Zug direkt nach Basel und sind um 19:35 Uhr wieder dort.<\/p>\n<p>Es hat mir viel Spass gemacht. Herzlichen Dank an die Teilnehmer &#8211; Vreni G.<\/p>\n<p>L\u00e4nge 12 km, Aufstieg 870 m, Abstieg, 740 m, Marschzeit 4 \u00bd Std.<\/p>\n<h3><a href=\"https:\/\/map.wanderland.ch\/?lang=en&amp;route=all&amp;bgLayer=pk&amp;resolution=10&amp;E=2755250&amp;N=1186279&amp;logo=yes&amp;season=summer&amp;trackId=6100076\">Karte Schweizmobil<\/a><\/h3>\nngg_shortcode_0_placeholder\n","protected":false},"excerpt":{"rendered":"<p>15.September 2019, Dreib\u00fcndenstein 2160m Die Abreise nach Chur war mit 07:33 Uhr etwas sp\u00e4t f\u00fcr die lange Reise ins B\u00fcndnerland, aber es ging auch so, da alle gute L\u00e4ufer waren und auch der Weg beim langen Abstieg gut war. Und das Wanderwetter war perfekt, nicht allzu warm und mit guter Fernsicht. Kurz vor 11:00 Uhr &hellip; <a href=\"https:\/\/www.adrianwood.ch\/?page_id=20438\" class=\"more-link\">Continue reading <span class=\"screen-reader-text\">2019-09 Dreib\u00fcndenstein<\/span> <span class=\"meta-nav\">&rarr;<\/span><\/a><\/p>\n","protected":false},"author":1,"featured_media":0,"parent":138,"menu_order":1756,"comment_status":"closed","ping_status":"closed","template":"","meta":{"ngg_post_thumbnail":0,"footnotes":""},"class_list":["post-20438","page","type-page","status-publish","hentry"],"_links":{"self":[{"href":"https:\/\/www.adrianwood.ch\/index.php?rest_route=\/wp\/v2\/pages\/20438","targetHints":{"allow":["GET"]}}],"collection":[{"href":"https:\/\/www.adrianwood.ch\/index.php?rest_route=\/wp\/v2\/pages"}],"about":[{"href":"https:\/\/www.adrianwood.ch\/index.php?rest_route=\/wp\/v2\/types\/page"}],"author":[{"embeddable":true,"href":"https:\/\/www.adrianwood.ch\/index.php?rest_route=\/wp\/v2\/users\/1"}],"replies":[{"embeddable":true,"href":"https:\/\/www.adrianwood.ch\/index.php?rest_route=%2Fwp%2Fv2%2Fcomments&post=20438"}],"version-history":[{"count":3,"href":"https:\/\/www.adrianwood.ch\/index.php?rest_route=\/wp\/v2\/pages\/20438\/revisions"}],"predecessor-version":[{"id":20451,"href":"https:\/\/www.adrianwood.ch\/index.php?rest_route=\/wp\/v2\/pages\/20438\/revisions\/20451"}],"up":[{"embeddable":true,"href":"https:\/\/www.adrianwood.ch\/index.php?rest_route=\/wp\/v2\/pages\/138"}],"wp:attachment":[{"href":"https:\/\/www.adrianwood.ch\/index.php?rest_route=%2Fwp%2Fv2%2Fmedia&parent=20438"}],"curies":[{"name":"wp","href":"https:\/\/api.w.org\/{rel}","templated":true}]}}

2019-09 Dreibündenstein

<figure id="attachment_20439" aria-describedby="caption-attachment-20439" style="width: 1620px" class="wp-caption alignleft"><a href="http://www.adrianwood.ch/wp-content/uploads/2019/09/DRE_0079.jpg"><img loading="lazy" decoding="async" class="size-full wp-image-20439" src="http://www.adrianwood.ch/wp-content/uploads/2019/09/DRE_0079.jpg" alt="" width="1620" height="1080" srcset="https://www.adrianwood.ch/wp-content/uploads/2019/09/DRE_0079.jpg 1620w, https://www.adrianwood.ch/wp-content/uploads/2019/09/DRE_0079-300x200.jpg 300w, https://www.adrianwood.ch/wp-content/uploads/2019/09/DRE_0079-768x512.jpg 768w, https://www.adrianwood.ch/wp-content/uploads/2019/09/DRE_0079-1024x683.jpg 1024w" sizes="auto, (max-width: 1620px) 100vw, 1620px" /></a><figcaption id="caption-attachment-20439" class="wp-caption-text">Unsere Gruppe bei dem Dreibündenstein</figcaption></figure>
<h2><strong>15.September 2019, Dreibündenstein 2160m</strong></h2>
<p>Die Abreise nach Chur war mit 07:33 Uhr etwas spät für die lange Reise ins Bündnerland, aber es ging auch so, da alle gute Läufer waren und auch der Weg beim langen Abstieg gut war. Und das Wanderwetter war perfekt, nicht allzu warm und mit guter Fernsicht.</p>
<p>Kurz vor 11:00 Uhr erreichen wir Feldis 1470 m mit der Seilbahn von Räzüns. Nach einem Kaffee/Gipfeli-halt auf der Aussichtsterrasse mit Tödiblick geht es 11:30 Uhr bergan. Der Wegweiser Dreibündenstein zeigt uns wo es lang geht. Wie schreiten durch einen lichten Lärchenwald und überqueren saftige Weiden. Unter dem Felsen laufen wir auf dem mit Betonplatten befestigtem Fahrweg den Hang hoch. Den Stundenhalt machen wir am Wegrand und geniessen die Aussicht auf Thusis, Piz Beverin und viele andere Berggipfel am Horizont. Der Wanderweg wird jetzt etwas unschön, wegen Holzschlag resp. den Baumaschinen. Alsdann kommen wir auf eine Hochebene mit Bergrestaurant, aber das lassen wir links liegen. In einem grösseren Bogen kommen wir zum Grenzpfad, der als Wall aufgeschüttet ist und geradewegs bergauf führt. Es wird immer steiler und der Magen knurrt verdächtig laut. Beim Wegweiser machen wir den Mittagshalt und geniessen wieder das Panorama über der Waldgrenze vom Hinterrhein- bis zum Vorderrheintal. Frisch gestärkt gehts nochmal steil bergan, aber dann kommt endlich der Dreibündenstein ins Blickfeld.</p>
<p><em>https://de.wikipedia.org/wiki/Drei_Bünde</em></p>
<p><em>Die Drei Bünde, rätoromanisch La Republica da las Trais Lias kurz auch Republica waren ein Freistaat im Gebiet des heutigen Schweizer Kantons Graubünden ohne Haldenstein und Tarasp, der im 14. und 15. Jahrhundert als vertraglicher Zusammenschluss aus verschiedenen souverän bleibenden Hochgerichten bzw. Gerichtsgemeinden entstand. Diese Republiken waren bis 1798 vertraglich nach aussen ein Zugewandter Ort der Alten Eidgenossenschaft.</em></p>
<p><em>Die drei Teilstaaten waren: Gotteshausbund, Oberer oder Grauer Bund, Zehngerichtebund</em></p>
<p>Natürlich machen wir einen Fotohalt mit dem behauenen Stein, es gibt noch zwei kleinen Bergseelein, aber die laden nicht zum Baden ein. Der Wanderweg führt weiter zur Bergstation einer Sesselbahn, aber die ist nur im Winter in Betrieb. Von dort haben wir guten Blick auf Tödi, Flims. Calanda, Rheintal, und die Bergkette im Prättigau als Grenze zu Vorarlberg (A). Nun müssen wir aber runter. In zügigem Tempo laufen wir die 740 m runter und da es keine hohen Tritte hat, geht es sehr schnell. Bei einem Brunnen füllen wir nochmals die Flaschen auf. Kurz nach 16:00 Uhr erreichen wir die Seilbahnstation Brambrüesch 1595m und zahlen für die Fahrt Fr. 9.- mit Halbtax-Abo. Zuerst ist es eine 4er Gondel bis Chänzeli und dann eine grosse Seilbahn. Von der Bergstation aus hat man einen tollen Blick über die Stadt. Unten angekommen nehmen wir den Bus Nr. 1 zum Bahnhof. Gleich darauf haben wir einen Zug direkt nach Basel und sind um 19:35 Uhr wieder dort.</p>
<p>Es hat mir viel Spass gemacht. Herzlichen Dank an die Teilnehmer &#8211; Vreni G.</p>
<p>Länge 12 km, Aufstieg 870 m, Abstieg, 740 m, Marschzeit 4 ½ Std.</p>
<h3><a href="https://map.wanderland.ch/?lang=en&amp;route=all&amp;bgLayer=pk&amp;resolution=10&amp;E=2755250&amp;N=1186279&amp;logo=yes&amp;season=summer&amp;trackId=6100076">Karte Schweizmobil</a></h3>
ngg_shortcode_0_placeholder

<p>15.September 2019, Dreibündenstein 2160m Die Abreise nach Chur war mit 07:33 Uhr etwas spät für die lange Reise ins Bündnerland, aber es ging auch so, da alle gute Läufer waren und auch der Weg beim langen Abstieg gut war. Und das Wanderwetter war perfekt, nicht allzu warm und mit guter Fernsicht. Kurz vor 11:00 Uhr &hellip; <a href="https://www.adrianwood.ch/?page_id=20438" class="more-link">Continue reading <span class="screen-reader-text">2019-09 Dreibündenstein</span> <span class="meta-nav">&rarr;</span></a></p>
