{"id":2102,"date":"2012-07-16T08:58:17","date_gmt":"2012-07-16T07:58:17","guid":{"rendered":"http:\/\/adrianwood.ch\/?page_id=2102"},"modified":"2012-07-16T08:58:17","modified_gmt":"2012-07-16T07:58:17","slug":"04-21-nicosia","status":"publish","type":"page","link":"https:\/\/www.adrianwood.ch\/?page_id=2102","title":{"rendered":"04-21 Nicosia"},"content":{"rendered":"<p><strong>Samstag, 21. April, Hauptstadt Nicosia, vom Troodos-Gebirge zum Nord-Meer<\/strong><\/p>\n<table border=\"0\" cellspacing=\"0\" cellpadding=\"0\">\n<tbody>\n<tr>\n<td colspan=\"2\" valign=\"top\" width=\"818\">\n<p style=\"text-align: justify;\">Kurz nach 8:30 Uhr verabschieden wir uns von unserem Hotel Troodos und fahren bei sonnigem, aber k\u00fchlem Wetter in n\u00f6rdlicher Richtung hinunter zum St\u00e4dtchen Kakopetria, dann weiter nach Osten in die Mesaoria-Ebene. Bald k\u00f6nnen wir im Horizont das F\u00fcnf-Finger-Gebirge erkennen. Dahinter verbirgt sich unser heutiges Reiseziel. Aber noch sind wir nicht da, denn es gilt Nicosia (Lefkosia) zu entdecken.<\/p>\n<p style=\"text-align: justify;\">Kurz vor Nicosia sehen wir auf unserer Fahrt links noch den in der UN-Pufferzone liegende Flughafen und erreichen um 9:40 Uhr den Stadtrand. Wir fahren durch das Botschaftsviertel und halten vor dem Arch\u00e4ologischen Museum (Nationalmuseum): Ein kultureller H\u00f6hepunkt Zyperns. Aber wir werden gross entt\u00e4uscht: Das Arch\u00e4ologische Museum ist wegen des Streiks der Staatsangestellten geschlossen.<\/p>\n<\/td>\n<\/tr>\n<tr>\n<td valign=\"top\" width=\"411\">\u00a0<img decoding=\"async\" class=\"ngg-singlepic ngg-none\" src=\"http:\/\/adrianwood.ch\/wp-content\/gallery\/zypern12\/image001_r4.jpg\" alt=\"image001_r4\" \/><\/td>\n<td valign=\"top\" width=\"407\">\u00a0<img decoding=\"async\" class=\"ngg-singlepic ngg-none\" src=\"http:\/\/adrianwood.ch\/wp-content\/gallery\/zypern12\/image003_r4.jpg\" alt=\"image003_r4\" \/><\/td>\n<\/tr>\n<tr>\n<td colspan=\"2\" valign=\"top\" width=\"818\">\n<p style=\"text-align: justify;\">Es geht deshalb gleich weiter zum Denkmal der Freiheit. Wir verlassen den Bus und folgen unserer F\u00fchrerin zum Palast des Erzbischofs. Wir besichtigen das benachbarte Byzantinische Museum mit der umfangreichen Ikonen-Ausstellung und anschliessend die nebenstehende Johannes-Kathedrale. Etwas ermattet durch der F\u00fchrerin ausf\u00fchrlichen Erl\u00e4uterungen der Kunstsch\u00e4tze im Museum und in der Kathedrale spazieren wir durch die Altstadt und gelangen zu den Einkaufs- und Restaurant-Strassen. Hier haben wir Mittagspause bis 14:00 Uhr. Einige nutzen die Zeit, sich vom Hochhaus des Debenhams-Kaufhauses einen Ausblick \u00fcber Nicosias D\u00e4cher, Kirchen, Pl\u00e4tze &#8211; und am Horizont \u00fcber die Ebene und das K\u00fcstengebirge zu machen.<\/p>\n<\/td>\n<\/tr>\n<tr>\n<td valign=\"top\" width=\"411\">\u00a0<img decoding=\"async\" class=\"ngg-singlepic ngg-none\" src=\"http:\/\/adrianwood.ch\/wp-content\/gallery\/zypern12\/image005_r4.jpg\" alt=\"image005_r4\" \/><\/td>\n<td valign=\"top\" width=\"407\">\u00a0<img decoding=\"async\" class=\"ngg-singlepic ngg-none\" src=\"http:\/\/adrianwood.ch\/wp-content\/gallery\/zypern12\/image007_r4.jpg\" alt=\"image007_r4\" \/><\/td>\n<\/tr>\n<tr>\n<td colspan=\"2\" valign=\"top\" width=\"818\">\n<p style=\"text-align: justify;\">Etwas sp\u00e4ter als vorgesehen treffen wir um 14:30 Uhr am Kontrollpunkt an der \u201egr\u00fcnen\u201c Grenze zum t\u00fcrkischen Teil von Nicosia an. Es herrscht ein ungeordnetes Gedr\u00e4nge aber irgendwie schaffen wir es, unser Einreiseformular von einem Grenzbeamten kontrollieren und abstempeln zu lassen. Nach dem Geldwechsel von Euro in t\u00fcrkische Lira geht es weiter zur Besichtigung der im 13. Jahrhundert erbauten Kathedrale der Heiligen Sophia, die seit 1571 als Moschee dient (Selimiye-Moschee). Es folgt ein Rundgang durch die t\u00fcrkische Altstadt: Das Viertel sieht etwas schmuddeliger aus als im griechischen Teil. Man sieht an diesem Samstag-Nachmittag fast nur M\u00e4nner auf den Strassen und nur wenige Frauen, die ihre Lebensmittel-Eink\u00e4ufe nach Hause tragen.<\/p>\n<\/td>\n<\/tr>\n<tr>\n<td valign=\"top\" width=\"411\"><img decoding=\"async\" class=\"ngg-singlepic ngg-none\" src=\"http:\/\/adrianwood.ch\/wp-content\/gallery\/zypern12\/image009_r4.jpg\" alt=\"image009_r4\" \/><\/td>\n<td valign=\"top\" width=\"407\">\u00a0<img decoding=\"async\" class=\"ngg-singlepic ngg-none\" src=\"http:\/\/adrianwood.ch\/wp-content\/gallery\/zypern12\/image011_r4.jpg\" alt=\"image011_r4\" \/><\/td>\n<\/tr>\n<tr>\n<td colspan=\"2\" valign=\"top\" width=\"818\">\n<p style=\"text-align: justify;\">Unser Spaziergang endet in der 1572 erbauten B\u00fcy\u00fck Han-Karawanserei, die heute als Unterkunft von Gastst\u00e4tten und Kunsthandwerkbetrieben dient. Nach der Kaffeepause marschieren wir zum Girne-Tor, hinter dem der Bus auf uns wartet.<\/p>\n<\/td>\n<\/tr>\n<tr>\n<td valign=\"top\" width=\"411\">\u00a0<img decoding=\"async\" class=\"ngg-singlepic ngg-none\" src=\"http:\/\/adrianwood.ch\/wp-content\/gallery\/zypern12\/image013_r4.jpg\" alt=\"image013_r4\" \/><\/td>\n<td valign=\"top\" width=\"407\">\u00a0<img decoding=\"async\" class=\"ngg-singlepic ngg-none\" src=\"http:\/\/adrianwood.ch\/wp-content\/gallery\/zypern12\/image015_r4.jpg\" alt=\"image015_r4\" \/><\/td>\n<\/tr>\n<tr>\n<td colspan=\"2\" valign=\"top\" width=\"818\">\n<p style=\"text-align: justify;\">Um 16:10 f\u00e4hrt unser Bus nach Girne (Kerynia) ab. F\u00fcnfzehn Minuten sp\u00e4ter \u00fcberqueren wir die Passh\u00f6he des F\u00fcnf-Finger-K\u00fcstengebirge und erreichen um 16:45 Uhr Girnes Strandfront mit dem Dom-Hotel. Vom benachbarten Platz werden wir mit Volkst\u00e4nzen von Kindern des Internationalen Jugendtanz-Festivals \u00fcberrascht.<\/p>\n<\/td>\n<\/tr>\n<tr>\n<td valign=\"top\" width=\"411\">\u00a0<img decoding=\"async\" class=\"ngg-singlepic ngg-none\" src=\"http:\/\/adrianwood.ch\/wp-content\/gallery\/zypern12\/image017_r4.jpg\" alt=\"image017_r4\" \/><\/td>\n<td valign=\"top\" width=\"407\">\u00a0<img decoding=\"async\" class=\"ngg-singlepic ngg-none\" src=\"http:\/\/adrianwood.ch\/wp-content\/gallery\/zypern12\/image019_r4.jpg\" alt=\"image019_r4\" \/><\/td>\n<\/tr>\n<tr>\n<td colspan=\"2\" valign=\"top\" width=\"818\">\n<p style=\"text-align: justify;\">Der Reisetag endet f\u00fcr die heutigen Autoren auf der Dachterasse des The British Hotel mit Efes Bier, den Blick auf den Hafen und auf die Festung. Nach der D\u00e4mmerung mit dem Blick auf das kleine Feuerwerk des Jugendtanz-Festivals das von der Festung ausgeht.<\/p>\n<p>Rainer und Ingrid<\/td>\n<\/tr>\n<\/tbody>\n<\/table>\n<p>&nbsp;<\/p>\n<p>&nbsp;<\/p>\n","protected":false},"excerpt":{"rendered":"<p>Samstag, 21. April, Hauptstadt Nicosia, vom Troodos-Gebirge zum Nord-Meer Kurz nach 8:30 Uhr verabschieden wir uns von unserem Hotel Troodos und fahren bei sonnigem, aber k\u00fchlem Wetter in n\u00f6rdlicher Richtung hinunter zum St\u00e4dtchen Kakopetria, dann weiter nach Osten in die Mesaoria-Ebene. Bald k\u00f6nnen wir im Horizont das F\u00fcnf-Finger-Gebirge erkennen. Dahinter verbirgt sich unser heutiges Reiseziel. &hellip; <a href=\"https:\/\/www.adrianwood.ch\/?page_id=2102\" class=\"more-link\">Continue reading <span class=\"screen-reader-text\">04-21 Nicosia<\/span> <span class=\"meta-nav\">&rarr;<\/span><\/a><\/p>\n","protected":false},"author":1,"featured_media":0,"parent":2038,"menu_order":2422,"comment_status":"closed","ping_status":"closed","template":"","meta":{"ngg_post_thumbnail":0,"footnotes":""},"class_list":["post-2102","page","type-page","status-publish","hentry"],"_links":{"self":[{"href":"https:\/\/www.adrianwood.ch\/index.php?rest_route=\/wp\/v2\/pages\/2102","targetHints":{"allow":["GET"]}}],"collection":[{"href":"https:\/\/www.adrianwood.ch\/index.php?rest_route=\/wp\/v2\/pages"}],"about":[{"href":"https:\/\/www.adrianwood.ch\/index.php?rest_route=\/wp\/v2\/types\/page"}],"author":[{"embeddable":true,"href":"https:\/\/www.adrianwood.ch\/index.php?rest_route=\/wp\/v2\/users\/1"}],"replies":[{"embeddable":true,"href":"https:\/\/www.adrianwood.ch\/index.php?rest_route=%2Fwp%2Fv2%2Fcomments&post=2102"}],"version-history":[{"count":0,"href":"https:\/\/www.adrianwood.ch\/index.php?rest_route=\/wp\/v2\/pages\/2102\/revisions"}],"up":[{"embeddable":true,"href":"https:\/\/www.adrianwood.ch\/index.php?rest_route=\/wp\/v2\/pages\/2038"}],"wp:attachment":[{"href":"https:\/\/www.adrianwood.ch\/index.php?rest_route=%2Fwp%2Fv2%2Fmedia&parent=2102"}],"curies":[{"name":"wp","href":"https:\/\/api.w.org\/{rel}","templated":true}]}}

<p><strong>Samstag, 21. April, Hauptstadt Nicosia, vom Troodos-Gebirge zum Nord-Meer</strong></p>
<table border="0" cellspacing="0" cellpadding="0">
<tbody>
<tr>
<td colspan="2" valign="top" width="818">
<p style="text-align: justify;">Kurz nach 8:30 Uhr verabschieden wir uns von unserem Hotel Troodos und fahren bei sonnigem, aber kühlem Wetter in nördlicher Richtung hinunter zum Städtchen Kakopetria, dann weiter nach Osten in die Mesaoria-Ebene. Bald können wir im Horizont das Fünf-Finger-Gebirge erkennen. Dahinter verbirgt sich unser heutiges Reiseziel. Aber noch sind wir nicht da, denn es gilt Nicosia (Lefkosia) zu entdecken.</p>
<p style="text-align: justify;">Kurz vor Nicosia sehen wir auf unserer Fahrt links noch den in der UN-Pufferzone liegende Flughafen und erreichen um 9:40 Uhr den Stadtrand. Wir fahren durch das Botschaftsviertel und halten vor dem Archäologischen Museum (Nationalmuseum): Ein kultureller Höhepunkt Zyperns. Aber wir werden gross enttäuscht: Das Archäologische Museum ist wegen des Streiks der Staatsangestellten geschlossen.</p>
</td>
</tr>
<tr>
<td valign="top" width="411"> <img decoding="async" class="ngg-singlepic ngg-none" src="http://adrianwood.ch/wp-content/gallery/zypern12/image001_r4.jpg" alt="image001_r4" /></td>
<td valign="top" width="407"> <img decoding="async" class="ngg-singlepic ngg-none" src="http://adrianwood.ch/wp-content/gallery/zypern12/image003_r4.jpg" alt="image003_r4" /></td>
</tr>
<tr>
<td colspan="2" valign="top" width="818">
<p style="text-align: justify;">Es geht deshalb gleich weiter zum Denkmal der Freiheit. Wir verlassen den Bus und folgen unserer Führerin zum Palast des Erzbischofs. Wir besichtigen das benachbarte Byzantinische Museum mit der umfangreichen Ikonen-Ausstellung und anschliessend die nebenstehende Johannes-Kathedrale. Etwas ermattet durch der Führerin ausführlichen Erläuterungen der Kunstschätze im Museum und in der Kathedrale spazieren wir durch die Altstadt und gelangen zu den Einkaufs- und Restaurant-Strassen. Hier haben wir Mittagspause bis 14:00 Uhr. Einige nutzen die Zeit, sich vom Hochhaus des Debenhams-Kaufhauses einen Ausblick über Nicosias Dächer, Kirchen, Plätze &#8211; und am Horizont über die Ebene und das Küstengebirge zu machen.</p>
</td>
</tr>
<tr>
<td valign="top" width="411"> <img decoding="async" class="ngg-singlepic ngg-none" src="http://adrianwood.ch/wp-content/gallery/zypern12/image005_r4.jpg" alt="image005_r4" /></td>
<td valign="top" width="407"> <img decoding="async" class="ngg-singlepic ngg-none" src="http://adrianwood.ch/wp-content/gallery/zypern12/image007_r4.jpg" alt="image007_r4" /></td>
</tr>
<tr>
<td colspan="2" valign="top" width="818">
<p style="text-align: justify;">Etwas später als vorgesehen treffen wir um 14:30 Uhr am Kontrollpunkt an der „grünen“ Grenze zum türkischen Teil von Nicosia an. Es herrscht ein ungeordnetes Gedränge aber irgendwie schaffen wir es, unser Einreiseformular von einem Grenzbeamten kontrollieren und abstempeln zu lassen. Nach dem Geldwechsel von Euro in türkische Lira geht es weiter zur Besichtigung der im 13. Jahrhundert erbauten Kathedrale der Heiligen Sophia, die seit 1571 als Moschee dient (Selimiye-Moschee). Es folgt ein Rundgang durch die türkische Altstadt: Das Viertel sieht etwas schmuddeliger aus als im griechischen Teil. Man sieht an diesem Samstag-Nachmittag fast nur Männer auf den Strassen und nur wenige Frauen, die ihre Lebensmittel-Einkäufe nach Hause tragen.</p>
</td>
</tr>
<tr>
<td valign="top" width="411"><img decoding="async" class="ngg-singlepic ngg-none" src="http://adrianwood.ch/wp-content/gallery/zypern12/image009_r4.jpg" alt="image009_r4" /></td>
<td valign="top" width="407"> <img decoding="async" class="ngg-singlepic ngg-none" src="http://adrianwood.ch/wp-content/gallery/zypern12/image011_r4.jpg" alt="image011_r4" /></td>
</tr>
<tr>
<td colspan="2" valign="top" width="818">
<p style="text-align: justify;">Unser Spaziergang endet in der 1572 erbauten Büyük Han-Karawanserei, die heute als Unterkunft von Gaststätten und Kunsthandwerkbetrieben dient. Nach der Kaffeepause marschieren wir zum Girne-Tor, hinter dem der Bus auf uns wartet.</p>
</td>
</tr>
<tr>
<td valign="top" width="411"> <img decoding="async" class="ngg-singlepic ngg-none" src="http://adrianwood.ch/wp-content/gallery/zypern12/image013_r4.jpg" alt="image013_r4" /></td>
<td valign="top" width="407"> <img decoding="async" class="ngg-singlepic ngg-none" src="http://adrianwood.ch/wp-content/gallery/zypern12/image015_r4.jpg" alt="image015_r4" /></td>
</tr>
<tr>
<td colspan="2" valign="top" width="818">
<p style="text-align: justify;">Um 16:10 fährt unser Bus nach Girne (Kerynia) ab. Fünfzehn Minuten später überqueren wir die Passhöhe des Fünf-Finger-Küstengebirge und erreichen um 16:45 Uhr Girnes Strandfront mit dem Dom-Hotel. Vom benachbarten Platz werden wir mit Volkstänzen von Kindern des Internationalen Jugendtanz-Festivals überrascht.</p>
</td>
</tr>
<tr>
<td valign="top" width="411"> <img decoding="async" class="ngg-singlepic ngg-none" src="http://adrianwood.ch/wp-content/gallery/zypern12/image017_r4.jpg" alt="image017_r4" /></td>
<td valign="top" width="407"> <img decoding="async" class="ngg-singlepic ngg-none" src="http://adrianwood.ch/wp-content/gallery/zypern12/image019_r4.jpg" alt="image019_r4" /></td>
</tr>
<tr>
<td colspan="2" valign="top" width="818">
<p style="text-align: justify;">Der Reisetag endet für die heutigen Autoren auf der Dachterasse des The British Hotel mit Efes Bier, den Blick auf den Hafen und auf die Festung. Nach der Dämmerung mit dem Blick auf das kleine Feuerwerk des Jugendtanz-Festivals das von der Festung ausgeht.</p>
<p>Rainer und Ingrid</td>
</tr>
</tbody>
</table>
<p>&nbsp;</p>
<p>&nbsp;</p>

<p>Samstag, 21. April, Hauptstadt Nicosia, vom Troodos-Gebirge zum Nord-Meer Kurz nach 8:30 Uhr verabschieden wir uns von unserem Hotel Troodos und fahren bei sonnigem, aber kühlem Wetter in nördlicher Richtung hinunter zum Städtchen Kakopetria, dann weiter nach Osten in die Mesaoria-Ebene. Bald können wir im Horizont das Fünf-Finger-Gebirge erkennen. Dahinter verbirgt sich unser heutiges Reiseziel. &hellip; <a href="https://www.adrianwood.ch/?page_id=2102" class="more-link">Continue reading <span class="screen-reader-text">04-21 Nicosia</span> <span class="meta-nav">&rarr;</span></a></p>
