{"id":2159,"date":"2012-07-19T15:31:50","date_gmt":"2012-07-19T14:31:50","guid":{"rendered":"http:\/\/adrianwood.ch\/?page_id=2159"},"modified":"2012-07-19T15:31:50","modified_gmt":"2012-07-19T14:31:50","slug":"04-26-golden-beach","status":"publish","type":"page","link":"https:\/\/www.adrianwood.ch\/?page_id=2159","title":{"rendered":"04-26 Golden Beach"},"content":{"rendered":"<p><strong>Donnerstag, 26.April, <\/strong><strong>Rizokarpaso. von der Nord- zur S\u00fcdk\u00fcste, Andreas-Kloster, Golden Beach<\/strong><\/p>\n<table border=\"0\" cellspacing=\"0\" cellpadding=\"0\">\n<tbody>\n<tr>\n<td style=\"text-align: justify;\" colspan=\"2\" valign=\"top\" width=\"821\">P\u00fcnktlich um 5 Uhr weckt mich der Muezzin, aber da wir aber erst um 9 Uhr abfahren wollen, drehe ich mich um und schlafe weiter.Gestern hatte Sabri, unser Nordzypern-F\u00fchrer, gesagt, dass heute Strom und Wasser wegen Reparaturen abgestellt werden &#8211; und wirklich, es hat keinen Strom, aber das Wasser fliesst. Noch&#8230;! (s. unten).<\/p>\n<p style=\"text-align: justify;\">Beim z\u2019Morge wird\u2019s ein wenig turbulent. Es hat weniger Sitzpl\u00e4tze als hungrige Wanderer und auch die ausgelegten Mengen sind anfangs etwas zu klein. Aber es wird laufend nachgeliefert (Joghurt, Omeletten, gebackener K\u00e4se&#8230;) schlussendlich reicht es \u00fcppig f\u00fcr alle und es schmeckt fein, wie immer auf Zypern.<\/p>\n<p>Abfahrt p\u00fcnktlich um 9 Uhr, die Sonne scheint, wir passieren Agios Filon (Ruine 1, gross), fahren weiter auf schmaler Strasse entlang der Nordk\u00fcste, sehen Weizenfelder, Schafherden, Ruinen von verlassenen Bauernh\u00e4usern, das Meer&#8230;..und sind nach 20 Minuten am Startpunkt unserer Wanderung.<\/td>\n<\/tr>\n<tr>\n<td valign=\"top\" width=\"419\">\u00a0<img decoding=\"async\" class=\"ngg-singlepic ngg-none\" src=\"http:\/\/adrianwood.ch\/wp-content\/gallery\/zypern19\/image001_r4.jpg\" alt=\"image001_r4\" \/><\/td>\n<td valign=\"top\" width=\"402\">\u00a0<img decoding=\"async\" class=\"ngg-singlepic ngg-none\" src=\"http:\/\/adrianwood.ch\/wp-content\/gallery\/zypern19\/image002_r4.jpg\" alt=\"image002_r4\" \/><\/td>\n<\/tr>\n<tr>\n<td style=\"text-align: justify;\" colspan=\"2\" valign=\"top\" width=\"821\">Schuhe binden, Rucksack auf und los geht\u2019s auf dem Naturstr\u00e4sslein. Aber schon nach wenigen Minuten stoppen Einzelne &#8211; Orchideen und andere wundersch\u00f6ne Blumen pr\u00e4sentieren sich als Foto-Models, ein zwitschernder Vogelschwarm (\u201eBienenfresser\u201c diagnostiziert Erich), Eselsdung auf dem Weg (kein Fotosujet) aber weit und breit keine wilden Esel, ein St\u00fcckchen gebrannter Ton (\u201evon einem Amphoren-Henkel\u201c sagt Sabri) und so sind wir nach einer Stunde gerade mal 3.3 km weit gekommen. Trinkpause!Weiter geht\u2019s. Doch nach 400m &#8211; Stopp, rechtsum kehrt, zur\u00fcck! \u201eDer Bauer hat den Weg f\u00fcr Esel gesperrt\u201c sagt Sabri. Wie bitte? Je nun, ich bin nicht beleidigt. So nehmen wir halt einen anderen Pfad.Blumen rechts, Gersten- und Weizenfelder, Blumen links, ein Blick zur\u00fcck \u00fcber bewaldete H\u00fcgel auf\u2019s Meer, zerbrochene M\u00fchlensteine einer alten Olivenm\u00fchle, ein Aronstab&#8230;. die Fotoapparate laufen heiss.Kurz nach 11 Uhr erreichen wir Agios Filon (Ruine,verfallene kleine Kapelle, Fresken), Zeit f\u00fcr\u2019s Picknick.<\/td>\n<\/tr>\n<tr>\n<td style=\"text-align: justify;\" valign=\"top\" width=\"419\">Nach einer halben Stunde sind wir gest\u00e4rkt, der Weg f\u00fchrt noch kurz hinauf zum Sattel (170m \u00fc.M) und dann hinunter zur S\u00fcdk\u00fcste. Es spielt sich das gleiche Szenario wie vorher ab. Fotos rechts, Fotos links, munteres Geplauder. Ein Bauer b\u00fcndelt mit seinem Traktor eigenartige niedrige Schotenpflanzen &#8211; \u201eFutter f\u00fcr H\u00fchner und Tauben\u201c, sagt Sabri. Wir erreichen die Strasse um 12:45, unser Bus ist noch nicht da, also Zeit genug um kurz hinter die B\u00fcsche zu verschwinden. Der Bus kommt und bringt uns entlang der S\u00fcdk\u00fcste (das Meer ist genau so blau wie im Norden) nach Apostolos Andreas, der alten griechisch-orthodoxen Wallfahrtskirche, wo uns Zacharias, der H\u00fcter der Kirche, schon erwartet.Heute ist die Kirche, im t\u00fcrkischen Nordteil der Insel, eigentlich nur eine Touristenattraktion, mit grossem Parkplatz und Verkaufsst\u00e4nden davor (Souvenirs, Spielzeugrevolver, H\u00fcte, CD\u2019s&#8230;). Aber im Inneren, das uns Sabri erkl\u00e4rt, ist sie mit wundersch\u00f6nen Fresken und Ikonen geschm\u00fcckt.<\/td>\n<td valign=\"top\" width=\"402\">\u00a0<img decoding=\"async\" class=\"ngg-singlepic ngg-none\" src=\"http:\/\/adrianwood.ch\/wp-content\/gallery\/zypern19\/image003_r4.jpg\" alt=\"image003_r4\" \/><\/td>\n<\/tr>\n<tr>\n<td style=\"text-align: justify;\" colspan=\"2\" valign=\"top\" width=\"821\">Und aussen, etwas hinunter zum Meer, ist dann noch die heilende Quelle, die der heilige Andreas zum sprudeln brachte, als er seinen Fuss neulich auf die Insel setzte. Vorsorglich habe auch ich meinen Kopf mit dem Wasser benetzt &#8212; man weiss ja nie&#8230; (http:\/\/www.whatson-northcyprus.com\/interest\/dipkarpaz\/andreas.htm).<\/td>\n<\/tr>\n<tr>\n<td valign=\"top\" width=\"419\">\u00a0<img decoding=\"async\" class=\"ngg-singlepic ngg-none\" src=\"http:\/\/adrianwood.ch\/wp-content\/gallery\/zypern19\/image004_r4.jpg\" alt=\"image004_r4\" \/><\/td>\n<td valign=\"top\" width=\"402\">\u00a0<img decoding=\"async\" class=\"ngg-singlepic ngg-none\" src=\"http:\/\/adrianwood.ch\/wp-content\/gallery\/zypern19\/image005_r4.jpg\" alt=\"image005_r4\" \/><\/td>\n<\/tr>\n<tr>\n<td colspan=\"2\" valign=\"top\" width=\"821\"><\/td>\n<\/tr>\n<tr>\n<td valign=\"top\" width=\"419\">\u00a0<img decoding=\"async\" class=\"ngg-singlepic ngg-none\" src=\"http:\/\/adrianwood.ch\/wp-content\/gallery\/zypern19\/image006_r4.jpg\" alt=\"image006_r4\" \/><\/td>\n<td style=\"text-align: justify;\" valign=\"top\" width=\"402\">13:45 zur\u00fcck mit dem Bus, vorbei an einem der lange vermissten wilden Esel zu einem Zwischenhalt um die Aussicht auf die \u201eGolden Beach\u201c zu bewundern. Und dann (endlich! &#8211; f\u00fcr die Badefans) drei Stunden Zeit um das Meer zu geniessen. Ich halte mich zur\u00fcck, muss ja nicht unbedingt tagelang Sand aus Schuhen und Hosen klopfen, in der Taverna gibt\u2019s feines Efes-Bier.In Rizokarpaso (t\u00fcrkisch: Dipkarpaz), ist Gelegenheit f\u00fcr Shopping, Tee-Pause und Fotoshooting von Moschee, orthodoxer Kirche, von der Hauptstrasse mit ihren Ladengeb\u00e4uden, auf die gerade ein zweites Stockwerk aufgesetzt wird und vom obligatorischen Atat\u00fcrk Denkmal. Und dann, kurz nach 18 Uhr, zur\u00fcck zu unseren Zimmern, den \u201eKarpaz Arch Houses\u201c.<\/td>\n<\/tr>\n<tr>\n<td style=\"text-align: justify;\" valign=\"top\" width=\"419\">Dort wartet schon die Dusche auf mich. Allerdings nur die trockene Dusche, denn als ich den Wasserhahn aufdrehe, tropft es nur. Auch nach mehrmaligen Versuchen. Und aus den anderen Zimmern t\u00f6nen entsprechende Rufe. Als nach einigen Minuten ein Hotelangestellter kommt, an den Hauptwasserh\u00e4hnen im Garten und am Motor im Schuppen herumbastelt ohne dass sich etwas \u00e4ndert, wird Erich aktiv und organisiert f\u00fcr sich wenigstens einen Wasserk\u00fcbel. Aber nach kurzer Zeit erscheint ein zweiter Angestellter und ein kleiner Junge und zu dritt schaffen sie es, dass das Wasser wieder \u00fcberall sprudelt. Bravo!<\/td>\n<td valign=\"top\" width=\"402\">\u00a0<img decoding=\"async\" class=\"ngg-singlepic ngg-none\" src=\"http:\/\/adrianwood.ch\/wp-content\/gallery\/zypern19\/image007_r4.jpg\" alt=\"image007_r4\" \/><\/td>\n<\/tr>\n<tr>\n<td valign=\"top\" width=\"419\">\u00a0<img decoding=\"async\" class=\"ngg-singlepic ngg-none\" src=\"http:\/\/adrianwood.ch\/wp-content\/gallery\/zypern19\/image008_r4.jpg\" alt=\"image008_r4\" \/><\/td>\n<td style=\"text-align: justify;\" valign=\"top\" width=\"402\">Das z\u2019Nacht in der Taverne ist super. Als Hauptgericht gibt\u2019s Lamm aus dem zugemauerten Backofen (wobei sich der \u201eB\u00e4cker\u201c scheinbar die Finger verbrannte). Nachher noch Adrians Rede und Margrit\u2019s Songs, dazu ein Glas \u201eCyprus Brandy\u201c das die Stimmung noch mehr steigen l\u00e4sst.Und das war der sch\u00f6ne &#8211; und leider schon vorvorletzte &#8211; Tag in Zypern. Merci vielmoool Adrian.<br \/>\nBert<\/td>\n<\/tr>\n<tr>\n<td colspan=\"2\" valign=\"top\" width=\"821\">\u00a0<img decoding=\"async\" class=\"ngg-singlepic ngg-none\" src=\"http:\/\/adrianwood.ch\/wp-content\/gallery\/zypern19\/image009_r7.jpg\" alt=\"image009_r7\" \/><\/td>\n<\/tr>\n<tr>\n<td colspan=\"2\" valign=\"top\" width=\"821\"><\/td>\n<\/tr>\n<tr>\n<td colspan=\"2\" valign=\"top\" width=\"821\">\u00a0<img decoding=\"async\" class=\"ngg-singlepic ngg-none\" src=\"http:\/\/adrianwood.ch\/wp-content\/gallery\/zypern19\/image010_r7.jpg\" alt=\"image010_r7\" \/><\/td>\n<\/tr>\n<\/tbody>\n<\/table>\n<p>&nbsp;<\/p>\n","protected":false},"excerpt":{"rendered":"<p>Donnerstag, 26.April, Rizokarpaso. von der Nord- zur S\u00fcdk\u00fcste, Andreas-Kloster, Golden Beach P\u00fcnktlich um 5 Uhr weckt mich der Muezzin, aber da wir aber erst um 9 Uhr abfahren wollen, drehe ich mich um und schlafe weiter.Gestern hatte Sabri, unser Nordzypern-F\u00fchrer, gesagt, dass heute Strom und Wasser wegen Reparaturen abgestellt werden &#8211; und wirklich, es hat &hellip; <a href=\"https:\/\/www.adrianwood.ch\/?page_id=2159\" class=\"more-link\">Continue reading <span class=\"screen-reader-text\">04-26 Golden Beach<\/span> <span class=\"meta-nav\">&rarr;<\/span><\/a><\/p>\n","protected":false},"author":1,"featured_media":0,"parent":2038,"menu_order":2429,"comment_status":"closed","ping_status":"closed","template":"","meta":{"ngg_post_thumbnail":0,"footnotes":""},"class_list":["post-2159","page","type-page","status-publish","hentry"],"_links":{"self":[{"href":"https:\/\/www.adrianwood.ch\/index.php?rest_route=\/wp\/v2\/pages\/2159","targetHints":{"allow":["GET"]}}],"collection":[{"href":"https:\/\/www.adrianwood.ch\/index.php?rest_route=\/wp\/v2\/pages"}],"about":[{"href":"https:\/\/www.adrianwood.ch\/index.php?rest_route=\/wp\/v2\/types\/page"}],"author":[{"embeddable":true,"href":"https:\/\/www.adrianwood.ch\/index.php?rest_route=\/wp\/v2\/users\/1"}],"replies":[{"embeddable":true,"href":"https:\/\/www.adrianwood.ch\/index.php?rest_route=%2Fwp%2Fv2%2Fcomments&post=2159"}],"version-history":[{"count":0,"href":"https:\/\/www.adrianwood.ch\/index.php?rest_route=\/wp\/v2\/pages\/2159\/revisions"}],"up":[{"embeddable":true,"href":"https:\/\/www.adrianwood.ch\/index.php?rest_route=\/wp\/v2\/pages\/2038"}],"wp:attachment":[{"href":"https:\/\/www.adrianwood.ch\/index.php?rest_route=%2Fwp%2Fv2%2Fmedia&parent=2159"}],"curies":[{"name":"wp","href":"https:\/\/api.w.org\/{rel}","templated":true}]}}