{"id":2177,"date":"2012-07-20T15:52:49","date_gmt":"2012-07-20T14:52:49","guid":{"rendered":"http:\/\/adrianwood.ch\/?page_id=2177"},"modified":"2020-01-14T12:30:23","modified_gmt":"2020-01-14T12:30:23","slug":"blumen","status":"publish","type":"page","link":"https:\/\/www.adrianwood.ch\/?page_id=2177","title":{"rendered":"Blumen"},"content":{"rendered":"<h2>Die Blumen Zyperns<\/h2>\n<p>von Silvana Dell&#8217;Oca und Eric M\u00fcller<\/p>\n<table width=\"720\" cellspacing=\"0\" cellpadding=\"0\" border=\"0\">\n<tbody>\n<tr>\n<td width=\"271\" valign=\"top\"><img decoding=\"async\" class=\"ngg-singlepic ngg-none\" src=\"http:\/\/adrianwood.ch\/wp-content\/gallery\/zypern22\/image001_r3.jpg\" alt=\"image001_r3\"><\/td>\n<td width=\"271\" valign=\"top\"><img decoding=\"async\" class=\"ngg-singlepic ngg-none\" src=\"http:\/\/adrianwood.ch\/wp-content\/gallery\/zypern22\/image002_r3.jpg\" alt=\"image002_r3\"><\/td>\n<td width=\"271\" valign=\"top\"><img decoding=\"async\" class=\"ngg-singlepic ngg-none\" src=\"http:\/\/adrianwood.ch\/wp-content\/gallery\/zypern22\/image003_r3.jpg\" alt=\"image003_r3\"><\/td>\n<\/tr>\n<tr>\n<td width=\"271\" valign=\"top\">\n<p align=\"center\">Bocksbart<\/p>\n<p align=\"center\">Tragopon sinuatus<\/p>\n<\/td>\n<td width=\"271\" valign=\"top\">\n<p align=\"center\">Sonnenr\u00f6schen<\/p>\n<p align=\"center\">Helianthemum obtusifolium<\/p>\n<\/td>\n<td width=\"271\" valign=\"top\">\n<p align=\"center\">Dreibl\u00e4ttrige Gladiole<\/p>\n<p align=\"center\">Gladiolus triphyllus<\/p>\n<\/td>\n<\/tr>\n<tr>\n<td width=\"271\" valign=\"top\"><img decoding=\"async\" class=\"ngg-singlepic ngg-none\" src=\"http:\/\/adrianwood.ch\/wp-content\/gallery\/zypern22\/image004_r3.jpg\" alt=\"image004_r3\"><\/td>\n<td width=\"271\" valign=\"top\"><img decoding=\"async\" class=\"ngg-singlepic ngg-none\" src=\"http:\/\/adrianwood.ch\/wp-content\/gallery\/zypern22\/image005_r3.jpg\" alt=\"image005_r3\"><\/td>\n<td width=\"271\" valign=\"top\"><img decoding=\"async\" class=\"ngg-singlepic ngg-none\" src=\"http:\/\/adrianwood.ch\/wp-content\/gallery\/zypern22\/image009_r3.jpg\" alt=\"image009_r3\"><\/td>\n<\/tr>\n<tr>\n<td width=\"271\" valign=\"top\">\n<p align=\"center\">Kretische Zistrose<\/p>\n<p align=\"center\">Cistus creticus<\/p>\n<\/td>\n<td width=\"271\" valign=\"top\">\n<p align=\"center\">Salbeibl\u00e4ttrige Zistrose<\/p>\n<p align=\"center\">Cistus salviaefolius<\/p>\n<\/td>\n<td width=\"271\" valign=\"top\">\n<p align=\"center\">Kleinbl\u00fctige Zistrose<\/p>\n<p align=\"center\">Cistus parviflorus<\/p>\n<\/td>\n<\/tr>\n<tr>\n<td width=\"271\" valign=\"top\"><img decoding=\"async\" class=\"ngg-singlepic ngg-none\" src=\"http:\/\/adrianwood.ch\/wp-content\/gallery\/zypern22\/image007_r3.jpg\" alt=\"image007_r3\"><\/td>\n<td width=\"271\" valign=\"top\"><img decoding=\"async\" class=\"ngg-singlepic ngg-none\" src=\"http:\/\/adrianwood.ch\/wp-content\/gallery\/zypern22\/image008_r3.jpg\" alt=\"image008_r3\"><\/td>\n<td width=\"271\" valign=\"top\"><img decoding=\"async\" class=\"ngg-singlepic ngg-none\" src=\"http:\/\/adrianwood.ch\/wp-content\/gallery\/zypern22\/image009_r3.jpg\" alt=\"image009_r3\"><\/td>\n<\/tr>\n<tr>\n<td width=\"271\" valign=\"top\">\n<p align=\"center\">Zistrosenw\u00fcrger<\/p>\n<p align=\"center\">Cytinus hypocistis<\/p>\n<\/td>\n<td width=\"271\" valign=\"top\">\n<p align=\"center\">Asiatischer Hahnenfuss<\/p>\n<p align=\"center\">Ranunculus asiaticus<\/p>\n<\/td>\n<td width=\"271\" valign=\"top\">\n<p align=\"center\">Winde<\/p>\n<p align=\"center\">Convolvulus althaeoides<\/p>\n<\/td>\n<\/tr>\n<tr>\n<td width=\"271\" valign=\"top\"><img decoding=\"async\" class=\"ngg-singlepic ngg-none\" src=\"http:\/\/adrianwood.ch\/wp-content\/gallery\/zypern22\/image010_r3.jpg\" alt=\"image010_r3\"><\/td>\n<td width=\"271\" valign=\"top\"><img decoding=\"async\" class=\"ngg-singlepic ngg-none\" src=\"http:\/\/adrianwood.ch\/wp-content\/gallery\/zypern22\/image011_r3.jpg\" alt=\"image011_r3\"><\/td>\n<td width=\"271\" valign=\"top\"><img decoding=\"async\" class=\"ngg-singlepic ngg-none\" src=\"http:\/\/adrianwood.ch\/wp-content\/gallery\/zypern22\/image012_r3.jpg\" alt=\"image012_r3\"><\/td>\n<\/tr>\n<tr>\n<td width=\"271\" valign=\"top\">\n<p align=\"center\">Gefl\u00fcgelter Strandflieder<\/p>\n<p align=\"center\">Limonium sinuatum<\/p>\n<\/td>\n<td width=\"271\" valign=\"top\">\n<p align=\"center\">Strohblume<\/p>\n<p align=\"center\">Helichrysum conglobatum<\/p>\n<\/td>\n<td width=\"271\" valign=\"top\">\n<p align=\"center\">\u00c4g\u00e4is Flockenblume<\/p>\n<p align=\"center\">Centaurea aegialophila<\/p>\n<\/td>\n<\/tr>\n<tr>\n<td width=\"271\" valign=\"top\"><img decoding=\"async\" class=\"ngg-singlepic ngg-none\" src=\"http:\/\/adrianwood.ch\/wp-content\/gallery\/zypern22\/image013_r3.jpg\" alt=\"image013_r3\"><\/td>\n<td width=\"271\" valign=\"top\"><img decoding=\"async\" class=\"ngg-singlepic ngg-none\" src=\"http:\/\/adrianwood.ch\/wp-content\/gallery\/zypern22\/image014_r3.jpg\" alt=\"image014_r3\"><\/td>\n<td width=\"271\" valign=\"top\"><img decoding=\"async\" class=\"ngg-singlepic ngg-none\" src=\"http:\/\/adrianwood.ch\/wp-content\/gallery\/zypern22\/image015_r3.jpg\" alt=\"image015_r3\"><\/td>\n<\/tr>\n<tr>\n<td width=\"271\" valign=\"top\">\n<p align=\"center\">Spitzorchis \/ Pyramidenorchis<\/p>\n<p align=\"center\">Anacamptis pyramidalis<\/p>\n<\/td>\n<td width=\"271\" valign=\"top\">\n<p align=\"center\">Zungenstendel<\/p>\n<p align=\"center\">Serapias spec.<\/p>\n<\/td>\n<td width=\"271\" valign=\"top\">\n<p align=\"center\">Gelbe Ragwurz<\/p>\n<p align=\"center\">Ophrys sicula \/ Ophrys lutea<\/p>\n<\/td>\n<\/tr>\n<tr>\n<td width=\"271\" valign=\"top\"><img decoding=\"async\" class=\"ngg-singlepic ngg-none\" src=\"http:\/\/adrianwood.ch\/wp-content\/gallery\/zypern22\/image016_r3.jpg\" alt=\"image016_r3\"><\/td>\n<td width=\"271\" valign=\"top\"><img decoding=\"async\" class=\"ngg-singlepic ngg-none\" src=\"http:\/\/adrianwood.ch\/wp-content\/gallery\/zypern22\/image017_r3.jpg\" alt=\"image017_r3\"><\/td>\n<td width=\"271\" valign=\"top\"><img decoding=\"async\" class=\"ngg-singlepic ngg-none\" src=\"http:\/\/adrianwood.ch\/wp-content\/gallery\/zypern22\/image018_r3.jpg\" alt=\"image018_r3\"><\/td>\n<\/tr>\n<tr>\n<td width=\"271\" valign=\"top\">\n<p align=\"center\">Kotschys Ragwurz<\/p>\n<p align=\"center\">Ophrys kotschyi<\/p>\n<\/td>\n<td width=\"271\" valign=\"top\">\n<p align=\"center\">Busen Ragwurz<\/p>\n<p align=\"center\">Ophrys mammosa<\/p>\n<\/td>\n<td width=\"271\" valign=\"top\">\n<p align=\"center\">Violetter Dingel<\/p>\n<p align=\"center\">Limodorum abortivum<\/p>\n<\/td>\n<\/tr>\n<tr>\n<td width=\"271\" valign=\"top\"><img decoding=\"async\" class=\"ngg-singlepic ngg-none\" src=\"http:\/\/adrianwood.ch\/wp-content\/gallery\/zypern22\/image019_r3.jpg\" alt=\"image019_r3\"><\/td>\n<td width=\"271\" valign=\"top\"><img decoding=\"async\" class=\"ngg-singlepic ngg-none\" src=\"http:\/\/adrianwood.ch\/wp-content\/gallery\/zypern22\/image020_r3.jpg\" alt=\"image020_r3\"><\/td>\n<td width=\"271\" valign=\"top\"><img decoding=\"async\" class=\"ngg-singlepic ngg-none\" src=\"http:\/\/adrianwood.ch\/wp-content\/gallery\/zypern22\/image021_r3.jpg\" alt=\"image021_r3\"><\/td>\n<\/tr>\n<tr>\n<td width=\"271\" valign=\"top\">\n<p align=\"center\">Wanzenorchis<\/p>\n<p align=\"center\">Ophrys coriophora<\/p>\n<\/td>\n<td width=\"271\" valign=\"top\">\n<p align=\"center\">Riesenknabenkraut<\/p>\n<p align=\"center\">Barlia robertiana<\/p>\n<\/td>\n<td width=\"271\" valign=\"top\">\n<p align=\"center\">Italienisches Knabenkraut<\/p>\n<p align=\"center\">Orchis italica<\/p>\n<\/td>\n<\/tr>\n<tr>\n<td width=\"271\" valign=\"top\"><img decoding=\"async\" class=\"ngg-singlepic ngg-none\" src=\"http:\/\/adrianwood.ch\/wp-content\/gallery\/zypern22\/image022_r3.jpg\" alt=\"image022_r3\"><\/td>\n<td width=\"271\" valign=\"top\"><img decoding=\"async\" class=\"ngg-singlepic ngg-none\" src=\"http:\/\/adrianwood.ch\/wp-content\/gallery\/zypern22\/image023_r3.jpg\" alt=\"image023_r3\"><\/td>\n<td width=\"271\" valign=\"top\"><img decoding=\"async\" class=\"ngg-singlepic ngg-none\" src=\"http:\/\/adrianwood.ch\/wp-content\/gallery\/zypern22\/image024_r3.jpg\" alt=\"image024_r3\"><\/td>\n<\/tr>\n<tr>\n<td width=\"271\" valign=\"top\">\n<p align=\"center\">Anatolisches Knabenkraut<\/p>\n<p align=\"center\">Orchis anatolica<\/p>\n<\/td>\n<td width=\"271\" valign=\"top\">\n<p align=\"center\">Stechendes Sternauge<\/p>\n<p align=\"center\">Pallenis spinosa<\/p>\n<\/td>\n<td width=\"271\" valign=\"top\">\n<p align=\"center\">Dreifarbige Hundskamille<\/p>\n<p align=\"center\">Anthemis tricolor<\/p>\n<\/td>\n<\/tr>\n<tr>\n<td width=\"271\" valign=\"top\"><img decoding=\"async\" class=\"ngg-singlepic ngg-none\" src=\"http:\/\/adrianwood.ch\/wp-content\/gallery\/zypern22\/image025_r3.jpg\" alt=\"image025_r3\"><\/td>\n<td width=\"271\" valign=\"top\"><img decoding=\"async\" class=\"ngg-singlepic ngg-none\" src=\"http:\/\/adrianwood.ch\/wp-content\/gallery\/zypern22\/image026_r3.jpg\" alt=\"image026_r3\"><\/td>\n<td width=\"271\" valign=\"top\"><img decoding=\"async\" class=\"ngg-singlepic ngg-none\" src=\"http:\/\/adrianwood.ch\/wp-content\/gallery\/zypern22\/image027_r3.jpg\" alt=\"image027_r3\"><\/td>\n<\/tr>\n<tr>\n<td width=\"271\" valign=\"top\">\n<p align=\"center\">Wilde Artischocke<\/p>\n<p align=\"center\">Cynara cardunculus<\/p>\n<\/td>\n<td width=\"271\" valign=\"top\">\n<p align=\"center\">Gelbstern<\/p>\n<p align=\"center\">Gagea juliae<\/p>\n<\/td>\n<td width=\"271\" valign=\"top\">\n<p align=\"center\">Bilsenkraut<\/p>\n<p align=\"center\">Hyoscyamus aureus<\/p>\n<\/td>\n<\/tr>\n<tr>\n<td width=\"271\" valign=\"top\"><img decoding=\"async\" class=\"ngg-singlepic ngg-none\" src=\"http:\/\/adrianwood.ch\/wp-content\/gallery\/zypern22\/image028_r3.jpg\" alt=\"image028_r3\"><\/td>\n<td width=\"271\" valign=\"top\"><img decoding=\"async\" class=\"ngg-singlepic ngg-none\" src=\"http:\/\/adrianwood.ch\/wp-content\/gallery\/zypern22\/image029_r3.jpg\" alt=\"image029_r3\"><\/td>\n<td width=\"271\" valign=\"top\"><img decoding=\"async\" class=\"ngg-singlepic ngg-none\" src=\"http:\/\/adrianwood.ch\/wp-content\/gallery\/zypern22\/image030_r3.jpg\" alt=\"image030_r3\"><\/td>\n<\/tr>\n<tr>\n<td width=\"271\" valign=\"top\">\n<p align=\"center\">Kretische Fagonie<\/p>\n<p align=\"center\">Fagonia cretica<\/p>\n<\/td>\n<td width=\"271\" valign=\"top\">\n<p align=\"center\">Lerchensporn<\/p>\n<p align=\"center\">Corydalis rutifolia<\/p>\n<\/td>\n<td width=\"271\" valign=\"top\">\n<p align=\"center\">Helmkraut<\/p>\n<p align=\"center\">Scutellaria cypria<\/p>\n<\/td>\n<\/tr>\n<tr>\n<td width=\"271\" valign=\"top\"><img decoding=\"async\" class=\"ngg-singlepic ngg-none\" src=\"http:\/\/adrianwood.ch\/wp-content\/gallery\/zypern22\/image031_r3.jpg\" alt=\"image031_r3\"><\/td>\n<td width=\"271\" valign=\"top\"><img decoding=\"async\" class=\"ngg-singlepic ngg-none\" src=\"http:\/\/adrianwood.ch\/wp-content\/gallery\/zypern22\/image032_r3.jpg\" alt=\"image032_r3\"><\/td>\n<td width=\"271\" valign=\"top\"><img decoding=\"async\" class=\"ngg-singlepic ngg-none\" src=\"http:\/\/adrianwood.ch\/wp-content\/gallery\/zypern22\/image033_r3.jpg\" alt=\"image033_r3\"><\/td>\n<\/tr>\n<tr>\n<td width=\"271\" valign=\"top\">\n<p align=\"center\">Grosser Klippenziest<\/p>\n<p align=\"center\">Prasius majum<\/p>\n<\/td>\n<td width=\"271\" valign=\"top\">\n<p align=\"center\">Hauhechel<\/p>\n<p align=\"center\">Ononis pubescens<\/p>\n<\/td>\n<td width=\"271\" valign=\"top\">\n<p align=\"center\">Thymian<\/p>\n<p align=\"center\">Thymus integer<\/p>\n<\/td>\n<\/tr>\n<tr>\n<td width=\"271\" valign=\"top\"><img decoding=\"async\" class=\"ngg-singlepic ngg-none\" src=\"http:\/\/adrianwood.ch\/wp-content\/gallery\/zypern22\/image034_r3.jpg\" alt=\"image034_r3\"><\/td>\n<td width=\"271\" valign=\"top\"><img decoding=\"async\" class=\"ngg-singlepic ngg-none\" src=\"http:\/\/adrianwood.ch\/wp-content\/gallery\/zypern22\/image035_r3.jpg\" alt=\"image035_r3\"><\/td>\n<td width=\"271\" valign=\"top\"><img decoding=\"async\" class=\"ngg-singlepic ngg-none\" src=\"http:\/\/adrianwood.ch\/wp-content\/gallery\/zypern22\/image036_r3.jpg\" alt=\"image036_r3\"><\/td>\n<\/tr>\n<tr>\n<td width=\"271\" valign=\"top\">\n<p align=\"center\">Aronstab<\/p>\n<p align=\"center\">Arum dioscoridis<\/p>\n<\/td>\n<td style=\"text-align: center;\" width=\"271\" valign=\"top\">\n<p align=\"center\">Lanzenbl\u00e4ttriges Hasenohr<\/p>\n<p>Bupleureum lancifolium<\/td>\n<td width=\"271\" valign=\"top\">\n<p align=\"center\">Orientalischer Tragant<\/p>\n<p align=\"center\">Astragalus lusitanicus<\/p>\n<\/td>\n<\/tr>\n<tr>\n<td width=\"271\" valign=\"top\"><img decoding=\"async\" class=\"ngg-singlepic ngg-none\" src=\"http:\/\/adrianwood.ch\/wp-content\/gallery\/zypern22\/image037_r3.jpg\" alt=\"image037_r3\"><\/td>\n<td width=\"271\" valign=\"top\"><img decoding=\"async\" class=\"ngg-singlepic ngg-none\" src=\"http:\/\/adrianwood.ch\/wp-content\/gallery\/zypern22\/image038_r3.jpg\" alt=\"image038_r3\"><\/td>\n<td width=\"271\" valign=\"top\"><img decoding=\"async\" class=\"ngg-singlepic ngg-none\" src=\"http:\/\/adrianwood.ch\/wp-content\/gallery\/zypern22\/image039_r3.jpg\" alt=\"image039_r3\"><\/td>\n<\/tr>\n<tr>\n<td width=\"271\" valign=\"top\">\n<p align=\"center\">Mimose<\/p>\n<p align=\"center\">Acacia spec.<\/p>\n<\/td>\n<td width=\"271\" valign=\"top\">\n<p align=\"center\">Purpur G\u00e4nsekresse<\/p>\n<p align=\"center\">Arabis purpurea<\/p>\n<\/td>\n<td width=\"271\" valign=\"top\">\n<p align=\"center\">St.Hilarion Kohl<\/p>\n<p align=\"center\">Brassica hilarionis<\/p>\n<\/td>\n<\/tr>\n<tr>\n<td width=\"271\" valign=\"top\"><img decoding=\"async\" class=\"ngg-singlepic ngg-none\" src=\"http:\/\/adrianwood.ch\/wp-content\/gallery\/zypern22\/image040_r3.jpg\" alt=\"image040_r3\"><\/td>\n<td width=\"271\" valign=\"top\"><img decoding=\"async\" class=\"ngg-singlepic ngg-none\" src=\"http:\/\/adrianwood.ch\/wp-content\/gallery\/zypern22\/image041_r3.jpg\" alt=\"image041_r3\"><\/td>\n<td width=\"271\" valign=\"top\"><img decoding=\"async\" class=\"ngg-singlepic ngg-none\" src=\"http:\/\/adrianwood.ch\/wp-content\/gallery\/zypern22\/image042_r3.jpg\" alt=\"image042_r3\"><\/td>\n<\/tr>\n<tr>\n<td width=\"271\" valign=\"top\">\n<p align=\"center\">Grapefruit<\/p>\n<p align=\"center\">Citrus malaurantium<\/p>\n<\/td>\n<td width=\"271\" valign=\"top\">\n<p align=\"center\">Alpenveilchen<\/p>\n<p align=\"center\">Cyclamen spec.<\/p>\n<\/td>\n<td width=\"271\" valign=\"top\">\n<p align=\"center\">Dreibl\u00e4ttrige Hyazinthe<\/p>\n<p align=\"center\">Bellevalia trifoliata<\/p>\n<\/td>\n<\/tr>\n<tr>\n<td width=\"271\" valign=\"top\"><img decoding=\"async\" class=\"ngg-singlepic ngg-none\" src=\"http:\/\/adrianwood.ch\/wp-content\/gallery\/zypern22\/image043_r3.jpg\" alt=\"image043_r3\"><\/td>\n<td width=\"271\" valign=\"top\"><img decoding=\"async\" class=\"ngg-singlepic ngg-none\" src=\"http:\/\/adrianwood.ch\/wp-content\/gallery\/zypern22\/image044_r3.jpg\" alt=\"image044_r3\"><\/td>\n<td width=\"271\" valign=\"top\"><img decoding=\"async\" class=\"ngg-singlepic ngg-none\" src=\"http:\/\/adrianwood.ch\/wp-content\/gallery\/zypern22\/image045_r3.jpg\" alt=\"image045_r3\"><\/td>\n<\/tr>\n<tr>\n<td width=\"271\" valign=\"top\">\n<p align=\"center\">Lotwurz<\/p>\n<p align=\"center\">Onosma fruticosum<\/p>\n<\/td>\n<td width=\"271\" valign=\"top\">\n<p align=\"center\">Skabiose<\/p>\n<p align=\"center\">Scabiosa prolifera<\/p>\n<\/td>\n<td width=\"271\" valign=\"top\">\n<p align=\"center\">Italienischer Baldrian<\/p>\n<p align=\"center\">Valeriana italica<\/p>\n<\/td>\n<\/tr>\n<tr>\n<td width=\"271\" valign=\"top\"><img decoding=\"async\" class=\"ngg-singlepic ngg-none\" src=\"http:\/\/adrianwood.ch\/wp-content\/gallery\/zypern22\/image046_r3.jpg\" alt=\"image046_r3\"><\/td>\n<td width=\"271\" valign=\"top\"><img decoding=\"async\" class=\"ngg-singlepic ngg-none\" src=\"http:\/\/adrianwood.ch\/wp-content\/gallery\/zypern22\/image047_r3.jpg\" alt=\"image047_r3\"><\/td>\n<td width=\"271\" valign=\"top\"><img decoding=\"async\" class=\"ngg-singlepic ngg-none\" src=\"http:\/\/adrianwood.ch\/wp-content\/gallery\/zypern22\/image048_r3.jpg\" alt=\"image048_r3\"><\/td>\n<\/tr>\n<tr>\n<td width=\"271\" valign=\"top\">\n<p align=\"center\">Styraxbaum<\/p>\n<p align=\"center\">Styrax officinalis<\/p>\n<\/td>\n<td width=\"271\" valign=\"top\">\n<p align=\"center\">Glasschuppige Flockenblume<\/p>\n<p align=\"center\">Centaurea hyalolepis<\/p>\n<\/td>\n<td width=\"271\" valign=\"top\">\n<p align=\"center\">Schmalbl\u00e4ttriger Natternkopf<\/p>\n<p align=\"center\">Echium angustifolium<\/p>\n<\/td>\n<\/tr>\n<\/tbody>\n<\/table>\n","protected":false},"excerpt":{"rendered":"<p>Die Blumen Zyperns von Silvana Dell&#8217;Oca und Eric M\u00fcller Bocksbart Tragopon sinuatus Sonnenr\u00f6schen Helianthemum obtusifolium Dreibl\u00e4ttrige Gladiole Gladiolus triphyllus Kretische Zistrose Cistus creticus Salbeibl\u00e4ttrige Zistrose Cistus salviaefolius Kleinbl\u00fctige Zistrose Cistus parviflorus Zistrosenw\u00fcrger Cytinus hypocistis Asiatischer Hahnenfuss Ranunculus asiaticus Winde Convolvulus althaeoides Gefl\u00fcgelter Strandflieder Limonium sinuatum Strohblume Helichrysum conglobatum \u00c4g\u00e4is Flockenblume Centaurea aegialophila Spitzorchis \/ Pyramidenorchis &hellip; <a href=\"https:\/\/www.adrianwood.ch\/?page_id=2177\" class=\"more-link\">Continue reading <span class=\"screen-reader-text\">Blumen<\/span> <span class=\"meta-nav\">&rarr;<\/span><\/a><\/p>\n","protected":false},"author":1,"featured_media":0,"parent":2038,"menu_order":2432,"comment_status":"closed","ping_status":"closed","template":"","meta":{"ngg_post_thumbnail":0,"footnotes":""},"class_list":["post-2177","page","type-page","status-publish","hentry"],"_links":{"self":[{"href":"https:\/\/www.adrianwood.ch\/index.php?rest_route=\/wp\/v2\/pages\/2177","targetHints":{"allow":["GET"]}}],"collection":[{"href":"https:\/\/www.adrianwood.ch\/index.php?rest_route=\/wp\/v2\/pages"}],"about":[{"href":"https:\/\/www.adrianwood.ch\/index.php?rest_route=\/wp\/v2\/types\/page"}],"author":[{"embeddable":true,"href":"https:\/\/www.adrianwood.ch\/index.php?rest_route=\/wp\/v2\/users\/1"}],"replies":[{"embeddable":true,"href":"https:\/\/www.adrianwood.ch\/index.php?rest_route=%2Fwp%2Fv2%2Fcomments&post=2177"}],"version-history":[{"count":2,"href":"https:\/\/www.adrianwood.ch\/index.php?rest_route=\/wp\/v2\/pages\/2177\/revisions"}],"predecessor-version":[{"id":21560,"href":"https:\/\/www.adrianwood.ch\/index.php?rest_route=\/wp\/v2\/pages\/2177\/revisions\/21560"}],"up":[{"embeddable":true,"href":"https:\/\/www.adrianwood.ch\/index.php?rest_route=\/wp\/v2\/pages\/2038"}],"wp:attachment":[{"href":"https:\/\/www.adrianwood.ch\/index.php?rest_route=%2Fwp%2Fv2%2Fmedia&parent=2177"}],"curies":[{"name":"wp","href":"https:\/\/api.w.org\/{rel}","templated":true}]}}