{"id":21952,"date":"2020-10-15T11:28:22","date_gmt":"2020-10-15T11:28:22","guid":{"rendered":"https:\/\/www.adrianwood.ch\/?page_id=21952"},"modified":"2020-10-30T11:11:01","modified_gmt":"2020-10-30T11:11:01","slug":"07-30-capanna-buffalora","status":"publish","type":"page","link":"https:\/\/www.adrianwood.ch\/?page_id=21952","title":{"rendered":"07-30 Landarenca"},"content":{"rendered":"<div class=\"pmdi_content_wrapper\">\n<h3><span style=\"font-family: Times New Roman;\">2. Tag<\/span><span style=\"font-family: Times New Roman;\">, <\/span><span style=\"font-family: Times New Roman;\">Capanna<\/span><span style=\"font-family: Times New Roman;\"> Cava \u2013 <\/span><span style=\"font-family: Times New Roman;\">Landarenca<\/span><\/h3>\n<p class=\"BodyText-P\"><span class=\"BodyText-H\">Dieser Tag stand \u2013 r\u00fcckblickend \u2013 unter dem Motto \u201eGer\u00f6ll, Schutt und Kultur\u201c, was sich ja oft nicht ausschliesst! Zu unserer Freude fanden wir unsere gewaschene, und beim offenen Kamin in der H\u00fctte aufgeh\u00e4ngte W\u00e4sche trocken vor \u2013 denn in der Nacht hatte es geregnet, und ein wundersch\u00f6ner, milder, wolkenloser Tag erwartete uns. Kaum zu glauben, aber vor 150 Jahren wurde gegen\u00fcber der H\u00fctte unterhalb der Torronegruppe auf 2400 m das Eis eines Gletschers abgebaut und ins Tal transportiert.<\/span><\/p>\n<table class=\"TableGrid-T\" cellspacing=\"0\">\n<tbody>\n<tr class=\"-R\">\n<td class=\"-C\" colspan=\"2\"><\/td>\n<\/tr>\n<tr class=\"-R\">\n<td class=\"-C\">\n<p class=\"BodyText-P\"><span class=\"BodyText-H\"><img loading=\"lazy\" decoding=\"async\" class=\"\" src=\"https:\/\/www.adrianwood.ch\/wp-content\/uploads\/2020\/10\/1602761023_image1.jpeg\" data-link=\"\" width=\"353\" height=\"235\"><\/span><\/p>\n<\/td>\n<td class=\"-C\">\n<p class=\"BodyText-P\"><span class=\"BodyText-H\"><img loading=\"lazy\" decoding=\"async\" class=\"\" src=\"https:\/\/www.adrianwood.ch\/wp-content\/uploads\/2020\/10\/1602761023_image2.jpeg\" data-link=\"\" width=\"314\" height=\"235\"><\/span><\/p>\n<\/td>\n<\/tr>\n<tr class=\"-R\">\n<td class=\"-C\" colspan=\"2\">\n<p class=\"BodyText-P\"><span class=\"BodyText-H\">Nach dem ausgiebigen H\u00fcttenfr\u00fchst\u00fcck starteten wir exakt um 08.30 Uhr, und wie der Blitz w\u00e4ren wir auf dem Passo del Mauro auf 2503 m gewesen, h\u00e4tte uns nicht ein wundersch\u00f6nes Bergseelein, einer der 3 Laghetti di Cava, den Weg verstellt und ein ausgiebiges Photoshooting provoziert. Und dennoch hatten wir bereits nach 70 min den \u00fcber Schutt- und Ger\u00f6llhalden f\u00fchrenden Aufstieg von 440 m zum Passo hinter uns, und genehmigten uns deshalb eine 1. Rast. Ein Murmeli raste in sicherer Entfernung vor uns vorbei, und f\u00fcr die meisten von uns war das die einzige Begegnung mit einem Wildtier auf dieser Tour.<\/span><\/p>\n<\/td>\n<\/tr>\n<tr class=\"-R\">\n<td class=\"-C\">\n<p class=\"BodyText-P\"><span class=\"BodyText-H\"><img loading=\"lazy\" decoding=\"async\" class=\"\" src=\"https:\/\/www.adrianwood.ch\/wp-content\/uploads\/2020\/10\/1602761023_image3.jpeg\" data-link=\"\" width=\"312\" height=\"234\"><\/span><\/p>\n<\/td>\n<td class=\"-C\">\n<p class=\"BodyText-P\"><span class=\"BodyText-H\"><img loading=\"lazy\" decoding=\"async\" class=\"\" src=\"https:\/\/www.adrianwood.ch\/wp-content\/uploads\/2020\/10\/1602761023_image4.jpeg\" data-link=\"\" width=\"351\" height=\"232\"><\/span><\/p>\n<\/td>\n<\/tr>\n<tr class=\"-R\">\n<td class=\"-C\">\n<p class=\"BodyText-P\"><span class=\"BodyText-H\"><img loading=\"lazy\" decoding=\"async\" class=\"\" src=\"https:\/\/www.adrianwood.ch\/wp-content\/uploads\/2020\/10\/1602761023_image5.jpeg\" data-link=\"\" width=\"350\" height=\"232\"><\/span><\/p>\n<\/td>\n<td class=\"-C\">\n<p class=\"BodyText-P\"><span class=\"BodyText-H\"><img loading=\"lazy\" decoding=\"async\" class=\"\" src=\"https:\/\/www.adrianwood.ch\/wp-content\/uploads\/2020\/10\/1602761023_image6.jpeg\" data-link=\"\" width=\"314\" height=\"235\"><\/span><\/p>\n<\/td>\n<\/tr>\n<tr class=\"-R\">\n<td class=\"-C\" colspan=\"2\">\n<p class=\"BodyText-P\"><span class=\"BodyText-H\">Anschliessend mussten die Bremsen fest angezogen werden, denn steil geht&#8217;s hinunter zur Alpe d&#8217;\u00d6rz auf 2087 m. Bei der dort eingelegten Trinkpause mussten sich Hanspeter und Vreni vor neugierigen Schafen in Sicherheit bringen, aber auch 100 Schafe konnten das Aufbrechen der Karawane nicht verhindern, und so waren wir nach kurzer Rast wieder im steilen Aufstieg zur Bocchetta di Pianca Geneura (2366 m) unterwegs. Genau zur Mittagszeit gelangten wir auf diesem 2. Pass\u00fcbergang an, und alsbald war der \u201eMittagstisch bereitet\u201c und viele machten es sich zwischenden Felsen gem\u00fctlich, als l\u00e4gen sie am weichen Sandstrand! Nun lagen noch 1100 m Abstieg nach Landarenca vor uns, und der erste Teil hatte es in sich. Steil geht&#8217;s zuerst durch ein Couloir auf zum Teil rutschigen Ger\u00f6llschutt hinunter (wobei unbemerkt die Kantonsgrenze TI \u2013 GR \u00fcberschritten wird), aber wir nahmen uns Zeit, st\u00e4rkten uns an (und aus) einem Gebirgsbach, und gelangten \u00fcber Pi\u00f6v di Fuori (1853 m) um 17.30 Uhr nach Landarenca. <\/span><\/p>\n<\/td>\n<\/tr>\n<tr class=\"-R\">\n<td class=\"-C\">\n<p class=\"BodyText-P\"><span class=\"BodyText-H\"><img loading=\"lazy\" decoding=\"async\" class=\"\" src=\"https:\/\/www.adrianwood.ch\/wp-content\/uploads\/2020\/10\/1602761023_image7.jpeg\" data-link=\"\" width=\"350\" height=\"232\"><\/span><\/p>\n<\/td>\n<td class=\"-C\">\n<p class=\"BodyText-P\"><span class=\"BodyText-H\"><img loading=\"lazy\" decoding=\"async\" class=\"\" src=\"https:\/\/www.adrianwood.ch\/wp-content\/uploads\/2020\/10\/1602761023_image8.jpeg\" data-link=\"\" width=\"312\" height=\"234\"><\/span><\/p>\n<\/td>\n<\/tr>\n<tr class=\"-R\">\n<td class=\"-C\" colspan=\"2\">\n<p class=\"BodyText-P\"><span class=\"BodyText-H\">Und nun begann der Kulturteil (der hier nat\u00fcrlich nicht im Detail wiedergegeben wird!) und der zw\u00f6lfte von 12 st\u00e4ndigen Bewohnern dieses strassenlosen B\u00fcndner Dorfes, Rodolfo Keller, bewirtete uns in seinem kleinen Restaurant nicht nur mit lokalen und Fleisch- K\u00e4sespezialit\u00e4ten (Ossobucco), sondern offerierte uns auch eine kundige F\u00fchrung durch \u00fcber 500 Jahre Geschichte des Tals und der Ortschaft im speziellen! Dabei bemerkten wir gar nicht, wie sich ein m\u00e4chtiges Berggewitter zusammenbraute, und die meisten auf dem kurzen R\u00fcckweg zum Lager in der alten Schule geduscht wurden.<\/span><\/p>\n<\/td>\n<\/tr>\n<\/tbody>\n<\/table>\n<figure id=\"attachment_21971\" aria-describedby=\"caption-attachment-21971\" style=\"width: 1023px\" class=\"wp-caption alignleft\"><a href=\"https:\/\/www.adrianwood.ch\/wp-content\/uploads\/2020\/10\/2006-07-30-TrackAuswertung.jpg\"><img loading=\"lazy\" decoding=\"async\" class=\"size-full wp-image-21971\" src=\"https:\/\/www.adrianwood.ch\/wp-content\/uploads\/2020\/10\/2006-07-30-TrackAuswertung.jpg\" alt=\"\" width=\"1023\" height=\"689\" srcset=\"https:\/\/www.adrianwood.ch\/wp-content\/uploads\/2020\/10\/2006-07-30-TrackAuswertung.jpg 1023w, https:\/\/www.adrianwood.ch\/wp-content\/uploads\/2020\/10\/2006-07-30-TrackAuswertung-300x202.jpg 300w, https:\/\/www.adrianwood.ch\/wp-content\/uploads\/2020\/10\/2006-07-30-TrackAuswertung-768x517.jpg 768w\" sizes=\"auto, (max-width: 1023px) 100vw, 1023px\" \/><\/a><figcaption id=\"caption-attachment-21971\" class=\"wp-caption-text\">Capana Cava &#8211; Landarenca<\/figcaption><\/figure>\n<p class=\"BodyText-P\" style=\"margin-bottom: 0pt; text-align: justify; text-justify: inter-ideograph; direction: ltr; unicode-bidi: normal;\">\n<\/div>\n","protected":false},"excerpt":{"rendered":"<p>2. Tag, Capanna Cava \u2013 Landarenca Dieser Tag stand \u2013 r\u00fcckblickend \u2013 unter dem Motto \u201eGer\u00f6ll, Schutt und Kultur\u201c, was sich ja oft nicht ausschliesst! Zu unserer Freude fanden wir unsere gewaschene, und beim offenen Kamin in der H\u00fctte aufgeh\u00e4ngte W\u00e4sche trocken vor \u2013 denn in der Nacht hatte es geregnet, und ein wundersch\u00f6ner, milder, &hellip; <a href=\"https:\/\/www.adrianwood.ch\/?page_id=21952\" class=\"more-link\">Continue reading <span class=\"screen-reader-text\">07-30 Landarenca<\/span> <span class=\"meta-nav\">&rarr;<\/span><\/a><\/p>\n","protected":false},"author":1,"featured_media":0,"parent":21883,"menu_order":1723,"comment_status":"closed","ping_status":"closed","template":"","meta":{"ngg_post_thumbnail":0,"footnotes":""},"class_list":["post-21952","page","type-page","status-publish","hentry"],"_links":{"self":[{"href":"https:\/\/www.adrianwood.ch\/index.php?rest_route=\/wp\/v2\/pages\/21952","targetHints":{"allow":["GET"]}}],"collection":[{"href":"https:\/\/www.adrianwood.ch\/index.php?rest_route=\/wp\/v2\/pages"}],"about":[{"href":"https:\/\/www.adrianwood.ch\/index.php?rest_route=\/wp\/v2\/types\/page"}],"author":[{"embeddable":true,"href":"https:\/\/www.adrianwood.ch\/index.php?rest_route=\/wp\/v2\/users\/1"}],"replies":[{"embeddable":true,"href":"https:\/\/www.adrianwood.ch\/index.php?rest_route=%2Fwp%2Fv2%2Fcomments&post=21952"}],"version-history":[{"count":12,"href":"https:\/\/www.adrianwood.ch\/index.php?rest_route=\/wp\/v2\/pages\/21952\/revisions"}],"predecessor-version":[{"id":22259,"href":"https:\/\/www.adrianwood.ch\/index.php?rest_route=\/wp\/v2\/pages\/21952\/revisions\/22259"}],"up":[{"embeddable":true,"href":"https:\/\/www.adrianwood.ch\/index.php?rest_route=\/wp\/v2\/pages\/21883"}],"wp:attachment":[{"href":"https:\/\/www.adrianwood.ch\/index.php?rest_route=%2Fwp%2Fv2%2Fmedia&parent=21952"}],"curies":[{"name":"wp","href":"https:\/\/api.w.org\/{rel}","templated":true}]}}

<div class="pmdi_content_wrapper">
<h3><span style="font-family: Times New Roman;">2. Tag</span><span style="font-family: Times New Roman;">, </span><span style="font-family: Times New Roman;">Capanna</span><span style="font-family: Times New Roman;"> Cava – </span><span style="font-family: Times New Roman;">Landarenca</span></h3>
<p class="BodyText-P"><span class="BodyText-H">Dieser Tag stand – rückblickend – unter dem Motto „Geröll, Schutt und Kultur“, was sich ja oft nicht ausschliesst! Zu unserer Freude fanden wir unsere gewaschene, und beim offenen Kamin in der Hütte aufgehängte Wäsche trocken vor – denn in der Nacht hatte es geregnet, und ein wunderschöner, milder, wolkenloser Tag erwartete uns. Kaum zu glauben, aber vor 150 Jahren wurde gegenüber der Hütte unterhalb der Torronegruppe auf 2400 m das Eis eines Gletschers abgebaut und ins Tal transportiert.</span></p>
<table class="TableGrid-T" cellspacing="0">
<tbody>
<tr class="-R">
<td class="-C" colspan="2"></td>
</tr>
<tr class="-R">
<td class="-C">
<p class="BodyText-P"><span class="BodyText-H"><img loading="lazy" decoding="async" class="" src="https://www.adrianwood.ch/wp-content/uploads/2020/10/1602761023_image1.jpeg" data-link="" width="353" height="235"></span></p>
</td>
<td class="-C">
<p class="BodyText-P"><span class="BodyText-H"><img loading="lazy" decoding="async" class="" src="https://www.adrianwood.ch/wp-content/uploads/2020/10/1602761023_image2.jpeg" data-link="" width="314" height="235"></span></p>
</td>
</tr>
<tr class="-R">
<td class="-C" colspan="2">
<p class="BodyText-P"><span class="BodyText-H">Nach dem ausgiebigen Hüttenfrühstück starteten wir exakt um 08.30 Uhr, und wie der Blitz wären wir auf dem Passo del Mauro auf 2503 m gewesen, hätte uns nicht ein wunderschönes Bergseelein, einer der 3 Laghetti di Cava, den Weg verstellt und ein ausgiebiges Photoshooting provoziert. Und dennoch hatten wir bereits nach 70 min den über Schutt- und Geröllhalden führenden Aufstieg von 440 m zum Passo hinter uns, und genehmigten uns deshalb eine 1. Rast. Ein Murmeli raste in sicherer Entfernung vor uns vorbei, und für die meisten von uns war das die einzige Begegnung mit einem Wildtier auf dieser Tour.</span></p>
</td>
</tr>
<tr class="-R">
<td class="-C">
<p class="BodyText-P"><span class="BodyText-H"><img loading="lazy" decoding="async" class="" src="https://www.adrianwood.ch/wp-content/uploads/2020/10/1602761023_image3.jpeg" data-link="" width="312" height="234"></span></p>
</td>
<td class="-C">
<p class="BodyText-P"><span class="BodyText-H"><img loading="lazy" decoding="async" class="" src="https://www.adrianwood.ch/wp-content/uploads/2020/10/1602761023_image4.jpeg" data-link="" width="351" height="232"></span></p>
</td>
</tr>
<tr class="-R">
<td class="-C">
<p class="BodyText-P"><span class="BodyText-H"><img loading="lazy" decoding="async" class="" src="https://www.adrianwood.ch/wp-content/uploads/2020/10/1602761023_image5.jpeg" data-link="" width="350" height="232"></span></p>
</td>
<td class="-C">
<p class="BodyText-P"><span class="BodyText-H"><img loading="lazy" decoding="async" class="" src="https://www.adrianwood.ch/wp-content/uploads/2020/10/1602761023_image6.jpeg" data-link="" width="314" height="235"></span></p>
</td>
</tr>
<tr class="-R">
<td class="-C" colspan="2">
<p class="BodyText-P"><span class="BodyText-H">Anschliessend mussten die Bremsen fest angezogen werden, denn steil geht&#8217;s hinunter zur Alpe d&#8217;Örz auf 2087 m. Bei der dort eingelegten Trinkpause mussten sich Hanspeter und Vreni vor neugierigen Schafen in Sicherheit bringen, aber auch 100 Schafe konnten das Aufbrechen der Karawane nicht verhindern, und so waren wir nach kurzer Rast wieder im steilen Aufstieg zur Bocchetta di Pianca Geneura (2366 m) unterwegs. Genau zur Mittagszeit gelangten wir auf diesem 2. Passübergang an, und alsbald war der „Mittagstisch bereitet“ und viele machten es sich zwischenden Felsen gemütlich, als lägen sie am weichen Sandstrand! Nun lagen noch 1100 m Abstieg nach Landarenca vor uns, und der erste Teil hatte es in sich. Steil geht&#8217;s zuerst durch ein Couloir auf zum Teil rutschigen Geröllschutt hinunter (wobei unbemerkt die Kantonsgrenze TI – GR überschritten wird), aber wir nahmen uns Zeit, stärkten uns an (und aus) einem Gebirgsbach, und gelangten über Piöv di Fuori (1853 m) um 17.30 Uhr nach Landarenca. </span></p>
</td>
</tr>
<tr class="-R">
<td class="-C">
<p class="BodyText-P"><span class="BodyText-H"><img loading="lazy" decoding="async" class="" src="https://www.adrianwood.ch/wp-content/uploads/2020/10/1602761023_image7.jpeg" data-link="" width="350" height="232"></span></p>
</td>
<td class="-C">
<p class="BodyText-P"><span class="BodyText-H"><img loading="lazy" decoding="async" class="" src="https://www.adrianwood.ch/wp-content/uploads/2020/10/1602761023_image8.jpeg" data-link="" width="312" height="234"></span></p>
</td>
</tr>
<tr class="-R">
<td class="-C" colspan="2">
<p class="BodyText-P"><span class="BodyText-H">Und nun begann der Kulturteil (der hier natürlich nicht im Detail wiedergegeben wird!) und der zwölfte von 12 ständigen Bewohnern dieses strassenlosen Bündner Dorfes, Rodolfo Keller, bewirtete uns in seinem kleinen Restaurant nicht nur mit lokalen und Fleisch- Käsespezialitäten (Ossobucco), sondern offerierte uns auch eine kundige Führung durch über 500 Jahre Geschichte des Tals und der Ortschaft im speziellen! Dabei bemerkten wir gar nicht, wie sich ein mächtiges Berggewitter zusammenbraute, und die meisten auf dem kurzen Rückweg zum Lager in der alten Schule geduscht wurden.</span></p>
</td>
</tr>
</tbody>
</table>
<figure id="attachment_21971" aria-describedby="caption-attachment-21971" style="width: 1023px" class="wp-caption alignleft"><a href="https://www.adrianwood.ch/wp-content/uploads/2020/10/2006-07-30-TrackAuswertung.jpg"><img loading="lazy" decoding="async" class="size-full wp-image-21971" src="https://www.adrianwood.ch/wp-content/uploads/2020/10/2006-07-30-TrackAuswertung.jpg" alt="" width="1023" height="689" srcset="https://www.adrianwood.ch/wp-content/uploads/2020/10/2006-07-30-TrackAuswertung.jpg 1023w, https://www.adrianwood.ch/wp-content/uploads/2020/10/2006-07-30-TrackAuswertung-300x202.jpg 300w, https://www.adrianwood.ch/wp-content/uploads/2020/10/2006-07-30-TrackAuswertung-768x517.jpg 768w" sizes="auto, (max-width: 1023px) 100vw, 1023px" /></a><figcaption id="caption-attachment-21971" class="wp-caption-text">Capana Cava &#8211; Landarenca</figcaption></figure>
<p class="BodyText-P" style="margin-bottom: 0pt; text-align: justify; text-justify: inter-ideograph; direction: ltr; unicode-bidi: normal;">
</div>

<p>2. Tag, Capanna Cava – Landarenca Dieser Tag stand – rückblickend – unter dem Motto „Geröll, Schutt und Kultur“, was sich ja oft nicht ausschliesst! Zu unserer Freude fanden wir unsere gewaschene, und beim offenen Kamin in der Hütte aufgehängte Wäsche trocken vor – denn in der Nacht hatte es geregnet, und ein wunderschöner, milder, &hellip; <a href="https://www.adrianwood.ch/?page_id=21952" class="more-link">Continue reading <span class="screen-reader-text">07-30 Landarenca</span> <span class="meta-nav">&rarr;</span></a></p>
