{"id":21975,"date":"2020-10-15T12:11:59","date_gmt":"2020-10-15T12:11:59","guid":{"rendered":"https:\/\/www.adrianwood.ch\/?page_id=21975"},"modified":"2020-10-15T13:33:20","modified_gmt":"2020-10-15T13:33:20","slug":"07-31-landarenca-c-buffalora","status":"publish","type":"page","link":"https:\/\/www.adrianwood.ch\/?page_id=21975","title":{"rendered":"07-31 C.Buffalora"},"content":{"rendered":"<div class=\"pmdi_content_wrapper\">\n<h3><span style=\"font-family: Times New Roman;\">3. Tag <\/span><span style=\"font-family: Times New Roman;\">Landarenca<\/span><span style=\"font-family: Times New Roman;\"> \u2013 <\/span><span style=\"font-family: Times New Roman;\">Capanna <\/span><span style=\"font-family: Times New Roman;\">Buffalora<\/span><\/h3>\n<table class=\"TableGrid-T\" cellspacing=\"0\">\n<tbody>\n<tr class=\"-R\">\n<td class=\"-C\"><span class=\"BodyText-H\"><img loading=\"lazy\" decoding=\"async\" class=\"\" src=\"https:\/\/www.adrianwood.ch\/wp-content\/uploads\/2020\/10\/1602763721_image1.jpeg\" data-link=\"\" width=\"311\" height=\"233\"><\/span><\/td>\n<td class=\"-C\">\n<p class=\"BodyText-P\"><span class=\"BodyText-H\"><img loading=\"lazy\" decoding=\"async\" class=\"\" src=\"https:\/\/www.adrianwood.ch\/wp-content\/uploads\/2020\/10\/1602763721_image2.jpeg\" data-link=\"\" width=\"311\" height=\"233\"><\/span><\/p>\n<\/td>\n<\/tr>\n<tr class=\"-R\">\n<td class=\"-C\" colspan=\"2\">\n<p class=\"BodyText-P\"><span class=\"BodyText-H\">Wunderbarer Morgen: nur wenige Wolken am Himmel und heute hat Adrian \u201eRuhetag\u201c angesagt! D. h. Fr\u00fchst\u00fcck um 8 Uhr und Aufbruch um 9 Uhr. Mit der Seilbahn nach Selma und von dort mit dem Postbus nach Rossa war aber zuviel des Faulenzens und so beschlossen die Meisten, v\u00f6llig freiwillig nat\u00fcrlich, die knapp 300 m nach Selma hinunterzulaufen, und die verbleibenden 7 km nach Rossa auf dem idyllischen Talweg zur\u00fcckzulegen.<\/span><\/p>\n<\/td>\n<\/tr>\n<tr class=\"-R\">\n<td class=\"-C\">\n<p class=\"BodyText-P\"><span class=\"BodyText-H\"><img loading=\"lazy\" decoding=\"async\" class=\"\" src=\"https:\/\/www.adrianwood.ch\/wp-content\/uploads\/2020\/10\/1602763721_image3.jpeg\" data-link=\"\" width=\"311\" height=\"233\"><\/span><\/p>\n<\/td>\n<td class=\"-C\">\n<p class=\"BodyText-P\"><span class=\"BodyText-H\"><img loading=\"lazy\" decoding=\"async\" class=\"\" src=\"https:\/\/www.adrianwood.ch\/wp-content\/uploads\/2020\/10\/1602763721_image4.jpeg\" data-link=\"\" width=\"350\" height=\"232\"><\/span><\/p>\n<\/td>\n<\/tr>\n<tr class=\"-R\">\n<td class=\"-C\" colspan=\"2\">\n<p class=\"BodyText-P\"><span class=\"BodyText-H\">Obwohl Adrian in der Landarencasca eine Badebucht entdeckte, traf auch er p\u00fcnktlich in Rossa im Ristorante Alpino ein, als kurz nach 12 Uhr die Spaghetti serviert wurden. Derart gest\u00e4rkt waren die vor uns liegenden 1000 m Aufstieg zur Capanna Buffalora \u201eGenuss pur\u201c.<\/span><\/p>\n<\/td>\n<\/tr>\n<tr class=\"-R\">\n<td class=\"-C\">\n<p class=\"BodyText-P\"><span class=\"BodyText-H\"><img loading=\"lazy\" decoding=\"async\" class=\"\" src=\"https:\/\/www.adrianwood.ch\/wp-content\/uploads\/2020\/10\/1602763721_image5.jpeg\" data-link=\"\" width=\"311\" height=\"233\"><\/span><\/p>\n<\/td>\n<td class=\"-C\">\n<p class=\"BodyText-P\"><span class=\"BodyText-H\"><img loading=\"lazy\" decoding=\"async\" class=\"\" src=\"https:\/\/www.adrianwood.ch\/wp-content\/uploads\/2020\/10\/1602763721_image6.jpeg\" data-link=\"\" width=\"311\" height=\"233\"><\/span><\/p>\n<\/td>\n<\/tr>\n<tr class=\"-R\">\n<td class=\"-C\">\n<p class=\"BodyText-P\"><span class=\"BodyText-H\"><img loading=\"lazy\" decoding=\"async\" class=\"\" src=\"https:\/\/www.adrianwood.ch\/wp-content\/uploads\/2020\/10\/1602763721_image7.jpeg\" data-link=\"\" width=\"311\" height=\"233\"><\/span><\/p>\n<\/td>\n<td class=\"-C\">\n<p class=\"BodyText-P\"><span class=\"BodyText-H\"><img loading=\"lazy\" decoding=\"async\" class=\"\" src=\"https:\/\/www.adrianwood.ch\/wp-content\/uploads\/2020\/10\/1602763721_image8.jpeg\" data-link=\"\" width=\"311\" height=\"233\"><\/span><\/p>\n<\/td>\n<\/tr>\n<tr class=\"-R\">\n<td class=\"-C\" colspan=\"2\">\n<p class=\"BodyText-P\"><span class=\"BodyText-H\">Der steile Aufstieg vom Maiens\u00e4ss Carnalta \u00fcber \u00d6r wurde in der gnadenlosen Mittagssonne bew\u00e4ltigt, aber bald darauf verdunkelte sich der Himmel, und als wir um ca. 15 Uhr bei der Alp de Calvaresc Sot (1837 m) eintrafen, begann es leicht zu regnen. Doch noch bevor die diversen Regen-m\u00e4ntel, -jacken, -schirme, -h\u00e4ute so richtig ausgepackt waren, kam wieder die Sonne durch, was wir zu einer gen\u00fcsslichen Jausenpause n\u00fctzten. Die letzten Meter zur H\u00fctte f\u00fchren duch einen lichten L\u00e4rchenwald<\/span><\/p>\n<\/td>\n<\/tr>\n<tr class=\"-R\">\n<td class=\"-C\">\n<p class=\"BodyText-P\"><span class=\"BodyText-H\"><img loading=\"lazy\" decoding=\"async\" class=\"\" src=\"https:\/\/www.adrianwood.ch\/wp-content\/uploads\/2020\/10\/1602763721_image9.jpeg\" data-link=\"\" width=\"311\" height=\"233\"><\/span><\/p>\n<\/td>\n<td class=\"-C\">\n<p class=\"BodyText-P\"><span class=\"BodyText-H\"><img loading=\"lazy\" decoding=\"async\" class=\"\" src=\"https:\/\/www.adrianwood.ch\/wp-content\/uploads\/2020\/10\/1602763721_image10.jpeg\" data-link=\"\" width=\"312\" height=\"234\"><\/span><\/p>\n<\/td>\n<\/tr>\n<tr class=\"-R\">\n<td class=\"-C\" colspan=\"2\">\n<p class=\"BodyText-P\"><span class=\"BodyText-H\">und um 16 Uhr trafen wir auf der wundersch\u00f6n auf einer Terasse an einer Waldlichtung gelegenen Capanna Buffalora ein, wo uns Judith mit einem Glas erfrischenden H\u00fcttentee begr\u00fcsste. Kaum hatten wir uns der Bergschuhe und -socken entledigt, brachte sie uns die Nachricht, dass 4-5 von uns \u2013 wegen \u00dcberbelegung der H\u00fctte \u2013 im Biwak, ca. 70 m unterhalb an einem wundersch\u00f6nen Moorsee gelegen, schlafen m\u00fcssten. V\u00f6llig demokratisch wurden die 4 J\u00fcngsten dazu \u201eauserw\u00e4hlt\u201c, zu denen sich der Schreiber auch z\u00e4hlen darf. Kurz darauf brach ein z\u00fcnftiges Gewitter los, und als wir die n\u00e4chsten Ank\u00f6mmlige tropfnass eintreffen sahen, waren wir durchaus zufrieden \u00fcber den Verlauf des Tages. V\u00f6llig erfrischt nach einer eiskalten Dusche ging&#8217;s zum feinen H\u00fcttenznacht (Suppe, Spaghetti Buffalora, Kuchen), danach verst\u00e4rkten Regina, Margrit und Peter die K\u00fcchenmannschaft zum Abwasch. Kurz vor 22 Uhr stiegen Brigitte, Uli, Vreni und ich im matten Schein unserer Taschenlampen den vom Regen schl\u00fcpfrigen Weg zum Biwak hinunter und es wurde eine sehr angenehme Nachtruhe. Leider vergass ich, rechtzeitig auf meine Schnarchk\u00fcnste hinzuweisen, und Uli und Brigitte \u2013 so wurde \u00fcberliefert \u2013 waren lange und verzweifelt auf der Suche nach Oropax.<\/span><\/p>\n<\/td>\n<\/tr>\n<\/tbody>\n<\/table>\n<figure id=\"attachment_21986\" aria-describedby=\"caption-attachment-21986\" style=\"width: 636px\" class=\"wp-caption alignleft\"><a href=\"https:\/\/www.adrianwood.ch\/wp-content\/uploads\/2020\/10\/2006-07-31-TrackAuswertung.jpg\"><img loading=\"lazy\" decoding=\"async\" class=\"size-full wp-image-21986\" src=\"https:\/\/www.adrianwood.ch\/wp-content\/uploads\/2020\/10\/2006-07-31-TrackAuswertung.jpg\" alt=\"\" width=\"636\" height=\"693\" srcset=\"https:\/\/www.adrianwood.ch\/wp-content\/uploads\/2020\/10\/2006-07-31-TrackAuswertung.jpg 636w, https:\/\/www.adrianwood.ch\/wp-content\/uploads\/2020\/10\/2006-07-31-TrackAuswertung-275x300.jpg 275w\" sizes=\"auto, (max-width: 636px) 100vw, 636px\" \/><\/a><figcaption id=\"caption-attachment-21986\" class=\"wp-caption-text\">Landarenca &#8211; Capanne Buffalora<\/figcaption><\/figure>\n<p class=\"Normal-P\" style=\"direction: ltr; unicode-bidi: normal;\">\n<\/div>\n","protected":false},"excerpt":{"rendered":"<p>3. Tag Landarenca \u2013 Capanna Buffalora Wunderbarer Morgen: nur wenige Wolken am Himmel und heute hat Adrian \u201eRuhetag\u201c angesagt! D. h. Fr\u00fchst\u00fcck um 8 Uhr und Aufbruch um 9 Uhr. Mit der Seilbahn nach Selma und von dort mit dem Postbus nach Rossa war aber zuviel des Faulenzens und so beschlossen die Meisten, v\u00f6llig freiwillig &hellip; <a href=\"https:\/\/www.adrianwood.ch\/?page_id=21975\" class=\"more-link\">Continue reading <span class=\"screen-reader-text\">07-31 C.Buffalora<\/span> <span class=\"meta-nav\">&rarr;<\/span><\/a><\/p>\n","protected":false},"author":1,"featured_media":0,"parent":21883,"menu_order":1724,"comment_status":"closed","ping_status":"closed","template":"","meta":{"ngg_post_thumbnail":0,"footnotes":""},"class_list":["post-21975","page","type-page","status-publish","hentry"],"_links":{"self":[{"href":"https:\/\/www.adrianwood.ch\/index.php?rest_route=\/wp\/v2\/pages\/21975","targetHints":{"allow":["GET"]}}],"collection":[{"href":"https:\/\/www.adrianwood.ch\/index.php?rest_route=\/wp\/v2\/pages"}],"about":[{"href":"https:\/\/www.adrianwood.ch\/index.php?rest_route=\/wp\/v2\/types\/page"}],"author":[{"embeddable":true,"href":"https:\/\/www.adrianwood.ch\/index.php?rest_route=\/wp\/v2\/users\/1"}],"replies":[{"embeddable":true,"href":"https:\/\/www.adrianwood.ch\/index.php?rest_route=%2Fwp%2Fv2%2Fcomments&post=21975"}],"version-history":[{"count":6,"href":"https:\/\/www.adrianwood.ch\/index.php?rest_route=\/wp\/v2\/pages\/21975\/revisions"}],"predecessor-version":[{"id":22048,"href":"https:\/\/www.adrianwood.ch\/index.php?rest_route=\/wp\/v2\/pages\/21975\/revisions\/22048"}],"up":[{"embeddable":true,"href":"https:\/\/www.adrianwood.ch\/index.php?rest_route=\/wp\/v2\/pages\/21883"}],"wp:attachment":[{"href":"https:\/\/www.adrianwood.ch\/index.php?rest_route=%2Fwp%2Fv2%2Fmedia&parent=21975"}],"curies":[{"name":"wp","href":"https:\/\/api.w.org\/{rel}","templated":true}]}}

<div class="pmdi_content_wrapper">
<h3><span style="font-family: Times New Roman;">3. Tag </span><span style="font-family: Times New Roman;">Landarenca</span><span style="font-family: Times New Roman;"> – </span><span style="font-family: Times New Roman;">Capanna </span><span style="font-family: Times New Roman;">Buffalora</span></h3>
<table class="TableGrid-T" cellspacing="0">
<tbody>
<tr class="-R">
<td class="-C"><span class="BodyText-H"><img loading="lazy" decoding="async" class="" src="https://www.adrianwood.ch/wp-content/uploads/2020/10/1602763721_image1.jpeg" data-link="" width="311" height="233"></span></td>
<td class="-C">
<p class="BodyText-P"><span class="BodyText-H"><img loading="lazy" decoding="async" class="" src="https://www.adrianwood.ch/wp-content/uploads/2020/10/1602763721_image2.jpeg" data-link="" width="311" height="233"></span></p>
</td>
</tr>
<tr class="-R">
<td class="-C" colspan="2">
<p class="BodyText-P"><span class="BodyText-H">Wunderbarer Morgen: nur wenige Wolken am Himmel und heute hat Adrian „Ruhetag“ angesagt! D. h. Frühstück um 8 Uhr und Aufbruch um 9 Uhr. Mit der Seilbahn nach Selma und von dort mit dem Postbus nach Rossa war aber zuviel des Faulenzens und so beschlossen die Meisten, völlig freiwillig natürlich, die knapp 300 m nach Selma hinunterzulaufen, und die verbleibenden 7 km nach Rossa auf dem idyllischen Talweg zurückzulegen.</span></p>
</td>
</tr>
<tr class="-R">
<td class="-C">
<p class="BodyText-P"><span class="BodyText-H"><img loading="lazy" decoding="async" class="" src="https://www.adrianwood.ch/wp-content/uploads/2020/10/1602763721_image3.jpeg" data-link="" width="311" height="233"></span></p>
</td>
<td class="-C">
<p class="BodyText-P"><span class="BodyText-H"><img loading="lazy" decoding="async" class="" src="https://www.adrianwood.ch/wp-content/uploads/2020/10/1602763721_image4.jpeg" data-link="" width="350" height="232"></span></p>
</td>
</tr>
<tr class="-R">
<td class="-C" colspan="2">
<p class="BodyText-P"><span class="BodyText-H">Obwohl Adrian in der Landarencasca eine Badebucht entdeckte, traf auch er pünktlich in Rossa im Ristorante Alpino ein, als kurz nach 12 Uhr die Spaghetti serviert wurden. Derart gestärkt waren die vor uns liegenden 1000 m Aufstieg zur Capanna Buffalora „Genuss pur“.</span></p>
</td>
</tr>
<tr class="-R">
<td class="-C">
<p class="BodyText-P"><span class="BodyText-H"><img loading="lazy" decoding="async" class="" src="https://www.adrianwood.ch/wp-content/uploads/2020/10/1602763721_image5.jpeg" data-link="" width="311" height="233"></span></p>
</td>
<td class="-C">
<p class="BodyText-P"><span class="BodyText-H"><img loading="lazy" decoding="async" class="" src="https://www.adrianwood.ch/wp-content/uploads/2020/10/1602763721_image6.jpeg" data-link="" width="311" height="233"></span></p>
</td>
</tr>
<tr class="-R">
<td class="-C">
<p class="BodyText-P"><span class="BodyText-H"><img loading="lazy" decoding="async" class="" src="https://www.adrianwood.ch/wp-content/uploads/2020/10/1602763721_image7.jpeg" data-link="" width="311" height="233"></span></p>
</td>
<td class="-C">
<p class="BodyText-P"><span class="BodyText-H"><img loading="lazy" decoding="async" class="" src="https://www.adrianwood.ch/wp-content/uploads/2020/10/1602763721_image8.jpeg" data-link="" width="311" height="233"></span></p>
</td>
</tr>
<tr class="-R">
<td class="-C" colspan="2">
<p class="BodyText-P"><span class="BodyText-H">Der steile Aufstieg vom Maiensäss Carnalta über Ör wurde in der gnadenlosen Mittagssonne bewältigt, aber bald darauf verdunkelte sich der Himmel, und als wir um ca. 15 Uhr bei der Alp de Calvaresc Sot (1837 m) eintrafen, begann es leicht zu regnen. Doch noch bevor die diversen Regen-mäntel, -jacken, -schirme, -häute so richtig ausgepackt waren, kam wieder die Sonne durch, was wir zu einer genüsslichen Jausenpause nützten. Die letzten Meter zur Hütte führen duch einen lichten Lärchenwald</span></p>
</td>
</tr>
<tr class="-R">
<td class="-C">
<p class="BodyText-P"><span class="BodyText-H"><img loading="lazy" decoding="async" class="" src="https://www.adrianwood.ch/wp-content/uploads/2020/10/1602763721_image9.jpeg" data-link="" width="311" height="233"></span></p>
</td>
<td class="-C">
<p class="BodyText-P"><span class="BodyText-H"><img loading="lazy" decoding="async" class="" src="https://www.adrianwood.ch/wp-content/uploads/2020/10/1602763721_image10.jpeg" data-link="" width="312" height="234"></span></p>
</td>
</tr>
<tr class="-R">
<td class="-C" colspan="2">
<p class="BodyText-P"><span class="BodyText-H">und um 16 Uhr trafen wir auf der wunderschön auf einer Terasse an einer Waldlichtung gelegenen Capanna Buffalora ein, wo uns Judith mit einem Glas erfrischenden Hüttentee begrüsste. Kaum hatten wir uns der Bergschuhe und -socken entledigt, brachte sie uns die Nachricht, dass 4-5 von uns – wegen Überbelegung der Hütte – im Biwak, ca. 70 m unterhalb an einem wunderschönen Moorsee gelegen, schlafen müssten. Völlig demokratisch wurden die 4 Jüngsten dazu „auserwählt“, zu denen sich der Schreiber auch zählen darf. Kurz darauf brach ein zünftiges Gewitter los, und als wir die nächsten Ankömmlige tropfnass eintreffen sahen, waren wir durchaus zufrieden über den Verlauf des Tages. Völlig erfrischt nach einer eiskalten Dusche ging&#8217;s zum feinen Hüttenznacht (Suppe, Spaghetti Buffalora, Kuchen), danach verstärkten Regina, Margrit und Peter die Küchenmannschaft zum Abwasch. Kurz vor 22 Uhr stiegen Brigitte, Uli, Vreni und ich im matten Schein unserer Taschenlampen den vom Regen schlüpfrigen Weg zum Biwak hinunter und es wurde eine sehr angenehme Nachtruhe. Leider vergass ich, rechtzeitig auf meine Schnarchkünste hinzuweisen, und Uli und Brigitte – so wurde überliefert – waren lange und verzweifelt auf der Suche nach Oropax.</span></p>
</td>
</tr>
</tbody>
</table>
<figure id="attachment_21986" aria-describedby="caption-attachment-21986" style="width: 636px" class="wp-caption alignleft"><a href="https://www.adrianwood.ch/wp-content/uploads/2020/10/2006-07-31-TrackAuswertung.jpg"><img loading="lazy" decoding="async" class="size-full wp-image-21986" src="https://www.adrianwood.ch/wp-content/uploads/2020/10/2006-07-31-TrackAuswertung.jpg" alt="" width="636" height="693" srcset="https://www.adrianwood.ch/wp-content/uploads/2020/10/2006-07-31-TrackAuswertung.jpg 636w, https://www.adrianwood.ch/wp-content/uploads/2020/10/2006-07-31-TrackAuswertung-275x300.jpg 275w" sizes="auto, (max-width: 636px) 100vw, 636px" /></a><figcaption id="caption-attachment-21986" class="wp-caption-text">Landarenca &#8211; Capanne Buffalora</figcaption></figure>
<p class="Normal-P" style="direction: ltr; unicode-bidi: normal;">
</div>

<p>3. Tag Landarenca – Capanna Buffalora Wunderbarer Morgen: nur wenige Wolken am Himmel und heute hat Adrian „Ruhetag“ angesagt! D. h. Frühstück um 8 Uhr und Aufbruch um 9 Uhr. Mit der Seilbahn nach Selma und von dort mit dem Postbus nach Rossa war aber zuviel des Faulenzens und so beschlossen die Meisten, völlig freiwillig &hellip; <a href="https://www.adrianwood.ch/?page_id=21975" class="more-link">Continue reading <span class="screen-reader-text">07-31 C.Buffalora</span> <span class="meta-nav">&rarr;</span></a></p>
