{"id":22075,"date":"2020-10-17T13:57:16","date_gmt":"2020-10-17T13:57:16","guid":{"rendered":"https:\/\/www.adrianwood.ch\/?page_id=22075"},"modified":"2020-10-17T14:28:35","modified_gmt":"2020-10-17T14:28:35","slug":"10-03-christallina","status":"publish","type":"page","link":"https:\/\/www.adrianwood.ch\/?page_id=22075","title":{"rendered":"10-03 Cima del Lago"},"content":{"rendered":"<div class=\"pmdi_content_wrapper\">\n<h3><span style=\"font-size: 14pt;\">3.Oktober 20<\/span><span style=\"font-size: 14pt;\">, <\/span>Ossasco<span style=\"font-size: 14pt;\"> &#8211; <\/span><span style=\"font-size: 14pt;\">Christallina<\/span><\/h3>\n<table class=\"TableGrid-T\" style=\"border-collapse: collapse;\" cellspacing=\"0\">\n<tbody>\n<tr class=\"-R\">\n<td class=\"-C\" style=\"width: 481.4pt;\" colspan=\"2\">\n<p class=\"Normal-P\" style=\"margin-bottom: 3pt; text-align: justify; text-justify: inter-ideograph; direction: ltr; unicode-bidi: normal;\"><span class=\"Normal-H\"><span style=\"font-family: Arial;\">Wir begannen unsere Wanderung bei perfektem Herbstwanderwetter um 10.30 Uhr beim Postautohalt in Ossasco im Bedrettotal. \u00dcber den Aufstieg zur Cristallinah\u00fctte auf gutem Weg ist eigentlich nichts weiter zu berichten, als dass wir sie in 3 \u00bd Stunden Marschzeit erreichten, wobei wir unterwegs eine knapp einst\u00fcndige Mittagsrast einlegten.<\/span><\/span><\/p>\n<p class=\"Normal-P\" style=\"margin-bottom: 3pt; text-align: justify; text-justify: inter-ideograph; direction: ltr; unicode-bidi: normal;\"><span class=\"Normal-H\"><span style=\"font-family: Arial;\">Nach knapp einst\u00fcndigem Aufenthalt in der H\u00fctte machten wir uns mit sehr wenig Gep\u00e4ck auf den Weg zur Cima del Lago. Am Anfang gibt es einen ganz guten Weg.<\/span><\/span><\/p>\n<\/td>\n<\/tr>\n<tr class=\"-R\">\n<td class=\"-C\" style=\"width: 240.7pt;\">\n<p class=\"Normal-P\" style=\"margin-bottom: 3pt; text-align: justify; text-justify: inter-ideograph; direction: ltr; unicode-bidi: normal;\"><span class=\"Normal-H\"><span style=\"font-family: Arial;\"><img decoding=\"async\" src=\"https:\/\/www.adrianwood.ch\/wp-content\/uploads\/2020\/10\/1602943486_image1.jpeg\" data-link=\"\" width=\"311px       \" height=\"233px       \"><\/span><\/span><\/p>\n<\/td>\n<td class=\"-C\" style=\"width: 240.7pt;\">\n<p class=\"Normal-P\" style=\"margin-bottom: 3pt; text-align: justify; text-justify: inter-ideograph; direction: ltr; unicode-bidi: normal;\"><span class=\"Normal-H\"><span style=\"font-family: Arial;\"><img decoding=\"async\" src=\"https:\/\/www.adrianwood.ch\/wp-content\/uploads\/2020\/10\/1602943486_image2.jpeg\" data-link=\"\" width=\"311px       \" height=\"233px       \"><\/span><\/span><\/p>\n<\/td>\n<\/tr>\n<tr class=\"-R\">\n<td class=\"-C\" style=\"width: 481.4pt;\" colspan=\"2\">\n<p class=\"Normal-P\" style=\"margin-top: 3pt; margin-bottom: 3pt; text-align: justify; text-justify: inter-ideograph; direction: ltr; unicode-bidi: normal;\"><span class=\"Normal-H\"><span style=\"font-family: Arial;\">Aber da gegen den Gipfel hin das Gel\u00e4nde anspruchsvoller wurde, br\u00f6ckelte die Zahl der Mitwanderer langsam ab. Die folgenden standen schliesslich auf dem Gipfel: Uli, Peter, Brigitte H., Stephan und Hanspeter. Kein W\u00f6lkchen tr\u00fcbte die umfassende Rundumsicht; leider reichten unsere Geografiekenntnisse bei weitem nicht aus, alle Gipfel zu benennen. Um sechs Uhr waren wir dann alle wieder in der H\u00fctte, wo um 19 Uhr das Nachtessen serviert wurde.<\/span><\/span><\/p>\n<\/td>\n<\/tr>\n<tr class=\"-R\">\n<td class=\"-C\" style=\"width: 240.7pt;\">\n<p class=\"Normal-P\" style=\"margin-bottom: 3pt; text-align: justify; text-justify: inter-ideograph; direction: ltr; unicode-bidi: normal;\"><span class=\"Normal-H\"><span style=\"font-family: Arial;\"><img decoding=\"async\" src=\"https:\/\/www.adrianwood.ch\/wp-content\/uploads\/2020\/10\/1602943486_image3.jpeg\" data-link=\"\" width=\"312px       \" height=\"235px       \"><\/span><\/span><\/p>\n<\/td>\n<td class=\"-C\" style=\"width: 240.7pt;\">\n<p class=\"Normal-P\" style=\"margin-bottom: 3pt; text-align: justify; text-justify: inter-ideograph; direction: ltr; unicode-bidi: normal;\"><span class=\"Normal-H\"><span style=\"font-family: Arial;\"><img decoding=\"async\" src=\"https:\/\/www.adrianwood.ch\/wp-content\/uploads\/2020\/10\/1602943486_image4.jpeg\" data-link=\"\" width=\"312px       \" height=\"234px       \"><\/span><\/span><\/p>\n<\/td>\n<\/tr>\n<\/tbody>\n<\/table>\n<\/div>\n\n\n<figure class=\"wp-block-image size-large\"><img loading=\"lazy\" decoding=\"async\" width=\"667\" height=\"693\" src=\"https:\/\/www.adrianwood.ch\/wp-content\/uploads\/2020\/10\/Christalina-GPS-1.jpg\" alt=\"\" class=\"wp-image-22086\" srcset=\"https:\/\/www.adrianwood.ch\/wp-content\/uploads\/2020\/10\/Christalina-GPS-1.jpg 667w, https:\/\/www.adrianwood.ch\/wp-content\/uploads\/2020\/10\/Christalina-GPS-1-289x300.jpg 289w\" sizes=\"auto, (max-width: 667px) 100vw, 667px\" \/><\/figure>\n","protected":false},"excerpt":{"rendered":"<p>3.Oktober 20, Ossasco &#8211; Christallina Wir begannen unsere Wanderung bei perfektem Herbstwanderwetter um 10.30 Uhr beim Postautohalt in Ossasco im Bedrettotal. \u00dcber den Aufstieg zur Cristallinah\u00fctte auf gutem Weg ist eigentlich nichts weiter zu berichten, als dass wir sie in 3 \u00bd Stunden Marschzeit erreichten, wobei wir unterwegs eine knapp einst\u00fcndige Mittagsrast einlegten. Nach knapp &hellip; <a href=\"https:\/\/www.adrianwood.ch\/?page_id=22075\" class=\"more-link\">Continue reading <span class=\"screen-reader-text\">10-03 Cima del Lago<\/span> <span class=\"meta-nav\">&rarr;<\/span><\/a><\/p>\n","protected":false},"author":1,"featured_media":0,"parent":558,"menu_order":1558,"comment_status":"closed","ping_status":"closed","template":"","meta":{"ngg_post_thumbnail":0,"footnotes":""},"class_list":["post-22075","page","type-page","status-publish","hentry"],"_links":{"self":[{"href":"https:\/\/www.adrianwood.ch\/index.php?rest_route=\/wp\/v2\/pages\/22075","targetHints":{"allow":["GET"]}}],"collection":[{"href":"https:\/\/www.adrianwood.ch\/index.php?rest_route=\/wp\/v2\/pages"}],"about":[{"href":"https:\/\/www.adrianwood.ch\/index.php?rest_route=\/wp\/v2\/types\/page"}],"author":[{"embeddable":true,"href":"https:\/\/www.adrianwood.ch\/index.php?rest_route=\/wp\/v2\/users\/1"}],"replies":[{"embeddable":true,"href":"https:\/\/www.adrianwood.ch\/index.php?rest_route=%2Fwp%2Fv2%2Fcomments&post=22075"}],"version-history":[{"count":4,"href":"https:\/\/www.adrianwood.ch\/index.php?rest_route=\/wp\/v2\/pages\/22075\/revisions"}],"predecessor-version":[{"id":22100,"href":"https:\/\/www.adrianwood.ch\/index.php?rest_route=\/wp\/v2\/pages\/22075\/revisions\/22100"}],"up":[{"embeddable":true,"href":"https:\/\/www.adrianwood.ch\/index.php?rest_route=\/wp\/v2\/pages\/558"}],"wp:attachment":[{"href":"https:\/\/www.adrianwood.ch\/index.php?rest_route=%2Fwp%2Fv2%2Fmedia&parent=22075"}],"curies":[{"name":"wp","href":"https:\/\/api.w.org\/{rel}","templated":true}]}}

<div class="pmdi_content_wrapper">
<h3><span style="font-size: 14pt;">3.Oktober 20</span><span style="font-size: 14pt;">, </span>Ossasco<span style="font-size: 14pt;"> &#8211; </span><span style="font-size: 14pt;">Christallina</span></h3>
<table class="TableGrid-T" style="border-collapse: collapse;" cellspacing="0">
<tbody>
<tr class="-R">
<td class="-C" style="width: 481.4pt;" colspan="2">
<p class="Normal-P" style="margin-bottom: 3pt; text-align: justify; text-justify: inter-ideograph; direction: ltr; unicode-bidi: normal;"><span class="Normal-H"><span style="font-family: Arial;">Wir begannen unsere Wanderung bei perfektem Herbstwanderwetter um 10.30 Uhr beim Postautohalt in Ossasco im Bedrettotal. Über den Aufstieg zur Cristallinahütte auf gutem Weg ist eigentlich nichts weiter zu berichten, als dass wir sie in 3 ½ Stunden Marschzeit erreichten, wobei wir unterwegs eine knapp einstündige Mittagsrast einlegten.</span></span></p>
<p class="Normal-P" style="margin-bottom: 3pt; text-align: justify; text-justify: inter-ideograph; direction: ltr; unicode-bidi: normal;"><span class="Normal-H"><span style="font-family: Arial;">Nach knapp einstündigem Aufenthalt in der Hütte machten wir uns mit sehr wenig Gepäck auf den Weg zur Cima del Lago. Am Anfang gibt es einen ganz guten Weg.</span></span></p>
</td>
</tr>
<tr class="-R">
<td class="-C" style="width: 240.7pt;">
<p class="Normal-P" style="margin-bottom: 3pt; text-align: justify; text-justify: inter-ideograph; direction: ltr; unicode-bidi: normal;"><span class="Normal-H"><span style="font-family: Arial;"><img decoding="async" src="https://www.adrianwood.ch/wp-content/uploads/2020/10/1602943486_image1.jpeg" data-link="" width="311px       " height="233px       "></span></span></p>
</td>
<td class="-C" style="width: 240.7pt;">
<p class="Normal-P" style="margin-bottom: 3pt; text-align: justify; text-justify: inter-ideograph; direction: ltr; unicode-bidi: normal;"><span class="Normal-H"><span style="font-family: Arial;"><img decoding="async" src="https://www.adrianwood.ch/wp-content/uploads/2020/10/1602943486_image2.jpeg" data-link="" width="311px       " height="233px       "></span></span></p>
</td>
</tr>
<tr class="-R">
<td class="-C" style="width: 481.4pt;" colspan="2">
<p class="Normal-P" style="margin-top: 3pt; margin-bottom: 3pt; text-align: justify; text-justify: inter-ideograph; direction: ltr; unicode-bidi: normal;"><span class="Normal-H"><span style="font-family: Arial;">Aber da gegen den Gipfel hin das Gelände anspruchsvoller wurde, bröckelte die Zahl der Mitwanderer langsam ab. Die folgenden standen schliesslich auf dem Gipfel: Uli, Peter, Brigitte H., Stephan und Hanspeter. Kein Wölkchen trübte die umfassende Rundumsicht; leider reichten unsere Geografiekenntnisse bei weitem nicht aus, alle Gipfel zu benennen. Um sechs Uhr waren wir dann alle wieder in der Hütte, wo um 19 Uhr das Nachtessen serviert wurde.</span></span></p>
</td>
</tr>
<tr class="-R">
<td class="-C" style="width: 240.7pt;">
<p class="Normal-P" style="margin-bottom: 3pt; text-align: justify; text-justify: inter-ideograph; direction: ltr; unicode-bidi: normal;"><span class="Normal-H"><span style="font-family: Arial;"><img decoding="async" src="https://www.adrianwood.ch/wp-content/uploads/2020/10/1602943486_image3.jpeg" data-link="" width="312px       " height="235px       "></span></span></p>
</td>
<td class="-C" style="width: 240.7pt;">
<p class="Normal-P" style="margin-bottom: 3pt; text-align: justify; text-justify: inter-ideograph; direction: ltr; unicode-bidi: normal;"><span class="Normal-H"><span style="font-family: Arial;"><img decoding="async" src="https://www.adrianwood.ch/wp-content/uploads/2020/10/1602943486_image4.jpeg" data-link="" width="312px       " height="234px       "></span></span></p>
</td>
</tr>
</tbody>
</table>
</div>


<figure class="wp-block-image size-large"><img loading="lazy" decoding="async" width="667" height="693" src="https://www.adrianwood.ch/wp-content/uploads/2020/10/Christalina-GPS-1.jpg" alt="" class="wp-image-22086" srcset="https://www.adrianwood.ch/wp-content/uploads/2020/10/Christalina-GPS-1.jpg 667w, https://www.adrianwood.ch/wp-content/uploads/2020/10/Christalina-GPS-1-289x300.jpg 289w" sizes="auto, (max-width: 667px) 100vw, 667px" /></figure>

<p>3.Oktober 20, Ossasco &#8211; Christallina Wir begannen unsere Wanderung bei perfektem Herbstwanderwetter um 10.30 Uhr beim Postautohalt in Ossasco im Bedrettotal. Über den Aufstieg zur Cristallinahütte auf gutem Weg ist eigentlich nichts weiter zu berichten, als dass wir sie in 3 ½ Stunden Marschzeit erreichten, wobei wir unterwegs eine knapp einstündige Mittagsrast einlegten. Nach knapp &hellip; <a href="https://www.adrianwood.ch/?page_id=22075" class="more-link">Continue reading <span class="screen-reader-text">10-03 Cima del Lago</span> <span class="meta-nav">&rarr;</span></a></p>
