{"id":22330,"date":"2020-12-02T10:01:39","date_gmt":"2020-12-02T10:01:39","guid":{"rendered":"https:\/\/www.adrianwood.ch\/?page_id=22330"},"modified":"2020-12-03T16:25:06","modified_gmt":"2020-12-03T16:25:06","slug":"2020-08-corona-wanderungen-ii","status":"publish","type":"page","link":"https:\/\/www.adrianwood.ch\/?page_id=22330","title":{"rendered":"2020-08 Corona Zeiten II"},"content":{"rendered":"<div class=\"pmdi_content_wrapper\">\n<p class=\"Normal-P\" style=\"margin-bottom: 6pt; direction: ltr; unicode-bidi: normal;\"><strong><span class=\"Normal-H\">08 \u2013 11 2020, Jura Wanderungen in Corona Zeiten II<\/span><\/strong><\/p>\n<p>Die Lage im letzten Quartal hat sich leider gegen\u00fcber dem vorigen Quartal nicht viel ge\u00e4ndert, so dass ich meine Serie von kurzen Wanderungen in der Region fortgesetzt habe. Die Schweiz Mobil Karten zu diesen und auch meinen fr\u00fcheren Wanderungen k\u00f6nnen abgerufen werden, f\u00fcr den Fall, dass jemand eine dieser Wanderungen selber machen m\u00f6chte.<\/p>\n<p><!-- [if !supportMisalignedColumns]--><\/p>\n<table class=\"TableGrid-T\" style=\"border-collapse: collapse;\" cellspacing=\"0\">\n<tbody>\n<tr>\n<td colspan=\"2\"><strong>16.August, Erzberg \u2013 Passwang-strasse.<\/strong><\/td>\n<\/tr>\n<tr class=\"-R\">\n<td class=\"-C\" style=\"width: 239.95pt; border: none windowtext 0pt;\">\n<p class=\"Normal-P\" style=\"margin-bottom: 6pt; direction: ltr; unicode-bidi: normal;\"><span class=\"Normal-H\"><span style=\"; text-decoration: underline;\"><img loading=\"lazy\" decoding=\"async\" class=\"\" src=\"https:\/\/www.adrianwood.ch\/wp-content\/uploads\/2020\/12\/1606902813_image1.jpeg\" data-link=\"\" width=\"353\" height=\"234\"><\/span><\/span><\/p>\n<\/td>\n<td class=\"-C\" style=\"width: 241.45pt; border: none windowtext 0pt;\">\n<p class=\"Normal-P\" style=\"margin-bottom: 6pt; direction: ltr; unicode-bidi: normal;\"><span class=\"Normal-H\"><span style=\"; text-decoration: underline;\"><img loading=\"lazy\" decoding=\"async\" class=\"\" src=\"https:\/\/www.adrianwood.ch\/wp-content\/uploads\/2020\/12\/1606902813_image2.jpeg\" data-link=\"\" width=\"353\" height=\"236\"><\/span><\/span><\/p>\n<\/td>\n<\/tr>\n<tr class=\"-R\">\n<td class=\"-C\" style=\"width: 481.4pt; border: none windowtext 0pt;\" colspan=\"2\">\n<p class=\"Normal-P\" style=\"margin-bottom: 6pt; direction: ltr; unicode-bidi: normal;\"><span class=\"Normal-H\">Es wurde ein heisser Tag versprochen, so dass man m\u00f6glichst fr\u00fch und hoch gehen sollte, auch wegen der m\u00f6glichen Gewittergefahr sp\u00e4ter am Nachmittag. Ich habe meiner Naturfreunde Wanderkameradin unseren gut bekannten Weg von der Passwang-strasse zum Erzberg beim Scheltenpass und zur\u00fcck vorgeschlagen. Es war ihr Recht und wir sind zusammen von Oberwil losgefahren. Unterwegs haben wir uns aber entschieden die Wanderung umgekehrt zu machen und bei Erzberg anzufangen. Nach einem gem\u00fctlichen Kaffee wanderten wir entlang dem Grat mit tollen Panoramen auf beide Seiten und kehrten kurz vor der Passstrasse um. Es war richtig es so zu machen, und wir konnten am Schluss noch einmal einkehren. Ich sehe auf meinen fr\u00fcheren Bildern, dass wir jedes Jahr seit 2016 zusammen auf Passwang oder Hohe Winde waren und dass die Aussicht auf die Alpen meistens wegen weniger Dunst viel besser als dieses Mal war.<\/span><\/p>\n<p><strong><a href=\"https:\/\/map.wanderland.ch\/?lang=en&amp;route=all&amp;bgLayer=pk&amp;resolution=2.87&amp;E=2613603&amp;N=1244196&amp;photos=yes&amp;logo=yes&amp;season=summer&amp;trackId=3924847\">Karte<\/a><\/strong><\/p>\n<p><strong>4.September, B\u00e4rschwil &#8211; Retemberg \u2013 Pierreberg.<\/strong><\/td>\n<\/tr>\n<tr class=\"-R\">\n<td class=\"-C\" style=\"width: 239.95pt; border: none windowtext 0pt;\">\n<p class=\"Normal-P\" style=\"margin-bottom: 6pt; direction: ltr; unicode-bidi: normal;\"><span class=\"Normal-H\"><span style=\"; text-decoration: underline;\"><img loading=\"lazy\" decoding=\"async\" class=\"\" src=\"https:\/\/www.adrianwood.ch\/wp-content\/uploads\/2020\/12\/1606902813_image3.jpeg\" data-link=\"\" width=\"353\" height=\"234\"><\/span><\/span><\/p>\n<\/td>\n<td class=\"-C\" style=\"width: 241.45pt; border: none windowtext 0pt;\">\n<p class=\"Normal-P\" style=\"margin-bottom: 6pt; direction: ltr; unicode-bidi: normal;\"><span class=\"Normal-H\"><span style=\"; text-decoration: underline;\"><img loading=\"lazy\" decoding=\"async\" class=\"\" src=\"https:\/\/www.adrianwood.ch\/wp-content\/uploads\/2020\/12\/1606902813_image4.jpeg\" data-link=\"\" width=\"353\" height=\"236\"><\/span><\/span><\/p>\n<\/td>\n<\/tr>\n<tr class=\"-R\">\n<td class=\"-C\" style=\"width: 481.4pt; border: none windowtext 0pt;\" colspan=\"2\">\n<p class=\"Normal-P\" style=\"margin-bottom: 6pt; direction: ltr; unicode-bidi: normal;\"><span class=\"Normal-H\">In B\u00e4rschwil habe ich einen Freund aus Frankreich getroffen f\u00fcr eine Wanderung auf den Fringeli Grat und weiter \u00fcber Retemberg bis zum Restaurant Pierreberg. Von dort kann man weiter \u00fcber den Roc de Courroux nach Del\u00e9mont, oder zur\u00fcck nach B\u00e4rschwil laufen. Wir konnten erst entscheiden, welche Variante wir machen wollten, als wir das Bergrestaurant erreichten. Besonders den ersten Teil des Grats von Fringeli ist zauberhaft. Es ist meistens im Wald, schmal aber einfach zu begehen. Zu meiner \u00dcberraschung gab es, wo der Grat sich kurz in eine breite Wiese \u00f6ffnet, ein grosses Naturfreundehaus, das der Sektion Viques geh\u00f6rt. Es hat jedes Wochenende auf, aber wir waren an einem Wochentag dort. Die Wanderung war sehr sch\u00f6n, hat aber l\u00e4nger gedauert als erwartet, und wir sind auf einem einfacheren Weg zur\u00fcck nach B\u00e4rschwil gelaufen.<\/span><\/p>\n<p><a href=\"https:\/\/map.wanderland.ch\/?lang=en&amp;route=all&amp;bgLayer=pk&amp;resolution=2.77&amp;E=2600865&amp;N=1247617&amp;photos=yes&amp;logo=yes&amp;season=summer&amp;trackId=7745894\"><strong>Karte<\/strong><\/a><\/p>\n<p><strong>13.September, Metzerlen &#8211; Blauen \u2013 Aesch.<\/strong><\/td>\n<\/tr>\n<tr class=\"-R\">\n<td class=\"-C\" style=\"width: 239.95pt; border: none windowtext 0pt;\">\n<p class=\"Normal-P\" style=\"margin-bottom: 6pt; direction: ltr; unicode-bidi: normal;\"><span class=\"Normal-H\"><span style=\"; text-decoration: underline;\"><img loading=\"lazy\" decoding=\"async\" class=\"\" src=\"https:\/\/www.adrianwood.ch\/wp-content\/uploads\/2020\/12\/1606902813_image5.jpeg\" data-link=\"\" width=\"353\" height=\"234\"><\/span><\/span><\/p>\n<\/td>\n<td class=\"-C\" style=\"width: 241.45pt; border: none windowtext 0pt;\">\n<p class=\"Normal-P\" style=\"margin-bottom: 6pt; direction: ltr; unicode-bidi: normal;\"><span class=\"Normal-H\"><span style=\"; text-decoration: underline;\"><img loading=\"lazy\" decoding=\"async\" class=\"\" src=\"https:\/\/www.adrianwood.ch\/wp-content\/uploads\/2020\/12\/1606902813_image6.jpeg\" data-link=\"\" width=\"353\" height=\"236\"><\/span><\/span><\/p>\n<\/td>\n<\/tr>\n<tr class=\"-R\">\n<td class=\"-C\" style=\"width: 481.4pt; border: none windowtext 0pt;\" colspan=\"2\">\n<p class=\"Normal-P\" style=\"margin-bottom: 6pt; direction: ltr; unicode-bidi: normal;\"><span class=\"Normal-H\">Obwohl ich den Blauen von zu Hause aus sehen kann, bin ich seit mehreren Jahren nicht dort oben gewesen. Es ist f\u00fcr mich leicht mit dem Tram und Bus zu erreichen und bietet sich besonders in diesen Zeiten als Ausflugsziel an. Es ging zuerst von Metzerlen direkt zum Metzerlenkreuz und dann zwischen B\u00e4umen dem Grat entlang. Er ist nicht zu stark bewaldet und man hat immer wieder sch\u00f6ne Aussichten auf eine oder die andere Seite. Es war doch sch\u00f6ner als ich es von langem her in Erinnerung hatte. Ich war allein aber habe zuerst eine Dame vom Fitness Zentrum und dann sechs Damen von den Naturfreunden bei Blattenpass getroffen. Sie sind von Aesch via dem Gl\u00f6gglifels her gekommen. Das war auch meine geplante Fortsetzung, die ich dann gemacht habe.<\/span><\/p>\n<p><a href=\"https:\/\/map.wanderland.ch\/?lang=en&amp;route=all&amp;bgLayer=pk&amp;resolution=10&amp;E=2607263&amp;N=1256227&amp;photos=yes&amp;logo=yes&amp;season=summer&amp;trackId=908102205\"><strong>Karte<\/strong><\/a><\/p>\n<p><strong>19.September, Metzerlen &#8211; Challh\u00f6chi &#8211; Blauen \u2013 Ettingen.<\/strong><\/td>\n<\/tr>\n<tr class=\"-R\">\n<td class=\"-C\" style=\"width: 239.95pt; border: none windowtext 0pt;\">\n<p class=\"Normal-P\" style=\"margin-bottom: 6pt; direction: ltr; unicode-bidi: normal;\"><span class=\"Normal-H\"><span style=\"; text-decoration: underline;\"><img loading=\"lazy\" decoding=\"async\" class=\"\" src=\"https:\/\/www.adrianwood.ch\/wp-content\/uploads\/2020\/12\/1606902813_image7.jpeg\" data-link=\"\" width=\"353\" height=\"236\"><\/span><\/span><\/p>\n<\/td>\n<td class=\"-C\" style=\"width: 241.45pt; border: none windowtext 0pt;\">\n<p class=\"Normal-P\" style=\"margin-bottom: 6pt; direction: ltr; unicode-bidi: normal;\"><span class=\"Normal-H\"><span style=\"; text-decoration: underline;\"><img loading=\"lazy\" decoding=\"async\" class=\"\" src=\"https:\/\/www.adrianwood.ch\/wp-content\/uploads\/2020\/12\/1606902813_image8.jpeg\" data-link=\"\" width=\"353\" height=\"235\"><\/span><\/span><\/p>\n<\/td>\n<\/tr>\n<tr class=\"-R\">\n<td class=\"-C\" style=\"width: 481.4pt; border: none windowtext 0pt;\" colspan=\"2\">\n<p class=\"Normal-P\" style=\"margin-bottom: 6pt; direction: ltr; unicode-bidi: normal;\"><span class=\"Normal-H\">Eine Woche sp\u00e4ter ging ich wieder solo von Metzerlen auf den Blauen, dieses Mal auf dem h\u00f6chsten Punkt (875m), obwohl meine Wanderung insgesamt etwas k\u00fcrzer war. Es hat mich \u00fcberrascht auf einer Notiztafel zu lesen, dass im 18.Jahrhundert die Wiesen bis zum Gipfel gereicht haben! Es gab etwas dunstiges Wetter und es hat sogar am Nachmittag ein paar Tropfen Regen gegeben, aber ich bin vom Blauepass ein St\u00fcck abgestiegen und durch die Wiesen \u00fcber Blattenpass zur\u00fcck nach Ettingen gelaufen. <\/span><\/p>\n<p><a href=\"https:\/\/map.wanderland.ch\/?lang=en&amp;route=all&amp;bgLayer=pk&amp;resolution=10&amp;E=2605168&amp;N=1257514&amp;photos=yes&amp;logo=yes&amp;season=summer&amp;trackId=1193626413\"><strong>Karte<\/strong><\/a><\/p>\n<p><strong>26.September, Challh\u00f6chi &#8211; Blauen \u2013Ettingen.<\/strong><\/td>\n<\/tr>\n<tr class=\"-R\">\n<td class=\"-C\" style=\"width: 239.95pt; border: none windowtext 0pt;\">\n<p class=\"Normal-P\" style=\"margin-bottom: 6pt; direction: ltr; unicode-bidi: normal;\"><span class=\"Normal-H\"><span style=\"; text-decoration: underline;\"><img loading=\"lazy\" decoding=\"async\" class=\"\" src=\"https:\/\/www.adrianwood.ch\/wp-content\/uploads\/2020\/12\/1606902813_image9.jpeg\" data-link=\"\" width=\"353\" height=\"234\"><\/span><\/span><\/p>\n<\/td>\n<td class=\"-C\" style=\"width: 241.45pt; border: none windowtext 0pt;\">\n<p class=\"Normal-P\" style=\"margin-bottom: 6pt; direction: ltr; unicode-bidi: normal;\"><span class=\"Normal-H\"><span style=\"; text-decoration: underline;\"><img loading=\"lazy\" decoding=\"async\" class=\"\" src=\"https:\/\/www.adrianwood.ch\/wp-content\/uploads\/2020\/12\/1606902813_image10.jpeg\" data-link=\"\" width=\"353\" height=\"236\"><\/span><\/span><\/p>\n<\/td>\n<\/tr>\n<tr class=\"-R\">\n<td class=\"-C\" style=\"width: 481.4pt; border: none windowtext 0pt;\" colspan=\"2\">\n<p class=\"Normal-P\" style=\"margin-bottom: 6pt; direction: ltr; unicode-bidi: normal;\"><span class=\"Normal-H\">Das dritte Mal auf dem Blauen, war ich nicht alleine und wir fuhren mit dem Bus via Fl\u00fch auf Challh\u00f6chi, wobei wir erschrocken waren zu sehen wie viele Leute an einem Sonntag auf den Bus gewartet haben. Oben angekommen, haben sie sich schnell verteilt und wir konnten die mir schon bekannte Route fast alleine durchlaufen. Wir bewegten uns gerade \u00fcber den Nebelschwaden mit zeitweise sch\u00f6nen Aussichten und hatten pr\u00e4chtige Herbstfarben zu bewundern, wirklich ein Gl\u00fcckstreffer! Beim Abstieg nach Blattepass haben wir uns wieder unter der Menschenmenge befunden.<\/span><\/p>\n<p><strong>4.Oktober, Naturfreundehaus Retemberg \u2013 B\u00e4rschwil.<\/strong><\/td>\n<\/tr>\n<tr class=\"-R\">\n<td class=\"-C\" style=\"width: 239.95pt; border: none windowtext 0pt;\">\n<p class=\"Normal-P\" style=\"margin-bottom: 6pt; direction: ltr; unicode-bidi: normal;\"><span class=\"Normal-H\"><span style=\"; text-decoration: underline;\"><img loading=\"lazy\" decoding=\"async\" class=\"\" src=\"https:\/\/www.adrianwood.ch\/wp-content\/uploads\/2020\/12\/1606902813_image11.jpeg\" data-link=\"\" width=\"353\" height=\"234\"><\/span><\/span><\/p>\n<\/td>\n<td class=\"-C\" style=\"width: 241.45pt; border: none windowtext 0pt;\">\n<p class=\"Normal-P\" style=\"margin-bottom: 6pt; direction: ltr; unicode-bidi: normal;\"><span class=\"Normal-H\"><span style=\"; text-decoration: underline;\"><img loading=\"lazy\" decoding=\"async\" class=\"\" src=\"https:\/\/www.adrianwood.ch\/wp-content\/uploads\/2020\/12\/1606902813_image12.jpeg\" data-link=\"\" width=\"353\" height=\"236\"><\/span><\/span><\/p>\n<\/td>\n<\/tr>\n<tr class=\"-R\">\n<td class=\"-C\" style=\"width: 481.4pt; border: none windowtext 0pt;\" colspan=\"2\">\n<p class=\"Normal-P\" style=\"margin-bottom: 6pt; direction: ltr; unicode-bidi: normal;\"><span class=\"Normal-H\">Ich wollte noch einmal von B\u00e4rschwil zum Naturfreundehaus Retemberg am Wochenende laufen, um mit den Leuten dort zu reden. Es hat jedes Wochenende bis Ende Jahr auf, aber ich dachte es k\u00f6nnte gerade bei herbstlicher Stimmung besonders sch\u00f6n sein. Bei etwas unsicherem Wetter mit kaltem Wind liefen wir zu zweit los. Ich dachte es k\u00f6nnte auf dem Grat zu st\u00fcrmisch sein, aber wir haben es gewagt und es wurde immer w\u00e4rmer und weniger windig. Wir kamen aber doch an einige frisch abgeknickte Baume vorbei. Das Naturfreunde Haus war bewirtet, und wir haben eine K\u00fcrbissuppe genossen. Bei meiner Besichtigung der R\u00e4umlichkeiten gab es Verst\u00e4ndigungs-schwierigkeiten weil die H\u00fctte genau auf dem R\u00f6schti-graben liegt. In diesem Fall eher ein R\u00f6schti-grat. Es ist von der S\u00fcdseite von Viques via einer kleinen Strasse erreichbar, aber auf der Nordseite gibt es nur einen schmalen Wanderweg, den wir zur\u00fcck nach B\u00e4rschwil genommen haben.<\/span><\/p>\n<p><a href=\"https:\/\/map.wanderland.ch\/?lang=en&amp;route=all&amp;bgLayer=pk&amp;resolution=2.3&amp;E=2601806&amp;N=1247592&amp;photos=yes&amp;logo=yes&amp;season=summer&amp;trackId=7745868\"><strong>Karte<\/strong><\/a><\/p>\n<p><strong>19.Oktober, Weissenstein \u2013 Hasenmatt.<\/strong><\/td>\n<\/tr>\n<tr class=\"-R\">\n<td class=\"-C\" style=\"width: 239.95pt; border: none windowtext 0pt;\">\n<p class=\"Normal-P\" style=\"margin-bottom: 6pt; direction: ltr; unicode-bidi: normal;\"><span class=\"Normal-H\"><span style=\"; text-decoration: underline;\"><img loading=\"lazy\" decoding=\"async\" class=\"\" src=\"https:\/\/www.adrianwood.ch\/wp-content\/uploads\/2020\/12\/1606902813_image13.jpeg\" data-link=\"\" width=\"353\" height=\"234\"><\/span><\/span><\/p>\n<\/td>\n<td class=\"-C\" style=\"width: 241.45pt; border: none windowtext 0pt;\">\n<p class=\"Normal-P\" style=\"margin-bottom: 6pt; direction: ltr; unicode-bidi: normal;\"><span class=\"Normal-H\"><span style=\"; text-decoration: underline;\"><img loading=\"lazy\" decoding=\"async\" class=\"\" src=\"https:\/\/www.adrianwood.ch\/wp-content\/uploads\/2020\/12\/1606902813_image14.jpeg\" data-link=\"\" width=\"353\" height=\"236\"><\/span><\/span><\/p>\n<\/td>\n<\/tr>\n<tr class=\"-R\">\n<td class=\"-C\" style=\"width: 481.4pt; border: none windowtext 0pt;\" colspan=\"2\">\n<p class=\"Normal-P\" style=\"margin-bottom: 6pt; direction: ltr; unicode-bidi: normal;\"><span class=\"Normal-H\">Weil der Zug von Basel einen mechanischen Defekt hatte und nur langsam fahren konnte, kam ich mit einem Freund um eine Stunde versp\u00e4tet auf dem Weissenstein an. Wir verpassten den Anschluss in Moutier und mussten auf den n\u00e4chsten Zug warten. Es gab deswegen eine lange Kaffeepause in Moutier anstatt eine etwas k\u00fcrzere im Weissensteinkurhaus. Wie es sich herausstellte, konnte man sowieso noch nicht die Alpen klarsehen. Erst fast zwei Stunden sp\u00e4ter als wir auf der Hasenmatt eine ausgedehnte Mittagspause genossen, konnten wir sie deutlicher sehen. Es gab keinen Hasen zu beobachten, aber daf\u00fcr eine kleine Gruppe von Rotschw\u00e4nzchen. Nach dem steilen und rutschigen Abstieg (es laufen K\u00fche da hinauf) kehrten wir bei Alth\u00fcsli ein. Der alternative R\u00fcckweg, der sogar die offizielle Biker Route ist, erwies sich als sehr nass und schlammig. Zur\u00fcck bei Weissenstein hatten wir fast noch bessere Aussicht und wir fuhren mit einer der letzten modernen Gondel hinunter nach Oberdorf. Der Zug kam leicht versp\u00e4tet in Moutier an, und wir mussten rennen, um nicht wieder unseren Anschluss zu verpassen! Es war aber ein sch\u00f6ner und erfolgreicher Tag.<\/span><\/p>\n<p><strong><a href=\"https:\/\/map.wanderland.ch\/?lang=en&amp;route=all&amp;bgLayer=pk&amp;resolution=5&amp;E=2603056&amp;N=1232978&amp;photos=yes&amp;logo=yes&amp;season=summer&amp;trackId=890180812\">Karte<\/a><\/strong><\/p>\n<p class=\"Normal-P\" style=\"direction: ltr; unicode-bidi: normal;\"><strong><span class=\"Normal-H\">7.November, Passwang-strasse \u2013 Erzberg.<\/span><\/strong><\/p>\n<\/td>\n<\/tr>\n<tr class=\"-R\">\n<td class=\"-C\" style=\"width: 239.95pt; border: none windowtext 0pt;\">\n<p class=\"Normal-P\" style=\"margin-bottom: 6pt; direction: ltr; unicode-bidi: normal;\"><span class=\"Normal-H\"><span style=\"; text-decoration: underline;\"><img loading=\"lazy\" decoding=\"async\" class=\"\" src=\"https:\/\/www.adrianwood.ch\/wp-content\/uploads\/2020\/12\/1606902813_image15.jpeg\" data-link=\"\" width=\"353\" height=\"236\"><\/span><\/span><\/p>\n<\/td>\n<td class=\"-C\" style=\"width: 241.45pt; border: none windowtext 0pt;\">\n<p class=\"Normal-P\" style=\"margin-bottom: 6pt; direction: ltr; unicode-bidi: normal;\"><span class=\"Normal-H\"><span style=\"; text-decoration: underline;\"><img loading=\"lazy\" decoding=\"async\" class=\"\" src=\"https:\/\/www.adrianwood.ch\/wp-content\/uploads\/2020\/12\/1606902813_image16.jpeg\" data-link=\"\" width=\"353\" height=\"236\"><\/span><\/span><\/p>\n<\/td>\n<\/tr>\n<tr class=\"-R\">\n<td class=\"-C\" style=\"width: 481.4pt; border: none windowtext 0pt;\" colspan=\"2\">\n<p class=\"Normal-P\" style=\"margin-bottom: 6pt; direction: ltr; unicode-bidi: normal;\"><span class=\"Normal-H\">Ein Freund kam sehr kurzfristig mit mir auf die schon erw\u00e4hnte Passwang-strasse \u2013 Erzberg Route. Bei unserer Ankunft fanden wir den Parkplatzfast leer, aber am Nachmittag war er voll mit hunderten von Autos. Aber die Leute gingen scheinbar alle in die andere Richtung zum Passwang Gipfel, weil wir nur wenige gesehen haben. Wir hofften nat\u00fcrlich die Alpen zu sehen, aber der Nebel floss wie ein Wasserfall vom Mittelland hin\u00fcber auf die Baselbiet Seite. Am Anfang und am anderen Ende der Wanderung waren wir sch\u00f6n in der Sonne, aber das Wetter war nicht \u00fcberall so herrlich. Dazwischen gab es eine unangenehme Passage im Nebel, die nass, kalt und glitschig war. Wasser tropfte wie Regen von den B\u00e4umen. Es war aber doch interessant das Nebelmeer so zu sehen, und wir waren insgesamt zufrieden mit der Tour. <\/span><\/p>\n<p><a href=\"https:\/\/map.wanderland.ch\/?lang=en&amp;route=all&amp;bgLayer=pk&amp;resolution=2.87&amp;E=2614249&amp;N=1244337&amp;photos=yes&amp;logo=yes&amp;season=summer&amp;trackId=3924847\"><strong>Karte<\/strong><\/a><\/p>\n<p><strong>14.November 2020, Schloss Wildenstein.<\/strong><\/td>\n<\/tr>\n<tr class=\"-R\">\n<td class=\"-C\" style=\"width: 239.95pt; border: none windowtext 0pt;\">\n<p class=\"Normal-P\" style=\"margin-bottom: 6pt; direction: ltr; unicode-bidi: normal;\"><span class=\"Normal-H\"><span style=\"; text-decoration: underline;\"><img loading=\"lazy\" decoding=\"async\" class=\"\" src=\"https:\/\/www.adrianwood.ch\/wp-content\/uploads\/2020\/12\/1606902813_image17.jpeg\" data-link=\"\" width=\"353\" height=\"236\"><\/span><\/span><\/p>\n<\/td>\n<td class=\"-C\" style=\"width: 241.45pt; border: none windowtext 0pt;\">\n<p class=\"Normal-P\" style=\"margin-bottom: 6pt; direction: ltr; unicode-bidi: normal;\"><span class=\"Normal-H\"><span style=\"; text-decoration: underline;\"><img loading=\"lazy\" decoding=\"async\" class=\"\" src=\"https:\/\/www.adrianwood.ch\/wp-content\/uploads\/2020\/12\/1606902813_image18.jpeg\" data-link=\"\" width=\"353\" height=\"235\"><\/span><\/span><\/p>\n<\/td>\n<\/tr>\n<tr class=\"-R\">\n<td class=\"-C\" style=\"width: 481.4pt; border: none windowtext 0pt;\" colspan=\"2\">Die Schloss Wildenstein Naturfreunde Wanderung hat stattgefunden, obwohl der Weihnachtsmarkt dort wegen Corona abgesagt wurde. Das Wetter war wunderbar und es kamen 25 Leute. Wir fingen etwas sp\u00e4t an, weil die Zeit den Markt ausgerichtet war. Deswegen habe ich eine Stunde fr\u00fcher angefangen und bin von Reigoldswil an der Bergruine Reichenstein vorbei durch eine kleine Schlucht nach Titterten hinaufgestiegen. Die Gruppe mit Ursula war gerade bereit zum Abmarschieren und es ging los durch Wiesen und W\u00e4lder durch eine reizvolle Landschaft. Wir bewegten uns in einer H\u00f6he von ca 700m und es gab immer wieder \u00fcberraschende Fernblicke. Dazwischen auf langen Strecken im Wald lagen die meisten Bl\u00e4tter schon am Boden und verdeckten die zum Teil glitschigen Steine. Mein Magen knurrte schon lange bevor wir das offene Gel\u00e4nde vor dem Schloss Wildenstein erreichten und unsere Mittagspause unter den dort freistehenden grossen Eichenb\u00e4umen nehmen konnten. Das Schloss war wie erwartet geschlossen und sah verlassen und d\u00fcster aus. Heute geh\u00f6rt es der Christian Merian Stiftung nachdem es \u00fcber Jahrhunderte sich im Besitz von verschiedenen Adelsgeschlechter mit alten ehrw\u00fcrdigen Basler Namen befand. Nach einer Besichtigung von mehreren Jahrhunderte alten Eichen blieb nur noch der relativ kurze Abstieg nach Bubendorf, wo wir sofort in den f\u00fcr uns organisierten Postbus steigen durften.<\/p>\n<p><a href=\"https:\/\/map.wanderland.ch\/?lang=en&amp;route=all&amp;bgLayer=pk&amp;resolution=5&amp;E=2621970&amp;N=1252342&amp;photos=yes&amp;logo=yes&amp;season=summer&amp;trackId=1874780628\"><strong>Karte<\/strong><\/a><\/p>\n<p>ngg_shortcode_0_placeholder<\/td>\n<\/tr>\n<\/tbody>\n<\/table>\n<\/div>\n","protected":false},"excerpt":{"rendered":"<p>08 \u2013 11 2020, Jura Wanderungen in Corona Zeiten II Die Lage im letzten Quartal hat sich leider gegen\u00fcber dem vorigen Quartal nicht viel ge\u00e4ndert, so dass ich meine Serie von kurzen Wanderungen in der Region fortgesetzt habe. Die Schweiz Mobil Karten zu diesen und auch meinen fr\u00fcheren Wanderungen k\u00f6nnen abgerufen werden, f\u00fcr den Fall, &hellip; <a href=\"https:\/\/www.adrianwood.ch\/?page_id=22330\" class=\"more-link\">Continue reading <span class=\"screen-reader-text\">2020-08 Corona Zeiten II<\/span> <span class=\"meta-nav\">&rarr;<\/span><\/a><\/p>\n","protected":false},"author":1,"featured_media":0,"parent":101,"menu_order":1051,"comment_status":"closed","ping_status":"closed","template":"","meta":{"ngg_post_thumbnail":0,"footnotes":""},"class_list":["post-22330","page","type-page","status-publish","hentry"],"_links":{"self":[{"href":"https:\/\/www.adrianwood.ch\/index.php?rest_route=\/wp\/v2\/pages\/22330","targetHints":{"allow":["GET"]}}],"collection":[{"href":"https:\/\/www.adrianwood.ch\/index.php?rest_route=\/wp\/v2\/pages"}],"about":[{"href":"https:\/\/www.adrianwood.ch\/index.php?rest_route=\/wp\/v2\/types\/page"}],"author":[{"embeddable":true,"href":"https:\/\/www.adrianwood.ch\/index.php?rest_route=\/wp\/v2\/users\/1"}],"replies":[{"embeddable":true,"href":"https:\/\/www.adrianwood.ch\/index.php?rest_route=%2Fwp%2Fv2%2Fcomments&post=22330"}],"version-history":[{"count":28,"href":"https:\/\/www.adrianwood.ch\/index.php?rest_route=\/wp\/v2\/pages\/22330\/revisions"}],"predecessor-version":[{"id":22426,"href":"https:\/\/www.adrianwood.ch\/index.php?rest_route=\/wp\/v2\/pages\/22330\/revisions\/22426"}],"up":[{"embeddable":true,"href":"https:\/\/www.adrianwood.ch\/index.php?rest_route=\/wp\/v2\/pages\/101"}],"wp:attachment":[{"href":"https:\/\/www.adrianwood.ch\/index.php?rest_route=%2Fwp%2Fv2%2Fmedia&parent=22330"}],"curies":[{"name":"wp","href":"https:\/\/api.w.org\/{rel}","templated":true}]}}