{"id":22489,"date":"2021-09-20T09:18:51","date_gmt":"2021-09-20T09:18:51","guid":{"rendered":"https:\/\/www.adrianwood.ch\/?page_id=22489"},"modified":"2024-07-24T12:42:30","modified_gmt":"2024-07-24T12:42:30","slug":"2021-05-retemberg","status":"publish","type":"page","link":"https:\/\/www.adrianwood.ch\/?page_id=22489","title":{"rendered":"2021-05 Retemberg"},"content":{"rendered":"<div class=\"pmdi_content_wrapper\">\n<p class=\"Normal-P\" style=\"margin-bottom: 6pt; direction: ltr; unicode-bidi: normal;\"><span class=\"Normal-H\"><span style=\"font-family: Arial; font-weight: bold; font-size: 12pt;\">8.Mai 2021, Grindel &#8211; <\/span><span style=\"font-family: Arial; font-weight: bold; font-size: 12pt;\">Retemberg <\/span><span style=\"font-family: Arial; font-weight: bold; font-size: 12pt;\">&#8211; <\/span><span style=\"font-family: Arial; font-weight: bold; font-size: 12pt;\">B\u00e4rschwil <\/span><span style=\"font-family: Arial; font-weight: bold; font-size: 12pt;\">Wanderung<\/span><\/span><\/p>\n<table class=\"TableGrid-T\" style=\"border-collapse: collapse;\" cellspacing=\"0\">\n<tbody>\n<tr class=\"-R\">\n<td class=\"-C\" style=\"width: 453.1pt; border: none windowtext 0pt;\" colspan=\"2\">\n<p class=\"Normal-P\" style=\"margin-bottom: 6pt; direction: ltr; unicode-bidi: normal;\"><span class=\"Normal-H\"><span style=\"font-family: Arial; font-size: 11.5pt;\"><img loading=\"lazy\" decoding=\"async\" class=\"\" src=\"https:\/\/www.adrianwood.ch\/wp-content\/uploads\/2021\/09\/1632129465_image1.jpeg\" width=\"743\" height=\"406\" data-link=\"\"><\/span><\/span><\/p>\n<\/td>\n<\/tr>\n<tr class=\"-R\">\n<td class=\"-C\" style=\"width: 453.1pt; border: none windowtext 0pt;\" colspan=\"2\">\n<p class=\"Normal-P\" style=\"margin-bottom: 6pt; direction: ltr; unicode-bidi: normal;\"><span class=\"Normal-H\"><span style=\"font-family: Arial; font-size: 11.5pt;\">An einem sehr kalten Morgen dr\u00e4ngte sich eine ziemlich kleinlaute Gruppe von zehn in den vollen Zug nach Laufen (die Leute waren so froh, einen regenfreien Tag geniessen zu k\u00f6nnen). Adrian war flexibel und liess uns in Grindel aus dem Bus aussteigen, so dass der Anfang des Spaziergangs etwas weniger steil als vorgesehen war. Nichtsdestotrotz zogen wir beim Aufstieg einen Teil unsere Kleider aus, denn es wurde rasch w\u00e4rmer. Die Schafe und K\u00fche beachteten uns dabei nicht.<\/span><\/span><\/p>\n<p class=\"Normal-P\" style=\"margin-bottom: 6pt; direction: ltr; unicode-bidi: normal;\"><span class=\"Normal-H\"><span style=\"font-family: Arial; font-size: 11.5pt;\">Auf dem <\/span><span style=\"font-family: Arial; font-size: 11.5pt;\">Fringeli<\/span><span style=\"font-family: Arial; font-size: 11.5pt;\"> Grat angekommen hatten wir eine wunderbare Aussicht und machten einen kurzen Trink-\/Ess-\/<\/span><span style=\"font-family: Arial; font-size: 11.5pt;\">Fotohalt<\/span><span style=\"font-family: Arial; font-size: 11.5pt;\">. Es war ein wundervoller Pfad, und wir genossen den herrlichen Ausblick. Obwohl der Grat auf der einen Seite des Pfades steil abf\u00e4llt, ist der Abhang auf der anderen Seite etwas sanfter, was uns die m\u00f6gliche H\u00f6henschwindel abnahm. Die Sonne w\u00e4rmte immer mehr und wir waren auch dankbar f\u00fcr den Schatten, denn nach einer Woche Regen hatten wir nicht alle daran gedacht, Sonnencr\u00e8me aufzutragen.<\/span><\/span><\/p>\n<\/td>\n<\/tr>\n<tr class=\"-R\">\n<td class=\"-C\" style=\"width: 453.1pt; border: none windowtext 0pt;\" colspan=\"2\">\n<p class=\"Normal-P\" style=\"margin-bottom: 6pt; direction: ltr; unicode-bidi: normal;\"><span class=\"Normal-H\"><span style=\"font-family: Arial; font-size: 11.5pt;\"><img loading=\"lazy\" decoding=\"async\" class=\"\" src=\"https:\/\/www.adrianwood.ch\/wp-content\/uploads\/2021\/09\/1632129465_image2.jpeg\" width=\"740\" height=\"212\" data-link=\"\"><\/span><\/span><\/p>\n<\/td>\n<\/tr>\n<tr class=\"-R\">\n<td class=\"-C\" style=\"width: 453.1pt; border: none windowtext 0pt;\" colspan=\"2\">\n<p class=\"Normal-P\" style=\"margin-bottom: 6pt; direction: ltr; unicode-bidi: normal;\"><span class=\"Normal-H\"><span style=\"font-family: Arial; font-size: 11.5pt;\">Nachdem wir die Grenze zum Kanton Jura \u00fcberschritten hatten, erreichten wir den Naturfreundehaus Retemberg, den der Sektion <\/span><span style=\"font-family: Arial; font-size: 11.5pt;\">Viques<\/span><span style=\"font-family: Arial; font-size: 11.5pt;\"> geh\u00f6rt. Dort genossen wir den freundlichen Service und die k\u00f6stliche K\u00fcche mit hausgemachter Suppe und St. Martin Wurst \u2013 eigentlich Ajoie Wurst; man sagte uns, sie sei umbenannt worden, um den Markenschutz der Ajoie Wurst nicht zu verletzen, aber es ist die gleiche Wurst. Nachdem wir die g\u00fcnstige, aber gute Mahlzeit inklusive etwas kostenlosem Kuchen \u201eweggeputzt\u201c hatten und nachdem wir unser Franz\u00f6sisch etwas aufpoliert hatten, gingen wir weiter und verliessen dabei die spektakul\u00e4re Aussicht nach S\u00fcden zum <\/span><span style=\"font-family: Arial; font-size: 11.5pt;\">Terbital<\/span><span style=\"font-family: Arial; font-size: 11.5pt;\">. <\/span><\/span><\/p>\n<\/td>\n<\/tr>\n<tr class=\"-R\">\n<td class=\"-C\" style=\"width: 226.55pt; border: none windowtext 0pt;\">\n<p class=\"Normal-P\" style=\"margin-bottom: 6pt; direction: ltr; unicode-bidi: normal;\"><span class=\"Normal-H\"><span style=\"font-family: Arial; font-size: 11.5pt;\"><img loading=\"lazy\" decoding=\"async\" class=\"\" src=\"https:\/\/www.adrianwood.ch\/wp-content\/uploads\/2021\/09\/1632129465_image3.jpeg\" width=\"350\" height=\"233\" data-link=\"\"><\/span><\/span><\/p>\n<\/td>\n<td class=\"-C\" style=\"width: 226.55pt; border: none windowtext 0pt;\">\n<p class=\"Normal-P\" style=\"margin-bottom: 6pt; direction: ltr; unicode-bidi: normal;\"><span class=\"Normal-H\"><span style=\"font-family: Arial; font-size: 11.5pt;\"><img loading=\"lazy\" decoding=\"async\" class=\"\" src=\"https:\/\/www.adrianwood.ch\/wp-content\/uploads\/2021\/09\/1632129465_image4.jpeg\" width=\"350\" height=\"233\" data-link=\"\"><\/span><\/span><\/p>\n<\/td>\n<\/tr>\n<tr class=\"-R\">\n<td class=\"-C\" style=\"width: 453.1pt; border: none windowtext 0pt;\" colspan=\"2\">\n<p class=\"Normal-P\" style=\"margin-bottom: 6pt; direction: ltr; unicode-bidi: normal;\"><span class=\"Normal-H\"><span style=\"font-family: Arial; font-size: 11.5pt;\">Gutgelaunt setzten wir unseren Weg fort, bis wir unseren dritten Halt beim <\/span><span style=\"font-family: Arial; font-size: 11.5pt;\">Pierreberg<\/span><span style=\"font-family: Arial; font-size: 11.5pt;\"> erreichten, wobei wir sogar ein Feld durchqueren mussten, um an unserem Ziel zu kommen. Sechs von uns durften sich an einen Tisch setzen, was, wie wir entdeckten, darauf zur\u00fcckzuf\u00fchren war, dass die Serviertochter nicht z\u00e4hlen konnte, denn sie \u201e\u00fcberschwemmte\u201c uns mit zu viel Bier, von dem wir einiges zur\u00fcckgeben mussten. Ich vermute, sie konnte den \u00dcberschuss den ungest\u00fcmen, jungen M\u00e4nnern weitergeben, die den \u201eMort de Gar\u00e7on\u201c Abend (Polterabend) vor der Hochzeit eines Kollegen feierten. Dazu geh\u00f6rte, dass der Br\u00e4utigam, als Penis verkleidet, Unterschriften auf seinem Kost\u00fcm sammelte. Wir taten es, denn ohne unsere Unterschriften h\u00e4tte er ein Loch mit seinen blossen H\u00e4nden graben m\u00fcssen, um eine Flasche Wein zu vergraben. Das sagten sie uns jedenfalls so.<\/span><\/span><\/p>\n<\/td>\n<\/tr>\n<tr class=\"-R\">\n<td class=\"-C\" style=\"width: 226.55pt; border: none windowtext 0pt;\">\n<p class=\"Normal-P\" style=\"margin-bottom: 6pt; direction: ltr; unicode-bidi: normal;\"><span class=\"Normal-H\"><span style=\"font-family: Arial; font-size: 11.5pt;\"><img loading=\"lazy\" decoding=\"async\" class=\"\" src=\"https:\/\/www.adrianwood.ch\/wp-content\/uploads\/2021\/09\/1632129465_image5.jpeg\" width=\"350\" height=\"233\" data-link=\"\"><\/span><\/span><\/p>\n<\/td>\n<td class=\"-C\" style=\"width: 226.55pt; border: none windowtext 0pt;\">\n<p class=\"Normal-P\" style=\"margin-bottom: 6pt; direction: ltr; unicode-bidi: normal;\"><span class=\"Normal-H\"><span style=\"font-family: Arial; font-size: 11.5pt;\"><img loading=\"lazy\" decoding=\"async\" class=\"\" src=\"https:\/\/www.adrianwood.ch\/wp-content\/uploads\/2021\/09\/1632129465_image6.jpeg\" width=\"350\" height=\"233\" data-link=\"\"><\/span><\/span><\/p>\n<\/td>\n<\/tr>\n<tr class=\"-R\">\n<td class=\"-C\" style=\"width: 453.1pt; border: none windowtext 0pt;\" colspan=\"2\">\n<p class=\"Normal-P\" style=\"margin-bottom: 6pt; direction: ltr; unicode-bidi: normal;\"><span class=\"Normal-H\"><span style=\"font-family: Arial; font-size: 11.5pt;\">Wir gingen dann weiter, nun meist abw\u00e4rts, verpassten den vorgesehenen Bus und mussten eine halbe Stunde auf den n\u00e4chsten Bus warten. Aber niemand beklagte sich. Wir k\u00fchlten unsere F\u00fcsse im Brunnen, assen die Reste unseres Picknicks und genossen es einfach, das kleine Dorf <\/span><span style=\"font-family: Arial; font-size: 11.5pt;\">B\u00e4rschwil<\/span><span style=\"font-family: Arial; font-size: 11.5pt;\"> eine Weile zu beobachten. Wir kehrten nach Hause zur\u00fcck mit von der Sonne ger\u00f6tetem Gesicht und zusammen (nicht wie auf einigen anderen Wanderungen zerstreut) angenehm m\u00fcde und gl\u00fccklich \u00fcber einen so herrlichen Tag.<\/span><\/span><\/p>\n<p class=\"Normal-P\" style=\"margin-bottom: 6pt; direction: ltr; unicode-bidi: normal;\"><span class=\"Normal-H\"><span style=\"font-family: Arial; font-size: 11.5pt;\">Cathlyn<\/span><\/span><\/p>\n<\/td>\n<\/tr>\n<p><!-- [if !supportMisalignedColumns]--><\/tbody>\n<\/table>\n<\/div>\n","protected":false},"excerpt":{"rendered":"<p>8.Mai 2021, Grindel &#8211; Retemberg &#8211; B\u00e4rschwil Wanderung An einem sehr kalten Morgen dr\u00e4ngte sich eine ziemlich kleinlaute Gruppe von zehn in den vollen Zug nach Laufen (die Leute waren so froh, einen regenfreien Tag geniessen zu k\u00f6nnen). Adrian war flexibel und liess uns in Grindel aus dem Bus aussteigen, so dass der Anfang des &hellip; <a href=\"https:\/\/www.adrianwood.ch\/?page_id=22489\" class=\"more-link\">Continue reading <span class=\"screen-reader-text\">2021-05 Retemberg<\/span> <span class=\"meta-nav\">&rarr;<\/span><\/a><\/p>\n","protected":false},"author":1,"featured_media":0,"parent":101,"menu_order":1054,"comment_status":"closed","ping_status":"closed","template":"","meta":{"ngg_post_thumbnail":0,"footnotes":""},"class_list":["post-22489","page","type-page","status-publish","hentry"],"_links":{"self":[{"href":"https:\/\/www.adrianwood.ch\/index.php?rest_route=\/wp\/v2\/pages\/22489","targetHints":{"allow":["GET"]}}],"collection":[{"href":"https:\/\/www.adrianwood.ch\/index.php?rest_route=\/wp\/v2\/pages"}],"about":[{"href":"https:\/\/www.adrianwood.ch\/index.php?rest_route=\/wp\/v2\/types\/page"}],"author":[{"embeddable":true,"href":"https:\/\/www.adrianwood.ch\/index.php?rest_route=\/wp\/v2\/users\/1"}],"replies":[{"embeddable":true,"href":"https:\/\/www.adrianwood.ch\/index.php?rest_route=%2Fwp%2Fv2%2Fcomments&post=22489"}],"version-history":[{"count":5,"href":"https:\/\/www.adrianwood.ch\/index.php?rest_route=\/wp\/v2\/pages\/22489\/revisions"}],"predecessor-version":[{"id":22498,"href":"https:\/\/www.adrianwood.ch\/index.php?rest_route=\/wp\/v2\/pages\/22489\/revisions\/22498"}],"up":[{"embeddable":true,"href":"https:\/\/www.adrianwood.ch\/index.php?rest_route=\/wp\/v2\/pages\/101"}],"wp:attachment":[{"href":"https:\/\/www.adrianwood.ch\/index.php?rest_route=%2Fwp%2Fv2%2Fmedia&parent=22489"}],"curies":[{"name":"wp","href":"https:\/\/api.w.org\/{rel}","templated":true}]}}

<div class="pmdi_content_wrapper">
<p class="Normal-P" style="margin-bottom: 6pt; direction: ltr; unicode-bidi: normal;"><span class="Normal-H"><span style="font-family: Arial; font-weight: bold; font-size: 12pt;">8.Mai 2021, Grindel &#8211; </span><span style="font-family: Arial; font-weight: bold; font-size: 12pt;">Retemberg </span><span style="font-family: Arial; font-weight: bold; font-size: 12pt;">&#8211; </span><span style="font-family: Arial; font-weight: bold; font-size: 12pt;">Bärschwil </span><span style="font-family: Arial; font-weight: bold; font-size: 12pt;">Wanderung</span></span></p>
<table class="TableGrid-T" style="border-collapse: collapse;" cellspacing="0">
<tbody>
<tr class="-R">
<td class="-C" style="width: 453.1pt; border: none windowtext 0pt;" colspan="2">
<p class="Normal-P" style="margin-bottom: 6pt; direction: ltr; unicode-bidi: normal;"><span class="Normal-H"><span style="font-family: Arial; font-size: 11.5pt;"><img loading="lazy" decoding="async" class="" src="https://www.adrianwood.ch/wp-content/uploads/2021/09/1632129465_image1.jpeg" width="743" height="406" data-link=""></span></span></p>
</td>
</tr>
<tr class="-R">
<td class="-C" style="width: 453.1pt; border: none windowtext 0pt;" colspan="2">
<p class="Normal-P" style="margin-bottom: 6pt; direction: ltr; unicode-bidi: normal;"><span class="Normal-H"><span style="font-family: Arial; font-size: 11.5pt;">An einem sehr kalten Morgen drängte sich eine ziemlich kleinlaute Gruppe von zehn in den vollen Zug nach Laufen (die Leute waren so froh, einen regenfreien Tag geniessen zu können). Adrian war flexibel und liess uns in Grindel aus dem Bus aussteigen, so dass der Anfang des Spaziergangs etwas weniger steil als vorgesehen war. Nichtsdestotrotz zogen wir beim Aufstieg einen Teil unsere Kleider aus, denn es wurde rasch wärmer. Die Schafe und Kühe beachteten uns dabei nicht.</span></span></p>
<p class="Normal-P" style="margin-bottom: 6pt; direction: ltr; unicode-bidi: normal;"><span class="Normal-H"><span style="font-family: Arial; font-size: 11.5pt;">Auf dem </span><span style="font-family: Arial; font-size: 11.5pt;">Fringeli</span><span style="font-family: Arial; font-size: 11.5pt;"> Grat angekommen hatten wir eine wunderbare Aussicht und machten einen kurzen Trink-/Ess-/</span><span style="font-family: Arial; font-size: 11.5pt;">Fotohalt</span><span style="font-family: Arial; font-size: 11.5pt;">. Es war ein wundervoller Pfad, und wir genossen den herrlichen Ausblick. Obwohl der Grat auf der einen Seite des Pfades steil abfällt, ist der Abhang auf der anderen Seite etwas sanfter, was uns die mögliche Höhenschwindel abnahm. Die Sonne wärmte immer mehr und wir waren auch dankbar für den Schatten, denn nach einer Woche Regen hatten wir nicht alle daran gedacht, Sonnencrème aufzutragen.</span></span></p>
</td>
</tr>
<tr class="-R">
<td class="-C" style="width: 453.1pt; border: none windowtext 0pt;" colspan="2">
<p class="Normal-P" style="margin-bottom: 6pt; direction: ltr; unicode-bidi: normal;"><span class="Normal-H"><span style="font-family: Arial; font-size: 11.5pt;"><img loading="lazy" decoding="async" class="" src="https://www.adrianwood.ch/wp-content/uploads/2021/09/1632129465_image2.jpeg" width="740" height="212" data-link=""></span></span></p>
</td>
</tr>
<tr class="-R">
<td class="-C" style="width: 453.1pt; border: none windowtext 0pt;" colspan="2">
<p class="Normal-P" style="margin-bottom: 6pt; direction: ltr; unicode-bidi: normal;"><span class="Normal-H"><span style="font-family: Arial; font-size: 11.5pt;">Nachdem wir die Grenze zum Kanton Jura überschritten hatten, erreichten wir den Naturfreundehaus Retemberg, den der Sektion </span><span style="font-family: Arial; font-size: 11.5pt;">Viques</span><span style="font-family: Arial; font-size: 11.5pt;"> gehört. Dort genossen wir den freundlichen Service und die köstliche Küche mit hausgemachter Suppe und St. Martin Wurst – eigentlich Ajoie Wurst; man sagte uns, sie sei umbenannt worden, um den Markenschutz der Ajoie Wurst nicht zu verletzen, aber es ist die gleiche Wurst. Nachdem wir die günstige, aber gute Mahlzeit inklusive etwas kostenlosem Kuchen „weggeputzt“ hatten und nachdem wir unser Französisch etwas aufpoliert hatten, gingen wir weiter und verliessen dabei die spektakuläre Aussicht nach Süden zum </span><span style="font-family: Arial; font-size: 11.5pt;">Terbital</span><span style="font-family: Arial; font-size: 11.5pt;">. </span></span></p>
</td>
</tr>
<tr class="-R">
<td class="-C" style="width: 226.55pt; border: none windowtext 0pt;">
<p class="Normal-P" style="margin-bottom: 6pt; direction: ltr; unicode-bidi: normal;"><span class="Normal-H"><span style="font-family: Arial; font-size: 11.5pt;"><img loading="lazy" decoding="async" class="" src="https://www.adrianwood.ch/wp-content/uploads/2021/09/1632129465_image3.jpeg" width="350" height="233" data-link=""></span></span></p>
</td>
<td class="-C" style="width: 226.55pt; border: none windowtext 0pt;">
<p class="Normal-P" style="margin-bottom: 6pt; direction: ltr; unicode-bidi: normal;"><span class="Normal-H"><span style="font-family: Arial; font-size: 11.5pt;"><img loading="lazy" decoding="async" class="" src="https://www.adrianwood.ch/wp-content/uploads/2021/09/1632129465_image4.jpeg" width="350" height="233" data-link=""></span></span></p>
</td>
</tr>
<tr class="-R">
<td class="-C" style="width: 453.1pt; border: none windowtext 0pt;" colspan="2">
<p class="Normal-P" style="margin-bottom: 6pt; direction: ltr; unicode-bidi: normal;"><span class="Normal-H"><span style="font-family: Arial; font-size: 11.5pt;">Gutgelaunt setzten wir unseren Weg fort, bis wir unseren dritten Halt beim </span><span style="font-family: Arial; font-size: 11.5pt;">Pierreberg</span><span style="font-family: Arial; font-size: 11.5pt;"> erreichten, wobei wir sogar ein Feld durchqueren mussten, um an unserem Ziel zu kommen. Sechs von uns durften sich an einen Tisch setzen, was, wie wir entdeckten, darauf zurückzuführen war, dass die Serviertochter nicht zählen konnte, denn sie „überschwemmte“ uns mit zu viel Bier, von dem wir einiges zurückgeben mussten. Ich vermute, sie konnte den Überschuss den ungestümen, jungen Männern weitergeben, die den „Mort de Garçon“ Abend (Polterabend) vor der Hochzeit eines Kollegen feierten. Dazu gehörte, dass der Bräutigam, als Penis verkleidet, Unterschriften auf seinem Kostüm sammelte. Wir taten es, denn ohne unsere Unterschriften hätte er ein Loch mit seinen blossen Händen graben müssen, um eine Flasche Wein zu vergraben. Das sagten sie uns jedenfalls so.</span></span></p>
</td>
</tr>
<tr class="-R">
<td class="-C" style="width: 226.55pt; border: none windowtext 0pt;">
<p class="Normal-P" style="margin-bottom: 6pt; direction: ltr; unicode-bidi: normal;"><span class="Normal-H"><span style="font-family: Arial; font-size: 11.5pt;"><img loading="lazy" decoding="async" class="" src="https://www.adrianwood.ch/wp-content/uploads/2021/09/1632129465_image5.jpeg" width="350" height="233" data-link=""></span></span></p>
</td>
<td class="-C" style="width: 226.55pt; border: none windowtext 0pt;">
<p class="Normal-P" style="margin-bottom: 6pt; direction: ltr; unicode-bidi: normal;"><span class="Normal-H"><span style="font-family: Arial; font-size: 11.5pt;"><img loading="lazy" decoding="async" class="" src="https://www.adrianwood.ch/wp-content/uploads/2021/09/1632129465_image6.jpeg" width="350" height="233" data-link=""></span></span></p>
</td>
</tr>
<tr class="-R">
<td class="-C" style="width: 453.1pt; border: none windowtext 0pt;" colspan="2">
<p class="Normal-P" style="margin-bottom: 6pt; direction: ltr; unicode-bidi: normal;"><span class="Normal-H"><span style="font-family: Arial; font-size: 11.5pt;">Wir gingen dann weiter, nun meist abwärts, verpassten den vorgesehenen Bus und mussten eine halbe Stunde auf den nächsten Bus warten. Aber niemand beklagte sich. Wir kühlten unsere Füsse im Brunnen, assen die Reste unseres Picknicks und genossen es einfach, das kleine Dorf </span><span style="font-family: Arial; font-size: 11.5pt;">Bärschwil</span><span style="font-family: Arial; font-size: 11.5pt;"> eine Weile zu beobachten. Wir kehrten nach Hause zurück mit von der Sonne gerötetem Gesicht und zusammen (nicht wie auf einigen anderen Wanderungen zerstreut) angenehm müde und glücklich über einen so herrlichen Tag.</span></span></p>
<p class="Normal-P" style="margin-bottom: 6pt; direction: ltr; unicode-bidi: normal;"><span class="Normal-H"><span style="font-family: Arial; font-size: 11.5pt;">Cathlyn</span></span></p>
</td>
</tr>
<p><!-- [if !supportMisalignedColumns]--></tbody>
</table>
</div>

<p>8.Mai 2021, Grindel &#8211; Retemberg &#8211; Bärschwil Wanderung An einem sehr kalten Morgen drängte sich eine ziemlich kleinlaute Gruppe von zehn in den vollen Zug nach Laufen (die Leute waren so froh, einen regenfreien Tag geniessen zu können). Adrian war flexibel und liess uns in Grindel aus dem Bus aussteigen, so dass der Anfang des &hellip; <a href="https://www.adrianwood.ch/?page_id=22489" class="more-link">Continue reading <span class="screen-reader-text">2021-05 Retemberg</span> <span class="meta-nav">&rarr;</span></a></p>
