{"id":22512,"date":"2021-09-20T10:43:22","date_gmt":"2021-09-20T10:43:22","guid":{"rendered":"https:\/\/www.adrianwood.ch\/?page_id=22512"},"modified":"2021-09-20T10:43:22","modified_gmt":"2021-09-20T10:43:22","slug":"2021-06-urmiberg","status":"publish","type":"page","link":"https:\/\/www.adrianwood.ch\/?page_id=22512","title":{"rendered":"2021-06 Urmiberg"},"content":{"rendered":"<div class=\"pmdi_content_wrapper\">\n<p class=\"Normal-P\" style=\"margin-bottom: 6pt; direction: ltr; unicode-bidi: normal;\"><span class=\"Normal-H\"><span style=\"font-family: Arial; font-weight: bold; font-size: 12pt;\">26.Juni 2021, <\/span><span style=\"font-family: Arial; font-weight: bold; font-size: 12pt;\">Urmiberg<\/span><span style=\"font-family: Arial; font-weight: bold; font-size: 12pt;\"> \u2013 Rigi Kaltbad<\/span><\/span><\/p>\n<p class=\"Normal-P\" style=\"margin-bottom: 6pt; direction: ltr; unicode-bidi: normal;\"><span class=\"Normal-H\"><span style=\"font-family: Arial; font-size: 11.5pt;\"><img loading=\"lazy\" decoding=\"async\" class=\"\" src=\"https:\/\/www.adrianwood.ch\/wp-content\/uploads\/2021\/09\/1632134479_image1.jpeg\" data-link=\"\" width=\"747\" height=\"331\"><\/span><\/span><\/p>\n<table class=\"TableGrid-T\" style=\"border-collapse: collapse;\" cellspacing=\"0\">\n<tbody>\n<tr class=\"-R\">\n<td class=\"-C\" style=\"width: 453.1pt;\" colspan=\"2\"><\/td>\n<\/tr>\n<tr class=\"-R\">\n<td class=\"-C\" style=\"width: 453.1pt;\" colspan=\"2\">\n<p class=\"Normal-P\" style=\"margin-bottom: 6pt; direction: ltr; unicode-bidi: normal;\"><span class=\"Normal-H\"><span style=\"font-family: Arial; font-size: 11.5pt;\">Wir starteten mit 10 gl\u00fccklichen Wanderern und obwohl wir wegen einer ungew\u00f6hnlichen Zugversp\u00e4tung (meiner ersten Erfahrung seit Jahrzehnten mit der SBB) eine Stunde zu sp\u00e4t dran waren, brachte uns der 6-Pl\u00e4tzer <\/span><span style=\"font-family: Arial; font-size: 11.5pt;\">Urmiberg<\/span><span style=\"font-family: Arial; font-size: 11.5pt;\"> Seilbahn rasch zum Anfang unserer Wanderung. Schon von hier aus gibt es einen sch\u00f6nen Blick \u00fcber den Urnersee zu den dahinterliegenden Bergen. Ein kurzer Aufstieg f\u00fchrte uns zum Scheitel des Bergr\u00fcckens mit Aussicht nach Norden auf den Zugersee. <\/span><\/span><\/p>\n<\/td>\n<\/tr>\n<tr class=\"-R\">\n<td class=\"-C\" style=\"width: 226.4pt;\">\n<p class=\"Normal-P\" style=\"margin-bottom: 6pt; direction: ltr; unicode-bidi: normal;\"><span class=\"Normal-H\"><span style=\"font-family: Arial; font-size: 11.5pt;\"><img loading=\"lazy\" decoding=\"async\" class=\"\" src=\"https:\/\/www.adrianwood.ch\/wp-content\/uploads\/2021\/09\/1632134479_image2.jpeg\" data-link=\"\" width=\"349\" height=\"232\"><\/span><\/span><\/p>\n<\/td>\n<td class=\"-C\" style=\"width: 226.7pt;\">\n<p class=\"Normal-P\" style=\"margin-bottom: 6pt; direction: ltr; unicode-bidi: normal;\"><span class=\"Normal-H\"><span style=\"font-family: Arial; font-size: 11.5pt;\"><img loading=\"lazy\" decoding=\"async\" class=\"\" src=\"https:\/\/www.adrianwood.ch\/wp-content\/uploads\/2021\/09\/1632134479_image3.jpeg\" data-link=\"\" width=\"350\" height=\"234\"><\/span><\/span><\/p>\n<\/td>\n<\/tr>\n<tr class=\"-R\">\n<td class=\"-C\" style=\"width: 453.1pt;\" colspan=\"2\">\n<p class=\"Normal-P\" style=\"margin-bottom: 6pt; direction: ltr; unicode-bidi: normal;\"><span class=\"Normal-H\"><span style=\"font-family: Arial; font-size: 11.5pt;\">Wir schafften es, den kleinen Gipfel mit Namen <\/span><span style=\"font-family: Arial; font-size: 11.5pt;\">Gotterli<\/span><span style=\"font-family: Arial; font-size: 11.5pt;\"> zu erreichen, der ein rundum Panorama versprach, aber er bot uns nur ein Fenster durch den Nebel (der anfing, sich aufzul\u00f6sen, als wir ankamen); dieses gab den Blick auf einen Teil des Vierwaldst\u00e4ttersees frei. Wir gingen weiter durch eine bewaldete Gegend, was sehr angenehm war, denn es war ein warmer Tag; wir k\u00f6nnten auf einem Picknickplatz im Schatten zu Mittag essen. Kurz darauf verabschiedeten wir auf dem <\/span><span style=\"font-family: Arial; font-size: 11.5pt;\">G\u00e4tterlipass<\/span><span style=\"font-family: Arial; font-size: 11.5pt;\"> eine Teilnehmerin, die langsamer gehen wollte und die mit einigen der vielen Kabinen- und Zahnradbahnen am Rigi alleine heimkehren konnte. <\/span><\/span><\/p>\n<\/td>\n<\/tr>\n<tr class=\"-R\">\n<td class=\"-C\" style=\"width: 226.4pt;\">\n<p class=\"Normal-P\" style=\"margin-bottom: 6pt; direction: ltr; unicode-bidi: normal;\"><span class=\"Normal-H\"><span style=\"font-family: Arial; font-size: 11.5pt;\"><img loading=\"lazy\" decoding=\"async\" class=\"\" src=\"https:\/\/www.adrianwood.ch\/wp-content\/uploads\/2021\/09\/1632134479_image4.jpeg\" data-link=\"\" width=\"351\" height=\"233\"><\/span><\/span><\/p>\n<\/td>\n<td class=\"-C\" style=\"width: 226.7pt;\">\n<p class=\"Normal-P\" style=\"margin-bottom: 6pt; direction: ltr; unicode-bidi: normal;\"><span class=\"Normal-H\"><span style=\"font-family: Arial; font-size: 11.5pt;\"><img loading=\"lazy\" decoding=\"async\" class=\"\" src=\"https:\/\/www.adrianwood.ch\/wp-content\/uploads\/2021\/09\/1632134479_image5.jpeg\" data-link=\"\" width=\"350\" height=\"234\"><\/span><\/span><\/p>\n<\/td>\n<\/tr>\n<tr class=\"-R\">\n<td class=\"-C\" style=\"width: 453.1pt;\" colspan=\"2\">\n<p class=\"Normal-P\" style=\"margin-bottom: 6pt; direction: ltr; unicode-bidi: normal;\"><span class=\"Normal-H\"><span style=\"font-family: Arial; font-size: 11.5pt;\">Wieder gest\u00e4rkt nahmen wir den Berg in Angriff, diesmal mit Aussicht auf beide Seiten und mit Vorfreude auf erfrischende Getr\u00e4nke im Restaurant Burggeist gerade unterhalb von Rigi Scheidegg.<\/span><span style=\"font-family: Arial; font-size: 11.5pt;\">Dieser Abschnitt war der H\u00f6hepunkt der Wanderung mit all den Wildblumen, die zu dieser Jahreszeit bl\u00fchen. Trollblumen, Arnika und mehrere Orchideenarten waren zahlreich, und wir bewunderten sie zusammen mit Dutzenden anderer Blumen, die ich nicht mit Namen nennen kann. Zu beachten waren die flauschigen Wollgr\u00e4ser, die wir im Moor fanden, das wir durchquerten. Der \u00dcberfluss an Blumen zog viele Schmetterlinge an, darunter den Schwalbenschwanz, der gr\u00f6sste einheimische Schmetterling.<\/span><\/span><\/p>\n<\/td>\n<\/tr>\n<tr class=\"-R\">\n<td class=\"-C\" style=\"width: 226.4pt;\">\n<p class=\"Normal-P\" style=\"margin-bottom: 6pt; direction: ltr; unicode-bidi: normal;\"><span class=\"Normal-H\"><span style=\"font-family: Arial; font-size: 11.5pt;\"><img loading=\"lazy\" decoding=\"async\" class=\"\" src=\"https:\/\/www.adrianwood.ch\/wp-content\/uploads\/2021\/09\/1632134479_image6.jpeg\" data-link=\"\" width=\"350\" height=\"234\"><\/span><\/span><\/p>\n<\/td>\n<td class=\"-C\" style=\"width: 226.7pt;\">\n<p class=\"Normal-P\" style=\"margin-bottom: 6pt; direction: ltr; unicode-bidi: normal;\"><span class=\"Normal-H\"><span style=\"font-family: Arial; font-size: 11.5pt;\"><img loading=\"lazy\" decoding=\"async\" class=\"\" src=\"https:\/\/www.adrianwood.ch\/wp-content\/uploads\/2021\/09\/1632134479_image7.jpeg\" data-link=\"\" width=\"350\" height=\"234\"><\/span><\/span><\/p>\n<\/td>\n<\/tr>\n<tr class=\"-R\">\n<td class=\"-C\" style=\"width: 453.1pt;\" colspan=\"2\">\n<p class=\"Normal-P\" style=\"margin-bottom: 6pt; direction: ltr; unicode-bidi: normal;\"><span class=\"Normal-H\"><span style=\"font-family: Arial; font-size: 11.5pt;\">Im Burggeist nutzen einige von uns das Trampolin, w\u00e4hrend andere zogen es vor, die Hauskaninchen beim Herumh\u00fcpfen zu beobachten. Erfrischt gingen wir weiter auf den Rigi <\/span><span style=\"font-family: Arial; font-size: 11.5pt;\">Dossen<\/span><span style=\"font-family: Arial; font-size: 11.5pt;\"> und nahmen den Pfad auf der S\u00fcdseite, wieder mit wunderbarer Aussicht auf den Vierwaldst\u00e4ttersee. Sp\u00e4ter konnten wir den Blumenpfad geniessen, der im Kliff dar\u00fcber angelegt worden war; hier konnten wir die meisten Blumen identifizieren, denn sie waren angeschrieben, und das verlangsamte einige von uns erheblich. Es hatte eine besonders spektakul\u00e4re Feuerlilie in voller Bl\u00fcte; eine Blume, die man nicht oft in der freien Natur sieht. <\/span><\/span><\/p>\n<\/td>\n<\/tr>\n<tr class=\"-R\">\n<td class=\"-C\" style=\"width: 226.4pt;\">\n<p class=\"Normal-P\" style=\"margin-bottom: 6pt; direction: ltr; unicode-bidi: normal;\"><span class=\"Normal-H\"><span style=\"font-family: Arial; font-size: 11.5pt;\"><img loading=\"lazy\" decoding=\"async\" class=\"\" src=\"https:\/\/www.adrianwood.ch\/wp-content\/uploads\/2021\/09\/1632134479_image8.jpeg\" data-link=\"\" width=\"351\" height=\"233\"><\/span><\/span><\/p>\n<\/td>\n<td class=\"-C\" style=\"width: 226.7pt;\">\n<p class=\"Normal-P\" style=\"margin-bottom: 6pt; direction: ltr; unicode-bidi: normal;\"><span class=\"Normal-H\"><span style=\"font-family: Arial; font-size: 11.5pt;\"><img loading=\"lazy\" decoding=\"async\" class=\"\" src=\"https:\/\/www.adrianwood.ch\/wp-content\/uploads\/2021\/09\/1632134479_image9.jpeg\" data-link=\"\" width=\"350\" height=\"234\"><\/span><\/span><\/p>\n<\/td>\n<\/tr>\n<tr class=\"-R\">\n<td class=\"-C\" style=\"width: 453.1pt;\" colspan=\"2\">\n<p class=\"Normal-P\" style=\"margin-bottom: 6pt; direction: ltr; unicode-bidi: normal;\"><span class=\"Normal-H\"><span style=\"font-family: Arial; font-size: 11.5pt;\">Bei der Ankunft in Rigi Kaltbad hatten wir die Absicht, den Zug zu nehmen, der sein 150 Jahre Jubil\u00e4um beging, und dann das (Dampf)-Schiff nach Hause. Jedoch, weil wir eine Stunde sp\u00e4ter dran waren als geplant, hatten wir diese Option nicht mehr; darum nahmen wir nach einem willkommenen Trunk die Seilbahn hinunter nach Weggis. Dort winkten einige neidisch den im Luxus-Kurort Badenden zu; ein Ehepaar trennte sich von der Gruppe, um den See bis am Sonntag zu geniessen. Die \u00fcbrigen Wanderer kehrten mit dem Bus und dem Zug nach Luzern zur\u00fcck, wo wir italienische K\u00fcche genossen, gefolgt von einer sicheren, aber sp\u00e4ten Heimkehr nach Basel. Wir verpassten die Gleitschirmflieger, die im Himmel stiegen (als Teil der 150 Jahre Feierlichkeiten), aber das war kein Verlust, den Mutter Natur verw\u00f6hnte uns mit spektakul\u00e4ren Aussichten und wir waren in guter Gesellschaft.<\/span><\/span><\/p>\n<p class=\"Normal-P\" style=\"margin-bottom: 6pt; direction: ltr; unicode-bidi: normal;\"><span class=\"Normal-H\"><span style=\"font-family: Arial; font-size: 11.5pt;\">Cathlyn<\/span><span style=\"font-family: Arial; font-size: 11.5pt;\"> &amp; Adrian<\/span><\/span><\/p>\n<\/td>\n<\/tr>\n<p><!-- [if !supportMisalignedColumns]--><\/tbody>\n<\/table>\n<\/div>\n","protected":false},"excerpt":{"rendered":"<p>26.Juni 2021, Urmiberg \u2013 Rigi Kaltbad Wir starteten mit 10 gl\u00fccklichen Wanderern und obwohl wir wegen einer ungew\u00f6hnlichen Zugversp\u00e4tung (meiner ersten Erfahrung seit Jahrzehnten mit der SBB) eine Stunde zu sp\u00e4t dran waren, brachte uns der 6-Pl\u00e4tzer Urmiberg Seilbahn rasch zum Anfang unserer Wanderung. Schon von hier aus gibt es einen sch\u00f6nen Blick \u00fcber den &hellip; <a href=\"https:\/\/www.adrianwood.ch\/?page_id=22512\" class=\"more-link\">Continue reading <span class=\"screen-reader-text\">2021-06 Urmiberg<\/span> <span class=\"meta-nav\">&rarr;<\/span><\/a><\/p>\n","protected":false},"author":1,"featured_media":0,"parent":122,"menu_order":1156,"comment_status":"closed","ping_status":"closed","template":"","meta":{"ngg_post_thumbnail":0,"footnotes":""},"class_list":["post-22512","page","type-page","status-publish","hentry"],"_links":{"self":[{"href":"https:\/\/www.adrianwood.ch\/index.php?rest_route=\/wp\/v2\/pages\/22512","targetHints":{"allow":["GET"]}}],"collection":[{"href":"https:\/\/www.adrianwood.ch\/index.php?rest_route=\/wp\/v2\/pages"}],"about":[{"href":"https:\/\/www.adrianwood.ch\/index.php?rest_route=\/wp\/v2\/types\/page"}],"author":[{"embeddable":true,"href":"https:\/\/www.adrianwood.ch\/index.php?rest_route=\/wp\/v2\/users\/1"}],"replies":[{"embeddable":true,"href":"https:\/\/www.adrianwood.ch\/index.php?rest_route=%2Fwp%2Fv2%2Fcomments&post=22512"}],"version-history":[{"count":2,"href":"https:\/\/www.adrianwood.ch\/index.php?rest_route=\/wp\/v2\/pages\/22512\/revisions"}],"predecessor-version":[{"id":24435,"href":"https:\/\/www.adrianwood.ch\/index.php?rest_route=\/wp\/v2\/pages\/22512\/revisions\/24435"}],"up":[{"embeddable":true,"href":"https:\/\/www.adrianwood.ch\/index.php?rest_route=\/wp\/v2\/pages\/122"}],"wp:attachment":[{"href":"https:\/\/www.adrianwood.ch\/index.php?rest_route=%2Fwp%2Fv2%2Fmedia&parent=22512"}],"curies":[{"name":"wp","href":"https:\/\/api.w.org\/{rel}","templated":true}]}}

<div class="pmdi_content_wrapper">
<p class="Normal-P" style="margin-bottom: 6pt; direction: ltr; unicode-bidi: normal;"><span class="Normal-H"><span style="font-family: Arial; font-weight: bold; font-size: 12pt;">26.Juni 2021, </span><span style="font-family: Arial; font-weight: bold; font-size: 12pt;">Urmiberg</span><span style="font-family: Arial; font-weight: bold; font-size: 12pt;"> – Rigi Kaltbad</span></span></p>
<p class="Normal-P" style="margin-bottom: 6pt; direction: ltr; unicode-bidi: normal;"><span class="Normal-H"><span style="font-family: Arial; font-size: 11.5pt;"><img loading="lazy" decoding="async" class="" src="https://www.adrianwood.ch/wp-content/uploads/2021/09/1632134479_image1.jpeg" data-link="" width="747" height="331"></span></span></p>
<table class="TableGrid-T" style="border-collapse: collapse;" cellspacing="0">
<tbody>
<tr class="-R">
<td class="-C" style="width: 453.1pt;" colspan="2"></td>
</tr>
<tr class="-R">
<td class="-C" style="width: 453.1pt;" colspan="2">
<p class="Normal-P" style="margin-bottom: 6pt; direction: ltr; unicode-bidi: normal;"><span class="Normal-H"><span style="font-family: Arial; font-size: 11.5pt;">Wir starteten mit 10 glücklichen Wanderern und obwohl wir wegen einer ungewöhnlichen Zugverspätung (meiner ersten Erfahrung seit Jahrzehnten mit der SBB) eine Stunde zu spät dran waren, brachte uns der 6-Plätzer </span><span style="font-family: Arial; font-size: 11.5pt;">Urmiberg</span><span style="font-family: Arial; font-size: 11.5pt;"> Seilbahn rasch zum Anfang unserer Wanderung. Schon von hier aus gibt es einen schönen Blick über den Urnersee zu den dahinterliegenden Bergen. Ein kurzer Aufstieg führte uns zum Scheitel des Bergrückens mit Aussicht nach Norden auf den Zugersee. </span></span></p>
</td>
</tr>
<tr class="-R">
<td class="-C" style="width: 226.4pt;">
<p class="Normal-P" style="margin-bottom: 6pt; direction: ltr; unicode-bidi: normal;"><span class="Normal-H"><span style="font-family: Arial; font-size: 11.5pt;"><img loading="lazy" decoding="async" class="" src="https://www.adrianwood.ch/wp-content/uploads/2021/09/1632134479_image2.jpeg" data-link="" width="349" height="232"></span></span></p>
</td>
<td class="-C" style="width: 226.7pt;">
<p class="Normal-P" style="margin-bottom: 6pt; direction: ltr; unicode-bidi: normal;"><span class="Normal-H"><span style="font-family: Arial; font-size: 11.5pt;"><img loading="lazy" decoding="async" class="" src="https://www.adrianwood.ch/wp-content/uploads/2021/09/1632134479_image3.jpeg" data-link="" width="350" height="234"></span></span></p>
</td>
</tr>
<tr class="-R">
<td class="-C" style="width: 453.1pt;" colspan="2">
<p class="Normal-P" style="margin-bottom: 6pt; direction: ltr; unicode-bidi: normal;"><span class="Normal-H"><span style="font-family: Arial; font-size: 11.5pt;">Wir schafften es, den kleinen Gipfel mit Namen </span><span style="font-family: Arial; font-size: 11.5pt;">Gotterli</span><span style="font-family: Arial; font-size: 11.5pt;"> zu erreichen, der ein rundum Panorama versprach, aber er bot uns nur ein Fenster durch den Nebel (der anfing, sich aufzulösen, als wir ankamen); dieses gab den Blick auf einen Teil des Vierwaldstättersees frei. Wir gingen weiter durch eine bewaldete Gegend, was sehr angenehm war, denn es war ein warmer Tag; wir könnten auf einem Picknickplatz im Schatten zu Mittag essen. Kurz darauf verabschiedeten wir auf dem </span><span style="font-family: Arial; font-size: 11.5pt;">Gätterlipass</span><span style="font-family: Arial; font-size: 11.5pt;"> eine Teilnehmerin, die langsamer gehen wollte und die mit einigen der vielen Kabinen- und Zahnradbahnen am Rigi alleine heimkehren konnte. </span></span></p>
</td>
</tr>
<tr class="-R">
<td class="-C" style="width: 226.4pt;">
<p class="Normal-P" style="margin-bottom: 6pt; direction: ltr; unicode-bidi: normal;"><span class="Normal-H"><span style="font-family: Arial; font-size: 11.5pt;"><img loading="lazy" decoding="async" class="" src="https://www.adrianwood.ch/wp-content/uploads/2021/09/1632134479_image4.jpeg" data-link="" width="351" height="233"></span></span></p>
</td>
<td class="-C" style="width: 226.7pt;">
<p class="Normal-P" style="margin-bottom: 6pt; direction: ltr; unicode-bidi: normal;"><span class="Normal-H"><span style="font-family: Arial; font-size: 11.5pt;"><img loading="lazy" decoding="async" class="" src="https://www.adrianwood.ch/wp-content/uploads/2021/09/1632134479_image5.jpeg" data-link="" width="350" height="234"></span></span></p>
</td>
</tr>
<tr class="-R">
<td class="-C" style="width: 453.1pt;" colspan="2">
<p class="Normal-P" style="margin-bottom: 6pt; direction: ltr; unicode-bidi: normal;"><span class="Normal-H"><span style="font-family: Arial; font-size: 11.5pt;">Wieder gestärkt nahmen wir den Berg in Angriff, diesmal mit Aussicht auf beide Seiten und mit Vorfreude auf erfrischende Getränke im Restaurant Burggeist gerade unterhalb von Rigi Scheidegg.</span><span style="font-family: Arial; font-size: 11.5pt;">Dieser Abschnitt war der Höhepunkt der Wanderung mit all den Wildblumen, die zu dieser Jahreszeit blühen. Trollblumen, Arnika und mehrere Orchideenarten waren zahlreich, und wir bewunderten sie zusammen mit Dutzenden anderer Blumen, die ich nicht mit Namen nennen kann. Zu beachten waren die flauschigen Wollgräser, die wir im Moor fanden, das wir durchquerten. Der Überfluss an Blumen zog viele Schmetterlinge an, darunter den Schwalbenschwanz, der grösste einheimische Schmetterling.</span></span></p>
</td>
</tr>
<tr class="-R">
<td class="-C" style="width: 226.4pt;">
<p class="Normal-P" style="margin-bottom: 6pt; direction: ltr; unicode-bidi: normal;"><span class="Normal-H"><span style="font-family: Arial; font-size: 11.5pt;"><img loading="lazy" decoding="async" class="" src="https://www.adrianwood.ch/wp-content/uploads/2021/09/1632134479_image6.jpeg" data-link="" width="350" height="234"></span></span></p>
</td>
<td class="-C" style="width: 226.7pt;">
<p class="Normal-P" style="margin-bottom: 6pt; direction: ltr; unicode-bidi: normal;"><span class="Normal-H"><span style="font-family: Arial; font-size: 11.5pt;"><img loading="lazy" decoding="async" class="" src="https://www.adrianwood.ch/wp-content/uploads/2021/09/1632134479_image7.jpeg" data-link="" width="350" height="234"></span></span></p>
</td>
</tr>
<tr class="-R">
<td class="-C" style="width: 453.1pt;" colspan="2">
<p class="Normal-P" style="margin-bottom: 6pt; direction: ltr; unicode-bidi: normal;"><span class="Normal-H"><span style="font-family: Arial; font-size: 11.5pt;">Im Burggeist nutzen einige von uns das Trampolin, während andere zogen es vor, die Hauskaninchen beim Herumhüpfen zu beobachten. Erfrischt gingen wir weiter auf den Rigi </span><span style="font-family: Arial; font-size: 11.5pt;">Dossen</span><span style="font-family: Arial; font-size: 11.5pt;"> und nahmen den Pfad auf der Südseite, wieder mit wunderbarer Aussicht auf den Vierwaldstättersee. Später konnten wir den Blumenpfad geniessen, der im Kliff darüber angelegt worden war; hier konnten wir die meisten Blumen identifizieren, denn sie waren angeschrieben, und das verlangsamte einige von uns erheblich. Es hatte eine besonders spektakuläre Feuerlilie in voller Blüte; eine Blume, die man nicht oft in der freien Natur sieht. </span></span></p>
</td>
</tr>
<tr class="-R">
<td class="-C" style="width: 226.4pt;">
<p class="Normal-P" style="margin-bottom: 6pt; direction: ltr; unicode-bidi: normal;"><span class="Normal-H"><span style="font-family: Arial; font-size: 11.5pt;"><img loading="lazy" decoding="async" class="" src="https://www.adrianwood.ch/wp-content/uploads/2021/09/1632134479_image8.jpeg" data-link="" width="351" height="233"></span></span></p>
</td>
<td class="-C" style="width: 226.7pt;">
<p class="Normal-P" style="margin-bottom: 6pt; direction: ltr; unicode-bidi: normal;"><span class="Normal-H"><span style="font-family: Arial; font-size: 11.5pt;"><img loading="lazy" decoding="async" class="" src="https://www.adrianwood.ch/wp-content/uploads/2021/09/1632134479_image9.jpeg" data-link="" width="350" height="234"></span></span></p>
</td>
</tr>
<tr class="-R">
<td class="-C" style="width: 453.1pt;" colspan="2">
<p class="Normal-P" style="margin-bottom: 6pt; direction: ltr; unicode-bidi: normal;"><span class="Normal-H"><span style="font-family: Arial; font-size: 11.5pt;">Bei der Ankunft in Rigi Kaltbad hatten wir die Absicht, den Zug zu nehmen, der sein 150 Jahre Jubiläum beging, und dann das (Dampf)-Schiff nach Hause. Jedoch, weil wir eine Stunde später dran waren als geplant, hatten wir diese Option nicht mehr; darum nahmen wir nach einem willkommenen Trunk die Seilbahn hinunter nach Weggis. Dort winkten einige neidisch den im Luxus-Kurort Badenden zu; ein Ehepaar trennte sich von der Gruppe, um den See bis am Sonntag zu geniessen. Die übrigen Wanderer kehrten mit dem Bus und dem Zug nach Luzern zurück, wo wir italienische Küche genossen, gefolgt von einer sicheren, aber späten Heimkehr nach Basel. Wir verpassten die Gleitschirmflieger, die im Himmel stiegen (als Teil der 150 Jahre Feierlichkeiten), aber das war kein Verlust, den Mutter Natur verwöhnte uns mit spektakulären Aussichten und wir waren in guter Gesellschaft.</span></span></p>
<p class="Normal-P" style="margin-bottom: 6pt; direction: ltr; unicode-bidi: normal;"><span class="Normal-H"><span style="font-family: Arial; font-size: 11.5pt;">Cathlyn</span><span style="font-family: Arial; font-size: 11.5pt;"> &amp; Adrian</span></span></p>
</td>
</tr>
<p><!-- [if !supportMisalignedColumns]--></tbody>
</table>
</div>

<p>26.Juni 2021, Urmiberg – Rigi Kaltbad Wir starteten mit 10 glücklichen Wanderern und obwohl wir wegen einer ungewöhnlichen Zugverspätung (meiner ersten Erfahrung seit Jahrzehnten mit der SBB) eine Stunde zu spät dran waren, brachte uns der 6-Plätzer Urmiberg Seilbahn rasch zum Anfang unserer Wanderung. Schon von hier aus gibt es einen schönen Blick über den &hellip; <a href="https://www.adrianwood.ch/?page_id=22512" class="more-link">Continue reading <span class="screen-reader-text">2021-06 Urmiberg</span> <span class="meta-nav">&rarr;</span></a></p>
