{"id":22566,"date":"2021-11-10T10:00:45","date_gmt":"2021-11-10T10:00:45","guid":{"rendered":"https:\/\/www.adrianwood.ch\/?page_id=22566"},"modified":"2021-11-10T10:54:59","modified_gmt":"2021-11-10T10:54:59","slug":"10-02-fieschertal","status":"publish","type":"page","link":"https:\/\/www.adrianwood.ch\/?page_id=22566","title":{"rendered":"10-02 Fieschertal"},"content":{"rendered":"<figure id=\"attachment_22567\" aria-describedby=\"caption-attachment-22567\" style=\"width: 1620px\" class=\"wp-caption alignleft\"><a href=\"https:\/\/www.adrianwood.ch\/wp-content\/uploads\/2021\/11\/ALE_0942.jpg\"><img loading=\"lazy\" decoding=\"async\" class=\"size-full wp-image-22567\" src=\"https:\/\/www.adrianwood.ch\/wp-content\/uploads\/2021\/11\/ALE_0942.jpg\" alt=\"\" width=\"1620\" height=\"1080\" srcset=\"https:\/\/www.adrianwood.ch\/wp-content\/uploads\/2021\/11\/ALE_0942.jpg 1620w, https:\/\/www.adrianwood.ch\/wp-content\/uploads\/2021\/11\/ALE_0942-300x200.jpg 300w, https:\/\/www.adrianwood.ch\/wp-content\/uploads\/2021\/11\/ALE_0942-1024x683.jpg 1024w, https:\/\/www.adrianwood.ch\/wp-content\/uploads\/2021\/11\/ALE_0942-768x512.jpg 768w, https:\/\/www.adrianwood.ch\/wp-content\/uploads\/2021\/11\/ALE_0942-1536x1024.jpg 1536w\" sizes=\"auto, (max-width: 1620px) 100vw, 1620px\" \/><\/a><figcaption id=\"caption-attachment-22567\" class=\"wp-caption-text\">Aspi-Titter Br\u00fccke<\/figcaption><\/figure>\n<h2><strong>Samstag 2.Oktober 2021, Aspi-Titter Br\u00fccke<\/strong><\/h2>\n<p>Wir haben die Wanderung in der umgekehrten Richtung, und leicht anders gemacht als ausgeschrieben, in dem wir in Fieschertal anfingen anstatt in Bellwald, wo die Wanderung dann geendet hat. Ich dachte es w\u00e4re besser wenn wir die Treppen nach der Br\u00fccke im Aufstieg nehmen wurden so wie ich es fr\u00fcher gemacht habe. Mein Bruder, Peter, kam aus England zu Besuch und wurde mit uns laufen. Er und ich waren die Tage vorher schon im Wallis auf der Fiescheralp und haben die neue 10er Gondelbahn hinunter nach Fiesch Bahnhof (OeV Hub) genommen. Dort haben wir die 5 f\u00fcr die Wanderung angemeldeten Damen getroffen. Eine Mitwanderin war auch schon im Wallis (Oberwald). Wir waren eine kleine Gruppe, aber eine davon war mir bisher noch nicht bekannt. Um 09:58 fuhren wir alle mit dem Bus nach Fieschertal, Dorfplatz, Ankunft 10:03 h.<\/p>\n<p>Wir liefen zuerst an kleinen Walliser H\u00e4usern vorbei und \u00fcber Wiesen, eine mit Schafen, bis wir den Wysswasser auf eine Steinbr\u00fccke \u00fcberquerten. Der Fluss fliesst bereits hier in einer tiefen Schlucht und man konnte die Aspi-Titter H\u00e4ngebr\u00fccke hoch oben in der Ferne schon ausmachen. Nachher ging es steiler durch lichten L\u00e4rchenwald zwischen gerundeten Felsen bis wir die fast ebene Strasse zur H\u00e4ngebr\u00fccke erreichten. Hier wurde nat\u00fcrlich viel fotografiert und wir machten eine kleine Pause. Die \u00dcberquerung der tiefen, breiten Schlucht ist spektakul\u00e4r und abenteuerlich, aber gut gesichert mit hohen Z\u00e4unen auf beiden Seiten.<\/p>\n<p>Auf der anderen Seite der Schlucht ging es \u00fcber steile Treppen circa 200m hinauf zu einem Aussichtsbalkon. Hier in der N\u00e4he haben wir unsere Mittagspause und eine kleine Siesta gemacht. Der Weiterweg wurde viel gem\u00fctlicher und schliesslich erreichten wir Bellwald, wo wir von einem Mountainbike Rennen \u00fcberrascht wurden. Deswegen fuhren wir gleich mit der kleinen Seilbahn hinunter zur Bahn, und vor der Abfahrt nach Basel haben alle von uns die H\u00e4ngebr\u00fccke \u00fcber die Rhone nach M\u00fchlebach \u00fcberquert \u2013 weniger spektakul\u00e4r, aber immerhin.<\/p>\n<p>Es war ein sch\u00f6ner Tag auf der Aspi-Titter Br\u00fccke Wanderung mit den 5 Damen und Peter. Obwohl wir keine schneebedeckten Berge sehen konnten hatten wir doch Gl\u00fcck mit dem Wetter. Die lange Fahrt nach Wallis hat sich gelohnt.<\/p>\n<p>Peter und ich blieben auf der anderen Seite der Rhone und wurden im B&amp;B H\u00e4ngebrigga gut untergebracht. Wir gingen nach Ernen, einen grossen historischen Dorf, zum Abendessen. Am Sonntag war das Wetter schon tr\u00fcb, aber wir nahmen einen Bus nach Binn und liefen durch den Twingi Schlucht, wo Peter sich f\u00fcr die ausgestellten Kunstst\u00fccke interessierte. Am Nachmittag fuhr ich dann nach Hause und Peter nach Montreux zum \u00dcbernachten bevor er von Genf zur\u00fcck nach England flog.<\/p>\nngg_shortcode_0_placeholder\n","protected":false},"excerpt":{"rendered":"<p>Samstag 2.Oktober 2021, Aspi-Titter Br\u00fccke Wir haben die Wanderung in der umgekehrten Richtung, und leicht anders gemacht als ausgeschrieben, in dem wir in Fieschertal anfingen anstatt in Bellwald, wo die Wanderung dann geendet hat. Ich dachte es w\u00e4re besser wenn wir die Treppen nach der Br\u00fccke im Aufstieg nehmen wurden so wie ich es fr\u00fcher &hellip; <a href=\"https:\/\/www.adrianwood.ch\/?page_id=22566\" class=\"more-link\">Continue reading <span class=\"screen-reader-text\">10-02 Fieschertal<\/span> <span class=\"meta-nav\">&rarr;<\/span><\/a><\/p>\n","protected":false},"author":1,"featured_media":0,"parent":22546,"menu_order":1423,"comment_status":"closed","ping_status":"closed","template":"","meta":{"ngg_post_thumbnail":0,"footnotes":""},"class_list":["post-22566","page","type-page","status-publish","hentry"],"_links":{"self":[{"href":"https:\/\/www.adrianwood.ch\/index.php?rest_route=\/wp\/v2\/pages\/22566","targetHints":{"allow":["GET"]}}],"collection":[{"href":"https:\/\/www.adrianwood.ch\/index.php?rest_route=\/wp\/v2\/pages"}],"about":[{"href":"https:\/\/www.adrianwood.ch\/index.php?rest_route=\/wp\/v2\/types\/page"}],"author":[{"embeddable":true,"href":"https:\/\/www.adrianwood.ch\/index.php?rest_route=\/wp\/v2\/users\/1"}],"replies":[{"embeddable":true,"href":"https:\/\/www.adrianwood.ch\/index.php?rest_route=%2Fwp%2Fv2%2Fcomments&post=22566"}],"version-history":[{"count":3,"href":"https:\/\/www.adrianwood.ch\/index.php?rest_route=\/wp\/v2\/pages\/22566\/revisions"}],"predecessor-version":[{"id":22633,"href":"https:\/\/www.adrianwood.ch\/index.php?rest_route=\/wp\/v2\/pages\/22566\/revisions\/22633"}],"up":[{"embeddable":true,"href":"https:\/\/www.adrianwood.ch\/index.php?rest_route=\/wp\/v2\/pages\/22546"}],"wp:attachment":[{"href":"https:\/\/www.adrianwood.ch\/index.php?rest_route=%2Fwp%2Fv2%2Fmedia&parent=22566"}],"curies":[{"name":"wp","href":"https:\/\/api.w.org\/{rel}","templated":true}]}}

<figure id="attachment_22567" aria-describedby="caption-attachment-22567" style="width: 1620px" class="wp-caption alignleft"><a href="https://www.adrianwood.ch/wp-content/uploads/2021/11/ALE_0942.jpg"><img loading="lazy" decoding="async" class="size-full wp-image-22567" src="https://www.adrianwood.ch/wp-content/uploads/2021/11/ALE_0942.jpg" alt="" width="1620" height="1080" srcset="https://www.adrianwood.ch/wp-content/uploads/2021/11/ALE_0942.jpg 1620w, https://www.adrianwood.ch/wp-content/uploads/2021/11/ALE_0942-300x200.jpg 300w, https://www.adrianwood.ch/wp-content/uploads/2021/11/ALE_0942-1024x683.jpg 1024w, https://www.adrianwood.ch/wp-content/uploads/2021/11/ALE_0942-768x512.jpg 768w, https://www.adrianwood.ch/wp-content/uploads/2021/11/ALE_0942-1536x1024.jpg 1536w" sizes="auto, (max-width: 1620px) 100vw, 1620px" /></a><figcaption id="caption-attachment-22567" class="wp-caption-text">Aspi-Titter Brücke</figcaption></figure>
<h2><strong>Samstag 2.Oktober 2021, Aspi-Titter Brücke</strong></h2>
<p>Wir haben die Wanderung in der umgekehrten Richtung, und leicht anders gemacht als ausgeschrieben, in dem wir in Fieschertal anfingen anstatt in Bellwald, wo die Wanderung dann geendet hat. Ich dachte es wäre besser wenn wir die Treppen nach der Brücke im Aufstieg nehmen wurden so wie ich es früher gemacht habe. Mein Bruder, Peter, kam aus England zu Besuch und wurde mit uns laufen. Er und ich waren die Tage vorher schon im Wallis auf der Fiescheralp und haben die neue 10er Gondelbahn hinunter nach Fiesch Bahnhof (OeV Hub) genommen. Dort haben wir die 5 für die Wanderung angemeldeten Damen getroffen. Eine Mitwanderin war auch schon im Wallis (Oberwald). Wir waren eine kleine Gruppe, aber eine davon war mir bisher noch nicht bekannt. Um 09:58 fuhren wir alle mit dem Bus nach Fieschertal, Dorfplatz, Ankunft 10:03 h.</p>
<p>Wir liefen zuerst an kleinen Walliser Häusern vorbei und über Wiesen, eine mit Schafen, bis wir den Wysswasser auf eine Steinbrücke überquerten. Der Fluss fliesst bereits hier in einer tiefen Schlucht und man konnte die Aspi-Titter Hängebrücke hoch oben in der Ferne schon ausmachen. Nachher ging es steiler durch lichten Lärchenwald zwischen gerundeten Felsen bis wir die fast ebene Strasse zur Hängebrücke erreichten. Hier wurde natürlich viel fotografiert und wir machten eine kleine Pause. Die Überquerung der tiefen, breiten Schlucht ist spektakulär und abenteuerlich, aber gut gesichert mit hohen Zäunen auf beiden Seiten.</p>
<p>Auf der anderen Seite der Schlucht ging es über steile Treppen circa 200m hinauf zu einem Aussichtsbalkon. Hier in der Nähe haben wir unsere Mittagspause und eine kleine Siesta gemacht. Der Weiterweg wurde viel gemütlicher und schliesslich erreichten wir Bellwald, wo wir von einem Mountainbike Rennen überrascht wurden. Deswegen fuhren wir gleich mit der kleinen Seilbahn hinunter zur Bahn, und vor der Abfahrt nach Basel haben alle von uns die Hängebrücke über die Rhone nach Mühlebach überquert – weniger spektakulär, aber immerhin.</p>
<p>Es war ein schöner Tag auf der Aspi-Titter Brücke Wanderung mit den 5 Damen und Peter. Obwohl wir keine schneebedeckten Berge sehen konnten hatten wir doch Glück mit dem Wetter. Die lange Fahrt nach Wallis hat sich gelohnt.</p>
<p>Peter und ich blieben auf der anderen Seite der Rhone und wurden im B&amp;B Hängebrigga gut untergebracht. Wir gingen nach Ernen, einen grossen historischen Dorf, zum Abendessen. Am Sonntag war das Wetter schon trüb, aber wir nahmen einen Bus nach Binn und liefen durch den Twingi Schlucht, wo Peter sich für die ausgestellten Kunststücke interessierte. Am Nachmittag fuhr ich dann nach Hause und Peter nach Montreux zum Übernachten bevor er von Genf zurück nach England flog.</p>
ngg_shortcode_0_placeholder

<p>Samstag 2.Oktober 2021, Aspi-Titter Brücke Wir haben die Wanderung in der umgekehrten Richtung, und leicht anders gemacht als ausgeschrieben, in dem wir in Fieschertal anfingen anstatt in Bellwald, wo die Wanderung dann geendet hat. Ich dachte es wäre besser wenn wir die Treppen nach der Brücke im Aufstieg nehmen wurden so wie ich es früher &hellip; <a href="https://www.adrianwood.ch/?page_id=22566" class="more-link">Continue reading <span class="screen-reader-text">10-02 Fieschertal</span> <span class="meta-nav">&rarr;</span></a></p>
