{"id":2276,"date":"2012-10-24T15:35:26","date_gmt":"2012-10-24T15:35:26","guid":{"rendered":"http:\/\/adrianwood.ch\/?page_id=2276"},"modified":"2016-06-08T10:07:34","modified_gmt":"2016-06-08T10:07:34","slug":"09-16-lovcen-gebirge","status":"publish","type":"page","link":"https:\/\/www.adrianwood.ch\/?page_id=2276","title":{"rendered":"09-16 Lovcen Gebirge"},"content":{"rendered":"<figure id=\"attachment_2277\" aria-describedby=\"caption-attachment-2277\" style=\"width: 730px\" class=\"wp-caption alignleft\"><a href=\"http:\/\/adrianwood.ch\/private-tours\/croatia-and-montenegro\/2012-09-montenegro\/09-16-lovcen-gebirge\/lov_0140_r7\/\" rel=\"attachment wp-att-2277\"><img loading=\"lazy\" decoding=\"async\" class=\"size-full wp-image-2277\" title=\"LOV_0140_r7\" src=\"http:\/\/adrianwood.ch\/wp-content\/uploads\/2012\/10\/LOV_0140_r7.jpg\" alt=\"die zwei h\u00f6chsten Gipfel der Lovcen Gebirge, Stirovnik und Jezerski vrh\" width=\"730\" height=\"485\" \/><\/a><figcaption id=\"caption-attachment-2277\" class=\"wp-caption-text\">die zwei h\u00f6chsten Gipfel der Lovcen Gebirge, Stirovnik und Jezerski vrh<\/figcaption><\/figure>\n<h2>Mediterrane K\u00fcstenpanoramen, Lovcen Gebirge<\/h2>\n<p>Auf unseren zwei Wanderungen durch die Gebirge in der K\u00fcstenregion treffen wir auf den vom Bergwanderverband Montenegros im Jahr 2006 angelegten Fernwanderweg im K\u00fcstenbereich, den wir teilweise benutzen. Auf unseren Wegen durch die mediterrane Pflanzenwelt und entlang alter Milit\u00e4rfestungen genie\u00dfen wir die herrlichen Ausblicke auf die Bucht von Kotor, die \u201eBoka Kotorska\u201c, die Adria und die umliegende Bergwelt (GZ je Wanderung: 4 &#8211; 5 Std., +\/- 500 m).<\/p>\n<p><strong>Sonntag,16.September, Vrmac Halbinsel<\/strong><\/p>\n<p>Wir fuhren um 8.30 nach Gornja Lastva, ein kleines Bergdorf auf der Vrmac Halbinsel in der Bucht von Kotor. Wir wanderten um 9.30 los, aber wegen l\u00e4ngeren Pausen und dem Halt bei einem kleinen Bauernhof, wo man Scharfsk\u00e4se und Honig kaufen konnte, erreichten wir erst 2 Stunden sp\u00e4ter den Uebergang Vrdola (Rother Wanderf\u00fchrer Nr.7). Es ist eine Kreuzung, wo ich schon im Juni war, aber wir wanderten nicht auf der gleichen Route. Die Wanderung verl\u00e4uft dann entlang dem Bergr\u00fccken mit sch\u00f6nen Aussichten auf beide Seiten \u00fcber der Bucht. Unser Mittagessen nahmen wir um 13.30 bei der zerfallenem Vrmac Festung in einem lichten Pinienwald ein. Es blieb nur noch der Abstieg auf der sch\u00f6n angelegten Milit\u00e4rstrasse und wir erreichten unseren Bus um 15.45 f\u00fcr die kurze Fahrt nach Kotor, wo wir 2 Stunden Zeit f\u00fcr eine Besichtigung der sch\u00f6n erhaltene Altstadt hatten.<\/p>\n<p><strong>Montag,17.September, Babina Glava<\/strong><\/p>\n<p>Schon um 8.00 ging die Fahrt los nach Ivanova Korita in den Lovcen Gebirge, wo unsere Wanderung auf dem 1474m hohen Babina Glava um 9.30 anfing (Rother 17). Zuerst durch Buchenwald und dann im offenen Gel\u00e4nde mit wenig Steigung liefen wir nach S\u00fcden Richtung K\u00fcste. Nach der fast verlassenen Siedlung Majstori mit ihrer verfallenen kleinen Kirche ging es kurz steil hinauf zu einem alten Sendemast auf einem Bergr\u00fccken mit einen herrlichen Blick auf fast die ganze Montenegrinischen K\u00fcste. Hier nahmen wir unsere Mittagessen ein, wanderten dann nach Norden und erreichten bald den h\u00f6chsten Punkt des Tages. Als wir wieder auf unseren Bus trafen, war der Tag noch lange nicht zu Ende! Wir fuhren in einer halben Stunde zum Krstac Pass, der mir schon bekannt war. Die meisten von uns verliessen dort dem Bus und liefen auf einem zuerst steilen Weg voller Ger\u00f6ll die fast 1000m hinunter nach Kotor. Im mitteleren Teil ging es \u00fcber eine alten Milit\u00e4rstrasse, bevor die alten Kotor Bergmauern von uns durch ein Loch erobert wurden. Diese Mauern erstrecken sich 250m den Berg hoch und etliche Treppen mussten abgestiegen werden bis wir um 18.00 die Stadt erreichten. Wir hatten in einem Tag praktisch zwei Wanderungen gemacht.<\/p>\nngg_shortcode_0_placeholder\n<figure id=\"attachment_2286\" aria-describedby=\"caption-attachment-2286\" style=\"width: 1024px\" class=\"wp-caption alignleft\"><a href=\"http:\/\/adrianwood.ch\/private-tours\/croatia-and-montenegro\/2012-09-montenegro\/09-16-lovcen-gebirge\/bay-of-kotor-5_1_r\/\" rel=\"attachment wp-att-2286\"><img loading=\"lazy\" decoding=\"async\" class=\"size-full wp-image-2286\" title=\"Bay of Kotor 5_1_r\" src=\"http:\/\/adrianwood.ch\/wp-content\/uploads\/2012\/10\/Bay-of-Kotor-5_1_r.jpg\" alt=\"Lovcen Gebirge\" width=\"1024\" height=\"808\" \/><\/a><figcaption id=\"caption-attachment-2286\" class=\"wp-caption-text\">Lovcen Gebirge<\/figcaption><\/figure>\n","protected":false},"excerpt":{"rendered":"<p>Mediterrane K\u00fcstenpanoramen, Lovcen Gebirge Auf unseren zwei Wanderungen durch die Gebirge in der K\u00fcstenregion treffen wir auf den vom Bergwanderverband Montenegros im Jahr 2006 angelegten Fernwanderweg im K\u00fcstenbereich, den wir teilweise benutzen. Auf unseren Wegen durch die mediterrane Pflanzenwelt und entlang alter Milit\u00e4rfestungen genie\u00dfen wir die herrlichen Ausblicke auf die Bucht von Kotor, die \u201eBoka &hellip; <a href=\"https:\/\/www.adrianwood.ch\/?page_id=2276\" class=\"more-link\">Continue reading <span class=\"screen-reader-text\">09-16 Lovcen Gebirge<\/span> <span class=\"meta-nav\">&rarr;<\/span><\/a><\/p>\n","protected":false},"author":1,"featured_media":0,"parent":2266,"menu_order":4732,"comment_status":"closed","ping_status":"closed","template":"","meta":{"ngg_post_thumbnail":0,"footnotes":""},"class_list":["post-2276","page","type-page","status-publish","hentry"],"_links":{"self":[{"href":"https:\/\/www.adrianwood.ch\/index.php?rest_route=\/wp\/v2\/pages\/2276","targetHints":{"allow":["GET"]}}],"collection":[{"href":"https:\/\/www.adrianwood.ch\/index.php?rest_route=\/wp\/v2\/pages"}],"about":[{"href":"https:\/\/www.adrianwood.ch\/index.php?rest_route=\/wp\/v2\/types\/page"}],"author":[{"embeddable":true,"href":"https:\/\/www.adrianwood.ch\/index.php?rest_route=\/wp\/v2\/users\/1"}],"replies":[{"embeddable":true,"href":"https:\/\/www.adrianwood.ch\/index.php?rest_route=%2Fwp%2Fv2%2Fcomments&post=2276"}],"version-history":[{"count":1,"href":"https:\/\/www.adrianwood.ch\/index.php?rest_route=\/wp\/v2\/pages\/2276\/revisions"}],"predecessor-version":[{"id":7410,"href":"https:\/\/www.adrianwood.ch\/index.php?rest_route=\/wp\/v2\/pages\/2276\/revisions\/7410"}],"up":[{"embeddable":true,"href":"https:\/\/www.adrianwood.ch\/index.php?rest_route=\/wp\/v2\/pages\/2266"}],"wp:attachment":[{"href":"https:\/\/www.adrianwood.ch\/index.php?rest_route=%2Fwp%2Fv2%2Fmedia&parent=2276"}],"curies":[{"name":"wp","href":"https:\/\/api.w.org\/{rel}","templated":true}]}}

<figure id="attachment_2277" aria-describedby="caption-attachment-2277" style="width: 730px" class="wp-caption alignleft"><a href="http://adrianwood.ch/private-tours/croatia-and-montenegro/2012-09-montenegro/09-16-lovcen-gebirge/lov_0140_r7/" rel="attachment wp-att-2277"><img loading="lazy" decoding="async" class="size-full wp-image-2277" title="LOV_0140_r7" src="http://adrianwood.ch/wp-content/uploads/2012/10/LOV_0140_r7.jpg" alt="die zwei höchsten Gipfel der Lovcen Gebirge, Stirovnik und Jezerski vrh" width="730" height="485" /></a><figcaption id="caption-attachment-2277" class="wp-caption-text">die zwei höchsten Gipfel der Lovcen Gebirge, Stirovnik und Jezerski vrh</figcaption></figure>
<h2>Mediterrane Küstenpanoramen, Lovcen Gebirge</h2>
<p>Auf unseren zwei Wanderungen durch die Gebirge in der Küstenregion treffen wir auf den vom Bergwanderverband Montenegros im Jahr 2006 angelegten Fernwanderweg im Küstenbereich, den wir teilweise benutzen. Auf unseren Wegen durch die mediterrane Pflanzenwelt und entlang alter Militärfestungen genießen wir die herrlichen Ausblicke auf die Bucht von Kotor, die „Boka Kotorska“, die Adria und die umliegende Bergwelt (GZ je Wanderung: 4 &#8211; 5 Std., +/- 500 m).</p>
<p><strong>Sonntag,16.September, Vrmac Halbinsel</strong></p>
<p>Wir fuhren um 8.30 nach Gornja Lastva, ein kleines Bergdorf auf der Vrmac Halbinsel in der Bucht von Kotor. Wir wanderten um 9.30 los, aber wegen längeren Pausen und dem Halt bei einem kleinen Bauernhof, wo man Scharfskäse und Honig kaufen konnte, erreichten wir erst 2 Stunden später den Uebergang Vrdola (Rother Wanderführer Nr.7). Es ist eine Kreuzung, wo ich schon im Juni war, aber wir wanderten nicht auf der gleichen Route. Die Wanderung verläuft dann entlang dem Bergrücken mit schönen Aussichten auf beide Seiten über der Bucht. Unser Mittagessen nahmen wir um 13.30 bei der zerfallenem Vrmac Festung in einem lichten Pinienwald ein. Es blieb nur noch der Abstieg auf der schön angelegten Militärstrasse und wir erreichten unseren Bus um 15.45 für die kurze Fahrt nach Kotor, wo wir 2 Stunden Zeit für eine Besichtigung der schön erhaltene Altstadt hatten.</p>
<p><strong>Montag,17.September, Babina Glava</strong></p>
<p>Schon um 8.00 ging die Fahrt los nach Ivanova Korita in den Lovcen Gebirge, wo unsere Wanderung auf dem 1474m hohen Babina Glava um 9.30 anfing (Rother 17). Zuerst durch Buchenwald und dann im offenen Gelände mit wenig Steigung liefen wir nach Süden Richtung Küste. Nach der fast verlassenen Siedlung Majstori mit ihrer verfallenen kleinen Kirche ging es kurz steil hinauf zu einem alten Sendemast auf einem Bergrücken mit einen herrlichen Blick auf fast die ganze Montenegrinischen Küste. Hier nahmen wir unsere Mittagessen ein, wanderten dann nach Norden und erreichten bald den höchsten Punkt des Tages. Als wir wieder auf unseren Bus trafen, war der Tag noch lange nicht zu Ende! Wir fuhren in einer halben Stunde zum Krstac Pass, der mir schon bekannt war. Die meisten von uns verliessen dort dem Bus und liefen auf einem zuerst steilen Weg voller Geröll die fast 1000m hinunter nach Kotor. Im mitteleren Teil ging es über eine alten Militärstrasse, bevor die alten Kotor Bergmauern von uns durch ein Loch erobert wurden. Diese Mauern erstrecken sich 250m den Berg hoch und etliche Treppen mussten abgestiegen werden bis wir um 18.00 die Stadt erreichten. Wir hatten in einem Tag praktisch zwei Wanderungen gemacht.</p>
ngg_shortcode_0_placeholder
<figure id="attachment_2286" aria-describedby="caption-attachment-2286" style="width: 1024px" class="wp-caption alignleft"><a href="http://adrianwood.ch/private-tours/croatia-and-montenegro/2012-09-montenegro/09-16-lovcen-gebirge/bay-of-kotor-5_1_r/" rel="attachment wp-att-2286"><img loading="lazy" decoding="async" class="size-full wp-image-2286" title="Bay of Kotor 5_1_r" src="http://adrianwood.ch/wp-content/uploads/2012/10/Bay-of-Kotor-5_1_r.jpg" alt="Lovcen Gebirge" width="1024" height="808" /></a><figcaption id="caption-attachment-2286" class="wp-caption-text">Lovcen Gebirge</figcaption></figure>

<p>Mediterrane Küstenpanoramen, Lovcen Gebirge Auf unseren zwei Wanderungen durch die Gebirge in der Küstenregion treffen wir auf den vom Bergwanderverband Montenegros im Jahr 2006 angelegten Fernwanderweg im Küstenbereich, den wir teilweise benutzen. Auf unseren Wegen durch die mediterrane Pflanzenwelt und entlang alter Militärfestungen genießen wir die herrlichen Ausblicke auf die Bucht von Kotor, die „Boka &hellip; <a href="https://www.adrianwood.ch/?page_id=2276" class="more-link">Continue reading <span class="screen-reader-text">09-16 Lovcen Gebirge</span> <span class="meta-nav">&rarr;</span></a></p>
