{"id":23247,"date":"2022-02-25T14:32:59","date_gmt":"2022-02-25T14:32:59","guid":{"rendered":"https:\/\/www.adrianwood.ch\/?page_id=23247"},"modified":"2023-03-12T13:07:45","modified_gmt":"2023-03-12T13:07:45","slug":"2022-02-amden","status":"publish","type":"page","link":"https:\/\/www.adrianwood.ch\/?page_id=23247","title":{"rendered":"2022-02 Amden"},"content":{"rendered":"<figure id=\"attachment_23248\" aria-describedby=\"caption-attachment-23248\" style=\"width: 1620px\" class=\"wp-caption alignleft\"><a href=\"https:\/\/www.adrianwood.ch\/wp-content\/uploads\/2022\/02\/AMD_0037.jpg\"><img loading=\"lazy\" decoding=\"async\" class=\"size-full wp-image-23248\" src=\"https:\/\/www.adrianwood.ch\/wp-content\/uploads\/2022\/02\/AMD_0037.jpg\" alt=\"\" width=\"1620\" height=\"1080\" srcset=\"https:\/\/www.adrianwood.ch\/wp-content\/uploads\/2022\/02\/AMD_0037.jpg 1620w, https:\/\/www.adrianwood.ch\/wp-content\/uploads\/2022\/02\/AMD_0037-300x200.jpg 300w, https:\/\/www.adrianwood.ch\/wp-content\/uploads\/2022\/02\/AMD_0037-1024x683.jpg 1024w, https:\/\/www.adrianwood.ch\/wp-content\/uploads\/2022\/02\/AMD_0037-768x512.jpg 768w, https:\/\/www.adrianwood.ch\/wp-content\/uploads\/2022\/02\/AMD_0037-1536x1024.jpg 1536w\" sizes=\"auto, (max-width: 1620px) 100vw, 1620px\" \/><\/a><figcaption id=\"caption-attachment-23248\" class=\"wp-caption-text\">Die Gruppe mit S\u00e4ntis und Altmann im Hintergrund<\/figcaption><\/figure>\n<h2>9.Februar 2022, Amden Arvenb\u00fcel, Schneeschuhwanderung<\/h2>\n<p>Die f\u00fcr diesen Tag ausgeschriebene Schneeschuhtour in den Freibergen musste ich \u00e4ndern, da es dort zu wenig Schnee gab. Als Alternative w\u00e4hlte ich den Vorder H\u00f6hi Trail in Arvenb\u00fcel.<\/p>\n<p>Es hatte sich gelohnt, die weite Reise in Kauf zu nehmen. In Amden herrschte noch die Farbe Gr\u00fcn vor, aber weiter oben an der Busendstation Arvenb\u00fcel war es winterlich weiss. Der Trail startet auf 1273 m \u00fc.M. Erst mussten wir etwas absteigen bis zum Beerenbach. Dort zogen wir die Schneeschuhe an und wanderten langsam aufw\u00e4rts nach Looch. Die eingelegte Pause gab gen\u00fcgend Zeit f\u00fcr das Bewundern und Fotografieren vom Leistchamm und den Glarner Alpen. Die danach folgende Strecke auf der Westseite des Fl\u00fcgenspitz f\u00fchrte durch locker bewaldetes ideales Schneeschuhgebiet.<\/p>\n<p>Nach dem Picknick in der Sonne mussten wir mit vollem Bauch ein St\u00fcck aufw\u00e4rts wandern. Hat sich gelohnt, denn vom h\u00f6chsten Punkt der Tour (1628 m) gab es freie Sicht auf Alpstein, Churfirsten und Toggenburg. Auf der Terrasse der Alpwirtschaft Vorder H\u00f6hi setzten wir uns in die Sonne, bis uns der k\u00e4lter werdende Wind vertrieb. Die anfangs parallel zum Winterwanderweg angelegte Abstiegsroute trennte sich bald von diesem. Wir erreichten den noch tief verschneiten, recht einsamen und wundersch\u00f6nen Trail am Beerenbach und erreichten bald das Skigebiet Arvenb\u00fcel. Den gelungenen Tag feierten wir auf der Restaurantterrasse mit einem St\u00fcck des weltzweitbesten Zwetgschenkuchens.<\/p>\n<p>Wetter: Sonne pur, warm in der Sonne, etwas frisch im Schatten Auf- und Abstieg je 520 m, 9 km<\/p>\n<p>Super Team, Tourenleiterin: Birgit Racine<\/p>\nngg_shortcode_0_placeholder\n","protected":false},"excerpt":{"rendered":"<p>9.Februar 2022, Amden Arvenb\u00fcel, Schneeschuhwanderung Die f\u00fcr diesen Tag ausgeschriebene Schneeschuhtour in den Freibergen musste ich \u00e4ndern, da es dort zu wenig Schnee gab. Als Alternative w\u00e4hlte ich den Vorder H\u00f6hi Trail in Arvenb\u00fcel. Es hatte sich gelohnt, die weite Reise in Kauf zu nehmen. In Amden herrschte noch die Farbe Gr\u00fcn vor, aber weiter &hellip; <a href=\"https:\/\/www.adrianwood.ch\/?page_id=23247\" class=\"more-link\">Continue reading <span class=\"screen-reader-text\">2022-02 Amden<\/span> <span class=\"meta-nav\">&rarr;<\/span><\/a><\/p>\n","protected":false},"author":1,"featured_media":0,"parent":131,"menu_order":2022,"comment_status":"closed","ping_status":"closed","template":"","meta":{"ngg_post_thumbnail":0,"footnotes":""},"class_list":["post-23247","page","type-page","status-publish","hentry"],"_links":{"self":[{"href":"https:\/\/www.adrianwood.ch\/index.php?rest_route=\/wp\/v2\/pages\/23247","targetHints":{"allow":["GET"]}}],"collection":[{"href":"https:\/\/www.adrianwood.ch\/index.php?rest_route=\/wp\/v2\/pages"}],"about":[{"href":"https:\/\/www.adrianwood.ch\/index.php?rest_route=\/wp\/v2\/types\/page"}],"author":[{"embeddable":true,"href":"https:\/\/www.adrianwood.ch\/index.php?rest_route=\/wp\/v2\/users\/1"}],"replies":[{"embeddable":true,"href":"https:\/\/www.adrianwood.ch\/index.php?rest_route=%2Fwp%2Fv2%2Fcomments&post=23247"}],"version-history":[{"count":4,"href":"https:\/\/www.adrianwood.ch\/index.php?rest_route=\/wp\/v2\/pages\/23247\/revisions"}],"predecessor-version":[{"id":24433,"href":"https:\/\/www.adrianwood.ch\/index.php?rest_route=\/wp\/v2\/pages\/23247\/revisions\/24433"}],"up":[{"embeddable":true,"href":"https:\/\/www.adrianwood.ch\/index.php?rest_route=\/wp\/v2\/pages\/131"}],"wp:attachment":[{"href":"https:\/\/www.adrianwood.ch\/index.php?rest_route=%2Fwp%2Fv2%2Fmedia&parent=23247"}],"curies":[{"name":"wp","href":"https:\/\/api.w.org\/{rel}","templated":true}]}}

<figure id="attachment_23248" aria-describedby="caption-attachment-23248" style="width: 1620px" class="wp-caption alignleft"><a href="https://www.adrianwood.ch/wp-content/uploads/2022/02/AMD_0037.jpg"><img loading="lazy" decoding="async" class="size-full wp-image-23248" src="https://www.adrianwood.ch/wp-content/uploads/2022/02/AMD_0037.jpg" alt="" width="1620" height="1080" srcset="https://www.adrianwood.ch/wp-content/uploads/2022/02/AMD_0037.jpg 1620w, https://www.adrianwood.ch/wp-content/uploads/2022/02/AMD_0037-300x200.jpg 300w, https://www.adrianwood.ch/wp-content/uploads/2022/02/AMD_0037-1024x683.jpg 1024w, https://www.adrianwood.ch/wp-content/uploads/2022/02/AMD_0037-768x512.jpg 768w, https://www.adrianwood.ch/wp-content/uploads/2022/02/AMD_0037-1536x1024.jpg 1536w" sizes="auto, (max-width: 1620px) 100vw, 1620px" /></a><figcaption id="caption-attachment-23248" class="wp-caption-text">Die Gruppe mit Säntis und Altmann im Hintergrund</figcaption></figure>
<h2>9.Februar 2022, Amden Arvenbüel, Schneeschuhwanderung</h2>
<p>Die für diesen Tag ausgeschriebene Schneeschuhtour in den Freibergen musste ich ändern, da es dort zu wenig Schnee gab. Als Alternative wählte ich den Vorder Höhi Trail in Arvenbüel.</p>
<p>Es hatte sich gelohnt, die weite Reise in Kauf zu nehmen. In Amden herrschte noch die Farbe Grün vor, aber weiter oben an der Busendstation Arvenbüel war es winterlich weiss. Der Trail startet auf 1273 m ü.M. Erst mussten wir etwas absteigen bis zum Beerenbach. Dort zogen wir die Schneeschuhe an und wanderten langsam aufwärts nach Looch. Die eingelegte Pause gab genügend Zeit für das Bewundern und Fotografieren vom Leistchamm und den Glarner Alpen. Die danach folgende Strecke auf der Westseite des Flügenspitz führte durch locker bewaldetes ideales Schneeschuhgebiet.</p>
<p>Nach dem Picknick in der Sonne mussten wir mit vollem Bauch ein Stück aufwärts wandern. Hat sich gelohnt, denn vom höchsten Punkt der Tour (1628 m) gab es freie Sicht auf Alpstein, Churfirsten und Toggenburg. Auf der Terrasse der Alpwirtschaft Vorder Höhi setzten wir uns in die Sonne, bis uns der kälter werdende Wind vertrieb. Die anfangs parallel zum Winterwanderweg angelegte Abstiegsroute trennte sich bald von diesem. Wir erreichten den noch tief verschneiten, recht einsamen und wunderschönen Trail am Beerenbach und erreichten bald das Skigebiet Arvenbüel. Den gelungenen Tag feierten wir auf der Restaurantterrasse mit einem Stück des weltzweitbesten Zwetgschenkuchens.</p>
<p>Wetter: Sonne pur, warm in der Sonne, etwas frisch im Schatten Auf- und Abstieg je 520 m, 9 km</p>
<p>Super Team, Tourenleiterin: Birgit Racine</p>
ngg_shortcode_0_placeholder

<p>9.Februar 2022, Amden Arvenbüel, Schneeschuhwanderung Die für diesen Tag ausgeschriebene Schneeschuhtour in den Freibergen musste ich ändern, da es dort zu wenig Schnee gab. Als Alternative wählte ich den Vorder Höhi Trail in Arvenbüel. Es hatte sich gelohnt, die weite Reise in Kauf zu nehmen. In Amden herrschte noch die Farbe Grün vor, aber weiter &hellip; <a href="https://www.adrianwood.ch/?page_id=23247" class="more-link">Continue reading <span class="screen-reader-text">2022-02 Amden</span> <span class="meta-nav">&rarr;</span></a></p>
