{"id":23295,"date":"2022-06-06T13:02:11","date_gmt":"2022-06-06T13:02:11","guid":{"rendered":"https:\/\/www.adrianwood.ch\/?page_id=23295"},"modified":"2022-06-06T15:52:46","modified_gmt":"2022-06-06T15:52:46","slug":"04-28-vallehermoso","status":"publish","type":"page","link":"https:\/\/www.adrianwood.ch\/?page_id=23295","title":{"rendered":"04 26 Vallehermoso"},"content":{"rendered":"<figure id=\"attachment_23296\" aria-describedby=\"caption-attachment-23296\" style=\"width: 1620px\" class=\"wp-caption alignleft\"><a href=\"https:\/\/www.adrianwood.ch\/wp-content\/uploads\/2022\/06\/GOM_0185.jpg\"><img loading=\"lazy\" decoding=\"async\" class=\"size-full wp-image-23296\" src=\"https:\/\/www.adrianwood.ch\/wp-content\/uploads\/2022\/06\/GOM_0185.jpg\" alt=\"\" width=\"1620\" height=\"1080\" srcset=\"https:\/\/www.adrianwood.ch\/wp-content\/uploads\/2022\/06\/GOM_0185.jpg 1620w, https:\/\/www.adrianwood.ch\/wp-content\/uploads\/2022\/06\/GOM_0185-300x200.jpg 300w, https:\/\/www.adrianwood.ch\/wp-content\/uploads\/2022\/06\/GOM_0185-1024x683.jpg 1024w, https:\/\/www.adrianwood.ch\/wp-content\/uploads\/2022\/06\/GOM_0185-768x512.jpg 768w, https:\/\/www.adrianwood.ch\/wp-content\/uploads\/2022\/06\/GOM_0185-1536x1024.jpg 1536w\" sizes=\"auto, (max-width: 1620px) 100vw, 1620px\" \/><\/a><figcaption id=\"caption-attachment-23296\" class=\"wp-caption-text\">in der Schlucht nach Vallehermoso<\/figcaption><\/figure>\n<h2><strong>26.04. Vallehermoso<\/strong><\/h2>\n<p>Hier treffen wir zuerst auf dichte Vegetation mystisch anmutender Lorbeerw\u00e4lder mit jahrhundertealten B\u00e4umen, die von Flechten und Moos \u00fcberzogen sind. Dann f\u00fchrt der Wanderweg weiter nach Vallehermoso, idyllisch zwischen beeindruckenden Felsen und von Terrassenfelder ums\u00e4umt gelegen. Beim Abstieg haben wir bizarre Einblicke in ein prachtvolles Tal, das mit Felsen und Schluchten gespickt ist. Bananen, Papayas und Mangob\u00e4ume werden hier kultiviert. Nach einem Besuch des Caf\u00e9s auf der Plaza geht es zur\u00fcck zum Hotel.<\/p>\n<p>Nach einem etwas l\u00e4ngeren Fahrzeit beginnt in Chorros de Epina unsere Wanderung auf einem breiten Weg durch die vielf\u00e4ltige und eindr\u00fcckliche Vegetation. Der Pfad nach Vallehermoso bietet herrliche Ausblicke auf die Barrancos (Schluchten). Das h\u00fcbsche Dorf ist bekannt f\u00fcr seine \u00fcppigen Obstg\u00e4rten, schmucke Gassen und kleine Weinberge. Wanderzeit ca. 4 h \/ 350 m \u2191 800 m \u2193<\/p>\nngg_shortcode_0_placeholder\n","protected":false},"excerpt":{"rendered":"<p>26.04. Vallehermoso Hier treffen wir zuerst auf dichte Vegetation mystisch anmutender Lorbeerw\u00e4lder mit jahrhundertealten B\u00e4umen, die von Flechten und Moos \u00fcberzogen sind. Dann f\u00fchrt der Wanderweg weiter nach Vallehermoso, idyllisch zwischen beeindruckenden Felsen und von Terrassenfelder ums\u00e4umt gelegen. Beim Abstieg haben wir bizarre Einblicke in ein prachtvolles Tal, das mit Felsen und Schluchten gespickt ist. &hellip; <a href=\"https:\/\/www.adrianwood.ch\/?page_id=23295\" class=\"more-link\">Continue reading <span class=\"screen-reader-text\">04 26 Vallehermoso<\/span> <span class=\"meta-nav\">&rarr;<\/span><\/a><\/p>\n","protected":false},"author":1,"featured_media":0,"parent":23281,"menu_order":3664,"comment_status":"closed","ping_status":"closed","template":"","meta":{"ngg_post_thumbnail":0,"footnotes":""},"class_list":["post-23295","page","type-page","status-publish","hentry"],"_links":{"self":[{"href":"https:\/\/www.adrianwood.ch\/index.php?rest_route=\/wp\/v2\/pages\/23295","targetHints":{"allow":["GET"]}}],"collection":[{"href":"https:\/\/www.adrianwood.ch\/index.php?rest_route=\/wp\/v2\/pages"}],"about":[{"href":"https:\/\/www.adrianwood.ch\/index.php?rest_route=\/wp\/v2\/types\/page"}],"author":[{"embeddable":true,"href":"https:\/\/www.adrianwood.ch\/index.php?rest_route=\/wp\/v2\/users\/1"}],"replies":[{"embeddable":true,"href":"https:\/\/www.adrianwood.ch\/index.php?rest_route=%2Fwp%2Fv2%2Fcomments&post=23295"}],"version-history":[{"count":5,"href":"https:\/\/www.adrianwood.ch\/index.php?rest_route=\/wp\/v2\/pages\/23295\/revisions"}],"predecessor-version":[{"id":23434,"href":"https:\/\/www.adrianwood.ch\/index.php?rest_route=\/wp\/v2\/pages\/23295\/revisions\/23434"}],"up":[{"embeddable":true,"href":"https:\/\/www.adrianwood.ch\/index.php?rest_route=\/wp\/v2\/pages\/23281"}],"wp:attachment":[{"href":"https:\/\/www.adrianwood.ch\/index.php?rest_route=%2Fwp%2Fv2%2Fmedia&parent=23295"}],"curies":[{"name":"wp","href":"https:\/\/api.w.org\/{rel}","templated":true}]}}