{"id":2335,"date":"2012-12-15T11:36:00","date_gmt":"2012-12-15T10:36:00","guid":{"rendered":"http:\/\/adrianwood.ch\/?page_id=2335"},"modified":"2012-12-15T11:36:00","modified_gmt":"2012-12-15T10:36:00","slug":"09-24-halbinsel-valdes","status":"publish","type":"page","link":"https:\/\/www.adrianwood.ch\/?page_id=2335","title":{"rendered":"09 &#8211; 24 Halbinsel Valdes"},"content":{"rendered":"<figure id=\"attachment_2336\" aria-describedby=\"caption-attachment-2336\" style=\"width: 730px\" class=\"wp-caption alignleft\"><a href=\"http:\/\/adrianwood.ch\/private-holidays\/2006-09-argentina\/09-24-halbinsel-valdes\/hva_0069_4_r7\/\" rel=\"attachment wp-att-2336\"><img loading=\"lazy\" decoding=\"async\" class=\"size-full wp-image-2336\" title=\"HVA_0069_4_r7\" src=\"http:\/\/adrianwood.ch\/wp-content\/uploads\/2012\/12\/HVA_0069_4_r7.jpg\" alt=\"Wal Fluke im Golfo Nuevo, Halbinsel Valdes\" width=\"730\" height=\"468\" \/><\/a><figcaption id=\"caption-attachment-2336\" class=\"wp-caption-text\">Wal Fluke im Golfo Nuevo, Halbinsel Valdes<\/figcaption><\/figure>\n<h2><strong>Halbinsel Vald\u00e9s, Wal Beobachtungen am Patagonische Atlantikk\u00fcste<\/strong><\/h2>\n<p>Zwei \u00dcbernachtungen in Puerto Pir\u00e1mide und zweieinhalb Tage Naturgenuss pur. Wale aus n\u00e4chster N\u00e4he, vom Ufer und vom Boot aus, aktive See-Elefanten auch aus n\u00e4chster N\u00e4he, Seel\u00f6wen, viele weitere Tiere und V\u00f6gel, sowie eine Pinguinkolonie\u00a0 auf dem Festland. Zum Essen jeweils alles was das Meer bietet, aber auch ein gutes \u201easado de cordero\u201c (Lammbarbecue).<\/p>\n<p><strong>Sonntag 24.September<\/strong><\/p>\n<p>Fahrt zum Stadtflughafen und Flug nach Trelew. Weiterfahrt im Minibus zur Pen\u00ednsula Vald\u00e9s (UNESCO Welterbe der Natur). M\u00f6glichkeit erste Wale am Abend zu sehen. \u00dcbernachtung in Puerto Pir\u00e1mides, dem einzigen Ort auf der Halbinsel. Wir logieren im &#8220;The Paradise&#8221;, ein kleines, gut gef\u00fchrtes Hotel mit empfehlenswertem Restaurant f\u00fcr Meeresspeisen. Bei hoffentlich g\u00fcnstigem Wetter fahren wir im Schlauchboot ins Meer hinaus, um die Wale in ihrem Sommerhabitat zu besichtigen. Es ist der s\u00fcdliche Glattwal (eubalaena australis) auch S\u00fcdkaper genannt. Hier: ballena franca, englisch: Southern Right Whale.<\/p>\n<p><strong>Montag 25.September<\/strong><\/p>\n<p>Wir unternehmen heute eine Rundfahrt um die Halbinsel, mit wunderbaren Aussichtspunkten und der Besichtigung von See-Elefanten und Seel\u00f6wen. Beim Besuch auf der Estancia San Lorenzo k\u00f6nnen wir auch eine Pinguinkolonie besuchen, sowie anschliessend wieder einmal gebratenes Lammfleisch geniessen.<\/p>\n<p><strong>Dienstag 26.September<\/strong><\/p>\n<p>Am Vormittag laufen wir dem Ufer entlang \u00fcber sandige Klippen und geniessen das Meer auf geruhsame Weise. Fahrt am Nachmittag in ca. 3 Stunden \u00fcber Puerto Madryn wieder zum Flughafen in Trelew. Und Abend-Flug nach Buenos Aires. Transfer zum Hotel Lafayette.<\/p>\n<p><em>We arrived in Puerto Pir\u00e1mide on a beautifully calm and clear afternoon and took the opportunity to go whale watching straight away. Both Northern and Southern species of Right Whale normally live in polar waters, but in summer they can be found in temperate and subpolar seas. Calving occurs in shallow bays near to the coast and is followed by a mating ritual. They are huge creatures measuring around 15 to 17 meters in length and weighing up to 100 tons. Despite their massive bulk they are incredibly active, with breaching, lob-tailing and flipper-slapping all relatively common.\u00a0 We were treated to displays of them shooting in the air and diving backwards with an enormous crash, one being so close to the boat that I could not photograph it properly. Later they were silhouetted against a beautiful sunset sky. The sea elephants we saw the next day were also very impressive. The huge dominant males are seven times as large as the females and demonstrate their territorial rights by rocking backwards and forwards and bellowing. We also saw some guanachos hare-like maras and a small colony of Magellan penguins. On the third day we had a short walk along the cliffs near Puerto Pyramides before leaving, then lunch at a fish restaurant by the seaside and a visit to a dinosaur museum on the way to the airport. ngg_shortcode_0_placeholder<br \/>\n<\/em><\/p>\n<figure id=\"attachment_2380\" aria-describedby=\"caption-attachment-2380\" style=\"width: 837px\" class=\"wp-caption alignleft\"><a href=\"http:\/\/adrianwood.ch\/private-holidays\/2006-09-argentina\/09-24-halbinsel-valdes\/peninsula-valdes-bahia-blanca-r\/\" rel=\"attachment wp-att-2380\"><img loading=\"lazy\" decoding=\"async\" class=\"size-full wp-image-2380\" title=\" Bahia Blanca - Peninsula Valdes\" src=\"http:\/\/adrianwood.ch\/wp-content\/uploads\/2012\/12\/Peninsula-Valdes-Bahia-Blanca-r.jpg\" alt=\" Bahia Blanca - Peninsula Valdes\" width=\"837\" height=\"882\" \/><\/a><figcaption id=\"caption-attachment-2380\" class=\"wp-caption-text\">Bahia Blanca &#8211; Peninsula Valdes<\/figcaption><\/figure>\n","protected":false},"excerpt":{"rendered":"<p>Halbinsel Vald\u00e9s, Wal Beobachtungen am Patagonische Atlantikk\u00fcste Zwei \u00dcbernachtungen in Puerto Pir\u00e1mide und zweieinhalb Tage Naturgenuss pur. Wale aus n\u00e4chster N\u00e4he, vom Ufer und vom Boot aus, aktive See-Elefanten auch aus n\u00e4chster N\u00e4he, Seel\u00f6wen, viele weitere Tiere und V\u00f6gel, sowie eine Pinguinkolonie\u00a0 auf dem Festland. Zum Essen jeweils alles was das Meer bietet, aber auch &hellip; <a href=\"https:\/\/www.adrianwood.ch\/?page_id=2335\" class=\"more-link\">Continue reading <span class=\"screen-reader-text\">09 &#8211; 24 Halbinsel Valdes<\/span> <span class=\"meta-nav\">&rarr;<\/span><\/a><\/p>\n","protected":false},"author":1,"featured_media":0,"parent":2323,"menu_order":5263,"comment_status":"closed","ping_status":"closed","template":"","meta":{"ngg_post_thumbnail":0,"footnotes":""},"class_list":["post-2335","page","type-page","status-publish","hentry"],"_links":{"self":[{"href":"https:\/\/www.adrianwood.ch\/index.php?rest_route=\/wp\/v2\/pages\/2335","targetHints":{"allow":["GET"]}}],"collection":[{"href":"https:\/\/www.adrianwood.ch\/index.php?rest_route=\/wp\/v2\/pages"}],"about":[{"href":"https:\/\/www.adrianwood.ch\/index.php?rest_route=\/wp\/v2\/types\/page"}],"author":[{"embeddable":true,"href":"https:\/\/www.adrianwood.ch\/index.php?rest_route=\/wp\/v2\/users\/1"}],"replies":[{"embeddable":true,"href":"https:\/\/www.adrianwood.ch\/index.php?rest_route=%2Fwp%2Fv2%2Fcomments&post=2335"}],"version-history":[{"count":0,"href":"https:\/\/www.adrianwood.ch\/index.php?rest_route=\/wp\/v2\/pages\/2335\/revisions"}],"up":[{"embeddable":true,"href":"https:\/\/www.adrianwood.ch\/index.php?rest_route=\/wp\/v2\/pages\/2323"}],"wp:attachment":[{"href":"https:\/\/www.adrianwood.ch\/index.php?rest_route=%2Fwp%2Fv2%2Fmedia&parent=2335"}],"curies":[{"name":"wp","href":"https:\/\/api.w.org\/{rel}","templated":true}]}}