{"id":23466,"date":"2022-06-29T08:52:23","date_gmt":"2022-06-29T08:52:23","guid":{"rendered":"https:\/\/www.adrianwood.ch\/?page_id=23466"},"modified":"2022-07-04T11:35:31","modified_gmt":"2022-07-04T11:35:31","slug":"einfuhrung","status":"publish","type":"page","link":"https:\/\/www.adrianwood.ch\/?page_id=23466","title":{"rendered":"Einf\u00fchrung"},"content":{"rendered":"<div class=\"pmdi_content_wrapper\">\n<p class=\"Default-P\" style=\"margin-bottom: 6pt; direction: ltr; unicode-bidi: normal;\"><span class=\"Default-H\"><span style=\"font-family: Times New Roman; font-weight: bold; font-size: 14pt;\">Die Insel <\/span><span style=\"font-family: Times New Roman; font-weight: bold; font-size: 14pt;\">Karpathos<\/span><span style=\"font-family: Times New Roman; font-weight: bold; font-size: 14pt;\"> \u2013 15-t\u00e4gige Wanderreise in Griechenland, <\/span><\/span><span class=\"Default-H\"><span style=\"font-family: Times New Roman; font-weight: bold; font-size: 14pt;\">Sa. 14.05. \u2013 Sa. 28.05.2022<\/span><\/span><\/p>\n<h3>Menu links Ben\u00fctzen \/ Use menue on left<\/h3>\n<table class=\"TableGrid-T\" style=\"border-collapse: collapse;\" cellspacing=\"0\">\n<tbody>\n<tr class=\"-R\">\n<td class=\"-C\" style=\"width: 453.1pt; border: none windowtext 0pt;\" colspan=\"2\"><\/td>\n<\/tr>\n<tr class=\"-R\">\n<td class=\"-C\" style=\"width: 223.45pt; border: none windowtext 0pt;\">\n<p class=\"Default-P\" style=\"margin-bottom: 6pt; direction: ltr; unicode-bidi: normal;\"><span class=\"Default-H\"><span style=\"font-family: Times New Roman; font-size: 14pt;\"><img loading=\"lazy\" decoding=\"async\" class=\"\" src=\"https:\/\/www.adrianwood.ch\/wp-content\/uploads\/2022\/06\/1656492710_image1.jpeg\" data-link=\"\" width=\"350\" height=\"233\"><\/span><\/span><\/p>\n<\/td>\n<td class=\"-C\" style=\"width: 229.65pt; border: none windowtext 0pt;\">\n<p class=\"Default-P\" style=\"margin-bottom: 6pt; direction: ltr; unicode-bidi: normal;\"><span class=\"Default-H\"><span style=\"font-family: Times New Roman; font-size: 14pt;\"><img loading=\"lazy\" decoding=\"async\" class=\"\" src=\"https:\/\/www.adrianwood.ch\/wp-content\/uploads\/2022\/06\/1656492710_image2.jpeg\" data-link=\"\" width=\"350\" height=\"233\"><\/span><\/span><\/p>\n<\/td>\n<\/tr>\n<tr class=\"-R\">\n<td class=\"-C\" style=\"width: 223.45pt; border: none windowtext 0pt;\">\n<p class=\"Default-P\" style=\"margin-bottom: 6pt; direction: ltr; unicode-bidi: normal;\"><span class=\"Default-H\"><span style=\"font-family: Times New Roman; font-style: italic; font-size: 14pt;\">Blick <\/span><span style=\"font-family: Times New Roman; font-style: italic; font-size: 14pt;\">auf der S\u00fcdk\u00fcste<\/span><\/span><\/p>\n<\/td>\n<td class=\"-C\" style=\"width: 229.65pt; border: none windowtext 0pt;\">\n<p class=\"Default-P\" style=\"margin-bottom: 6pt; direction: ltr; unicode-bidi: normal;\"><span class=\"Default-H\"><span style=\"font-family: Times New Roman; font-style: italic; font-size: 14pt;\">Menetes<\/span><span style=\"font-family: Times New Roman; font-style: italic; font-size: 14pt;\">, h\u00f6chste Dorf in<\/span><span style=\"font-family: Times New Roman; font-style: italic; font-size: 14pt;\"> Suden<\/span><\/span><\/p>\n<\/td>\n<\/tr>\n<tr class=\"-R\">\n<td class=\"-C\" style=\"width: 453.1pt; border: none windowtext 0pt;\" colspan=\"2\">\n<p class=\"Default-P\" style=\"margin-bottom: 6pt; direction: ltr; unicode-bidi: normal;\"><span class=\"Default-H\"><span style=\"font-family: Times New Roman; font-size: 14pt;\">Wir haben den ersten Tagen im S\u00fcden in der Hauptstadt <\/span><span style=\"font-family: Times New Roman; font-size: 14pt;\">Pigadia<\/span><span style=\"font-family: Times New Roman; font-size: 14pt;\"> verbracht. Dort in der Umgebung waren die Wanderungen leicht, sogar lieblich, aber <\/span><span style=\"font-family: Times New Roman; font-size: 14pt;\">bei die vierte Wanderung<\/span><span style=\"font-family: Times New Roman; font-size: 14pt;\"> durch eine pinienbewachsene Schlucht in der Mitte der Insel bis auf 720m \u00e4nderten sich die Anspruche schlagartig. Trotzdem haben drei Gipfelst\u00fcrmer anschliessend <\/span><span style=\"font-family: Times New Roman; font-size: 14pt;\">die h\u00f6chste Berg<\/span><span style=\"font-family: Times New Roman; font-size: 14pt;\"> der Insel der Kali <\/span><span style=\"font-family: Times New Roman; font-size: 14pt;\">Limni<\/span><span style=\"font-family: Times New Roman; font-size: 14pt;\"> mit 1215m bestiegen!<\/span><\/span><\/p>\n<\/td>\n<\/tr>\n<tr class=\"-R\">\n<td class=\"-C\" style=\"width: 223.45pt; border: none windowtext 0pt;\">\n<p class=\"Default-P\" style=\"margin-bottom: 6pt; direction: ltr; unicode-bidi: normal;\"><span class=\"Default-H\"><span style=\"font-family: Times New Roman; font-size: 14pt;\"><img loading=\"lazy\" decoding=\"async\" class=\"\" src=\"https:\/\/www.adrianwood.ch\/wp-content\/uploads\/2022\/06\/1656492710_image3.jpeg\" data-link=\"\" width=\"350\" height=\"233\"><\/span><\/span><\/p>\n<\/td>\n<td class=\"-C\" style=\"width: 229.65pt; border: none windowtext 0pt;\">\n<p class=\"Default-P\" style=\"margin-bottom: 6pt; direction: ltr; unicode-bidi: normal;\"><span class=\"Default-H\"><span style=\"font-family: Times New Roman; font-size: 14pt;\"><img loading=\"lazy\" decoding=\"async\" class=\"\" src=\"https:\/\/www.adrianwood.ch\/wp-content\/uploads\/2022\/06\/1656492710_image4.jpeg\" data-link=\"\" width=\"350\" height=\"235\"><\/span><\/span><\/p>\n<\/td>\n<\/tr>\n<tr class=\"-R\">\n<td class=\"-C\" style=\"width: 223.45pt; border: none windowtext 0pt;\">\n<p class=\"Default-P\" style=\"margin-bottom: 6pt; direction: ltr; unicode-bidi: normal;\"><span class=\"Default-H\"><span style=\"font-family: Times New Roman; font-style: italic; font-size: 14pt;\">Aufstieg in der<\/span><span style=\"font-family: Times New Roman; font-style: italic; font-size: 14pt;\"> Schlucht<\/span><\/span><\/p>\n<\/td>\n<td class=\"-C\" style=\"width: 229.65pt; border: none windowtext 0pt;\">\n<p class=\"Default-P\" style=\"margin-bottom: 6pt; direction: ltr; unicode-bidi: normal;\"><span class=\"Default-H\"><span style=\"font-family: Times New Roman; font-style: italic; font-size: 14pt;\">m<\/span><span style=\"font-family: Times New Roman; font-style: italic; font-size: 14pt;\">it sch\u00f6ne<\/span><span style=\"font-family: Times New Roman; font-style: italic; font-size: 14pt;\">r<\/span><span style=\"font-family: Times New Roman; font-style: italic; font-size: 14pt;\"> Aussicht belohnt<\/span><\/span><\/p>\n<\/td>\n<\/tr>\n<tr class=\"-R\">\n<td class=\"-C\" style=\"width: 453.1pt; border: none windowtext 0pt;\" colspan=\"2\">\n<p class=\"Default-P\" style=\"margin-bottom: 6pt; direction: ltr; unicode-bidi: normal;\"><span class=\"Default-H\"><span style=\"font-family: Times New Roman; font-size: 14pt;\">Am n\u00e4chsten Tag <\/span><span style=\"font-family: Times New Roman; font-size: 14pt;\">wahrend<\/span><span style=\"font-family: Times New Roman; font-size: 14pt;\"> unser Gep\u00e4ck die moderne Strasse nach Norden nahm liefen wir auf dem alten Verbindungsweg dorthin. Diese Weg entpuppte sich als noch schwieriger und die H\u00e4lfte der Gruppe nahm die Gelegenheit auf <\/span><span style=\"font-family: Times New Roman; font-size: 14pt;\">einen Fahrweg aus zu weichen. Die Landschaft war aber gewaltig und der Einsatz hat sich gelohnt.<\/span><\/span><\/p>\n<\/td>\n<\/tr>\n<tr class=\"-R\">\n<td class=\"-C\" style=\"width: 223.45pt; border: none windowtext 0pt;\">\n<p class=\"Default-P\" style=\"margin-bottom: 6pt; direction: ltr; unicode-bidi: normal;\"><span class=\"Default-H\"><span style=\"font-family: Times New Roman; font-size: 14pt;\"><img loading=\"lazy\" decoding=\"async\" class=\"\" src=\"https:\/\/www.adrianwood.ch\/wp-content\/uploads\/2022\/06\/1656492710_image5.jpeg\" data-link=\"\" width=\"350\" height=\"233\"><\/span><\/span><\/p>\n<\/td>\n<td class=\"-C\" style=\"width: 229.65pt; border: none windowtext 0pt;\">\n<p class=\"Default-P\" style=\"margin-bottom: 6pt; direction: ltr; unicode-bidi: normal;\"><span class=\"Default-H\"><span style=\"font-family: Times New Roman; font-size: 14pt;\"><img loading=\"lazy\" decoding=\"async\" class=\"\" src=\"https:\/\/www.adrianwood.ch\/wp-content\/uploads\/2022\/06\/1656492710_image6.jpeg\" data-link=\"\" width=\"350\" height=\"233\"><\/span><\/span><\/p>\n<\/td>\n<\/tr>\n<tr class=\"-R\">\n<td class=\"-C\" style=\"width: 223.45pt; border: none windowtext 0pt;\">\n<p class=\"Default-P\" style=\"margin-bottom: 6pt; direction: ltr; unicode-bidi: normal;\"><span class=\"Default-H\"><span style=\"font-family: Times New Roman; font-style: italic; font-size: 14pt;\">Die raue Norden<\/span><\/span><\/p>\n<\/td>\n<td class=\"-C\" style=\"width: 229.65pt; border: none windowtext 0pt;\">\n<p class=\"Default-P\" style=\"margin-bottom: 6pt; direction: ltr; unicode-bidi: normal;\"><span class=\"Default-H\"><span style=\"font-family: Times New Roman; font-style: italic; font-size: 14pt;\">Diafani<\/span><\/span><\/p>\n<\/td>\n<\/tr>\n<tr class=\"-R\">\n<td class=\"-C\" style=\"width: 453.1pt; border: none windowtext 0pt;\" colspan=\"2\">\n<p class=\"Default-P\" style=\"margin-bottom: 6pt; direction: ltr; unicode-bidi: normal;\"><span class=\"Default-H\"><span style=\"font-family: Times New Roman; font-size: 14pt;\">Wir verbrachten die restlichen Tage in <\/span><span style=\"font-family: Times New Roman; font-size: 14pt;\">Diafani<\/span><span style=\"font-family: Times New Roman; font-size: 14pt;\"> mit weitere nicht ganz so <\/span><span style=\"font-family: Times New Roman; font-size: 14pt;\">anspruchvolle<\/span><span style=\"font-family: Times New Roman; font-size: 14pt;\"> Wanderungen manchmal kombiniert mit sch\u00f6ne Bootsfahrten <\/span><span style=\"font-family: Times New Roman; font-size: 14pt;\">zu abgelegene Buchten<\/span><span style=\"font-family: Times New Roman; font-size: 14pt;\"> und der kleine Nebeninsel <\/span><span style=\"font-family: Times New Roman; font-size: 14pt;\">Saria<\/span><span style=\"font-family: Times New Roman; font-size: 14pt;\">. <\/span><\/span><\/p>\n<\/td>\n<\/tr>\n<tr class=\"-R\">\n<td class=\"-C\" style=\"width: 223.45pt; border: none windowtext 0pt;\">\n<p class=\"Default-P\" style=\"margin-bottom: 6pt; direction: ltr; unicode-bidi: normal;\"><span class=\"Default-H\"><span style=\"font-family: Times New Roman; font-size: 14pt;\"><img loading=\"lazy\" decoding=\"async\" class=\"\" src=\"https:\/\/www.adrianwood.ch\/wp-content\/uploads\/2022\/06\/1656492710_image7.jpeg\" data-link=\"\" width=\"350\" height=\"233\"><\/span><\/span><\/p>\n<\/td>\n<td class=\"-C\" style=\"width: 229.65pt; border: none windowtext 0pt;\">\n<p class=\"Default-P\" style=\"margin-bottom: 6pt; direction: ltr; unicode-bidi: normal;\"><span class=\"Default-H\"><span style=\"font-family: Times New Roman; font-size: 14pt;\"><img loading=\"lazy\" decoding=\"async\" class=\"\" src=\"https:\/\/www.adrianwood.ch\/wp-content\/uploads\/2022\/06\/1656492710_image8.jpeg\" data-link=\"\" width=\"350\" height=\"235\"><\/span><\/span><\/p>\n<\/td>\n<\/tr>\n<tr class=\"-R\">\n<td class=\"-C\" style=\"width: 223.45pt; border: none windowtext 0pt;\">\n<p class=\"Default-P\" style=\"margin-bottom: 6pt; direction: ltr; unicode-bidi: normal;\"><span class=\"Default-H\"><span style=\"font-family: Times New Roman; font-style: italic; font-size: 14pt;\">Kleine Schlucht auf <\/span><span style=\"font-family: Times New Roman; font-style: italic; font-size: 14pt;\">Saria<\/span><\/span><\/p>\n<\/td>\n<td class=\"-C\" style=\"width: 229.65pt; border: none windowtext 0pt;\">\n<p class=\"Default-P\" style=\"margin-bottom: 6pt; direction: ltr; unicode-bidi: normal;\"><span class=\"Default-H\"><span style=\"font-family: Times New Roman; font-style: italic; font-size: 14pt;\">Antike Siedlung auf <\/span><span style=\"font-family: Times New Roman; font-style: italic; font-size: 14pt;\">Saria<\/span><\/span><\/p>\n<\/td>\n<\/tr>\n<tr class=\"-R\">\n<td class=\"-C\" style=\"width: 453.1pt; border: none windowtext 0pt;\" colspan=\"2\">\n<p class=\"Default-P\" style=\"margin-bottom: 6pt; direction: ltr; unicode-bidi: normal;\"><span class=\"Default-H\"><span style=\"font-family: Times New Roman; font-size: 14pt;\">Es fehlte dann nat\u00fcrlich nicht die M\u00f6glichkeit zu baden in dem magisch-blauen Meer. Auch direkt im <\/span><span style=\"font-family: Times New Roman; font-size: 14pt;\">Diafani<\/span><span style=\"font-family: Times New Roman; font-size: 14pt;\"> mit seine vielen netten Kneipen k\u00f6nnte man sich wunderbar erfrischen und erholen ohne von andere Touristen mengen \u00fcberschwemmt zu werden. Es waren wirklich zwei sehr eindr\u00fcckliche Wochen.<\/span><\/span><\/p>\n<p class=\"Default-P\" style=\"margin-bottom: 6pt; direction: ltr; unicode-bidi: normal;\"><span class=\"Default-H\"><span style=\"font-family: Times New Roman; font-size: 14pt;\">Adrian<br \/>\n<\/span><\/span><\/p>\n<\/td>\n<\/tr>\n<tr class=\"-R\">\n<td class=\"-C\" style=\"width: 223.45pt; border: none windowtext 0pt;\">\n<p class=\"Default-P\" style=\"margin-bottom: 6pt; direction: ltr; unicode-bidi: normal;\"><span class=\"Default-H\"><span style=\"font-family: Times New Roman; font-size: 14pt;\"><img loading=\"lazy\" decoding=\"async\" class=\"\" src=\"https:\/\/www.adrianwood.ch\/wp-content\/uploads\/2022\/06\/1656492710_image9.jpeg\" data-link=\"\" width=\"350\" height=\"233\"><\/span><\/span><\/p>\n<\/td>\n<td class=\"-C\" style=\"width: 229.65pt; border: none windowtext 0pt;\">\n<p class=\"Default-P\" style=\"margin-bottom: 6pt; direction: ltr; unicode-bidi: normal;\"><span class=\"Default-H\"><span style=\"font-family: Times New Roman; font-size: 14pt;\"><img loading=\"lazy\" decoding=\"async\" class=\"\" src=\"https:\/\/www.adrianwood.ch\/wp-content\/uploads\/2022\/06\/1656492710_image10.jpeg\" data-link=\"\" width=\"350\" height=\"235\"><\/span><\/span><\/p>\n<\/td>\n<\/tr>\n<tr class=\"-R\">\n<td class=\"-C\" style=\"width: 223.45pt; border: none windowtext 0pt;\">\n<p class=\"Default-P\" style=\"margin-bottom: 6pt; direction: ltr; unicode-bidi: normal;\"><span class=\"Default-H\"><span style=\"font-family: Times New Roman; font-style: italic; font-size: 14pt;\">Meer in<\/span><span style=\"font-family: Times New Roman; font-style: italic; font-size: 14pt;\"> Sicht<\/span><\/span><\/p>\n<\/td>\n<td class=\"-C\" style=\"width: 229.65pt; border: none windowtext 0pt;\">\n<p class=\"Default-P\" style=\"margin-bottom: 6pt; direction: ltr; unicode-bidi: normal;\"><span class=\"Default-H\"><span style=\"font-family: Times New Roman; font-style: italic; font-size: 14pt;\">Bade <\/span><span style=\"font-family: Times New Roman; font-style: italic; font-size: 14pt;\">Verg<\/span><span style=\"font-family: Times New Roman; font-style: italic; font-size: 14pt;\">n\u00fc<\/span><span style=\"font-family: Times New Roman; font-style: italic; font-size: 14pt;\">gen<\/span><\/span><\/p>\n<\/td>\n<\/tr>\n<p><!-- [if !supportMisalignedColumns]--><\/tbody>\n<\/table>\n<\/div>\n","protected":false},"excerpt":{"rendered":"<p>Die Insel Karpathos \u2013 15-t\u00e4gige Wanderreise in Griechenland, Sa. 14.05. \u2013 Sa. 28.05.2022 Menu links Ben\u00fctzen \/ Use menue on left Blick auf der S\u00fcdk\u00fcste Menetes, h\u00f6chste Dorf in Suden Wir haben den ersten Tagen im S\u00fcden in der Hauptstadt Pigadia verbracht. Dort in der Umgebung waren die Wanderungen leicht, sogar lieblich, aber bei die &hellip; <a href=\"https:\/\/www.adrianwood.ch\/?page_id=23466\" class=\"more-link\">Continue reading <span class=\"screen-reader-text\">Einf\u00fchrung<\/span> <span class=\"meta-nav\">&rarr;<\/span><\/a><\/p>\n","protected":false},"author":1,"featured_media":0,"parent":23454,"menu_order":2621,"comment_status":"closed","ping_status":"closed","template":"","meta":{"ngg_post_thumbnail":0,"footnotes":""},"class_list":["post-23466","page","type-page","status-publish","hentry"],"_links":{"self":[{"href":"https:\/\/www.adrianwood.ch\/index.php?rest_route=\/wp\/v2\/pages\/23466","targetHints":{"allow":["GET"]}}],"collection":[{"href":"https:\/\/www.adrianwood.ch\/index.php?rest_route=\/wp\/v2\/pages"}],"about":[{"href":"https:\/\/www.adrianwood.ch\/index.php?rest_route=\/wp\/v2\/types\/page"}],"author":[{"embeddable":true,"href":"https:\/\/www.adrianwood.ch\/index.php?rest_route=\/wp\/v2\/users\/1"}],"replies":[{"embeddable":true,"href":"https:\/\/www.adrianwood.ch\/index.php?rest_route=%2Fwp%2Fv2%2Fcomments&post=23466"}],"version-history":[{"count":8,"href":"https:\/\/www.adrianwood.ch\/index.php?rest_route=\/wp\/v2\/pages\/23466\/revisions"}],"predecessor-version":[{"id":23764,"href":"https:\/\/www.adrianwood.ch\/index.php?rest_route=\/wp\/v2\/pages\/23466\/revisions\/23764"}],"up":[{"embeddable":true,"href":"https:\/\/www.adrianwood.ch\/index.php?rest_route=\/wp\/v2\/pages\/23454"}],"wp:attachment":[{"href":"https:\/\/www.adrianwood.ch\/index.php?rest_route=%2Fwp%2Fv2%2Fmedia&parent=23466"}],"curies":[{"name":"wp","href":"https:\/\/api.w.org\/{rel}","templated":true}]}}