{"id":23656,"date":"2022-07-01T09:49:30","date_gmt":"2022-07-01T09:49:30","guid":{"rendered":"https:\/\/www.adrianwood.ch\/?page_id=23656"},"modified":"2022-07-02T13:40:36","modified_gmt":"2022-07-02T13:40:36","slug":"05-26-voroukunda","status":"publish","type":"page","link":"https:\/\/www.adrianwood.ch\/?page_id=23656","title":{"rendered":"05 26 Voroukunda"},"content":{"rendered":"<div class=\"pmdi_content_wrapper\">\n<h2 class=\"Normal-P\" style=\"margin-bottom: 6pt; direction: ltr; unicode-bidi: normal;\"><span class=\"Normal-H\"><span style=\"font-family: Times New Roman; font-weight: bold;\">26. Mai<\/span><span style=\"font-family: Times New Roman; font-weight: bold;\">,<\/span><span style=\"font-family: Times New Roman; font-weight: bold;\">Vroukunda<\/span><span style=\"font-family: Times New Roman; font-weight: bold;\"> und <\/span><span style=\"font-family: Times New Roman; font-weight: bold;\">Tristomo<\/span><\/span><\/h2>\n<p class=\"Normal-P\" style=\"margin-bottom: 6pt; direction: ltr; unicode-bidi: normal;\">\n<table class=\"TableGrid-T\" style=\"border-collapse: collapse;\" cellspacing=\"0\">\n<tbody>\n<tr class=\"-R\">\n<td class=\"-C\" style=\"width: 481.4pt;\" colspan=\"2\">\n<p class=\"Normal-P\" style=\"margin-bottom: 6pt; direction: ltr; unicode-bidi: normal;\"><span class=\"Normal-H\"><span style=\"font-family: Times New Roman;\">Heute ist wieder ein erlebnisreicher Tag mit &#8220;Taxifahrt&#8221; auf kurvenreichen Strasse<\/span><span style=\"font-family: Times New Roman;\"> zum Ausgangspunkt auf 300 Meter H\u00f6he, Wanderung auf steinigen Pfaden hinab zum Meer, Begegnung mit historischen und kulturellen St\u00e4tten, Schwimmen im Meer und teils atemberaubender Bootsfahrt zur\u00fcck nach <\/span><span style=\"font-family: Times New Roman;\">Diafani<\/span><span style=\"font-family: Times New Roman;\">. Am Morgen nach dem Fr\u00fchst\u00fcck werden wir von Yogis und Anna mittels 2 Hotelbus-Fuhren und einem Privatwagen auf die Hochebene zum Weiler <\/span><span style=\"font-family: Times New Roman;\">Avlona<\/span><span style=\"font-family: Times New Roman;\"> gebracht. Treffpunkt ist die familieneigene Taverne &#8220;<\/span><span style=\"font-family: Times New Roman;\">Avlona<\/span><span style=\"font-family: Times New Roman;\">&#8220;, die wir von unserer Sonntags-Wanderung kennen.<\/span><\/span><\/p>\n<\/td>\n<\/tr>\n<tr class=\"-R\">\n<td class=\"-C\" style=\"width: 240.7pt;\">\n<p class=\"Normal-P\" style=\"margin-bottom: 6pt; direction: ltr; unicode-bidi: normal;\"><span class=\"Normal-H\"><span style=\"font-family: Times New Roman;\"><img loading=\"lazy\" decoding=\"async\" class=\"\" src=\"https:\/\/www.adrianwood.ch\/wp-content\/uploads\/2022\/07\/1656669629_image1.jpeg\" data-link=\"\" width=\"350\" height=\"232\"><\/span><\/span><\/p>\n<\/td>\n<td class=\"-C\" style=\"width: 240.7pt;\">\n<p class=\"Normal-P\" style=\"margin-bottom: 6pt; direction: ltr; unicode-bidi: normal;\"><span class=\"Normal-H\"><span style=\"font-family: Times New Roman;\"><img loading=\"lazy\" decoding=\"async\" class=\"\" src=\"https:\/\/www.adrianwood.ch\/wp-content\/uploads\/2022\/07\/1656669629_image2.jpeg\" data-link=\"\" width=\"350\" height=\"232\"><\/span><\/span><\/p>\n<\/td>\n<\/tr>\n<tr class=\"-R\">\n<td class=\"-C\" style=\"width: 481.4pt;\" colspan=\"2\">\n<p class=\"Normal-P\" style=\"margin-bottom: 6pt; direction: ltr; unicode-bidi: normal;\"><span class=\"Normal-H\"><span style=\"font-family: Times New Roman;\">Von hier geht es um 10:30 Uhr hinab zu unserem ersten Ziel am Meer, zur Bucht von <\/span><span style=\"font-family: Times New Roman;\">Vroukunda<\/span><span style=\"font-family: Times New Roman;\">. Zuerst geht es aber eine halbe Stunde recht entspannt auf engen, aber ebenen Pfaden entlang der fruchtbarer Felder mit ihren zahlreichen reifen Artischocken-Pflanzen an den R\u00e4ndern. Um 11:00 Uhr beginnt der Abstieg, zuerst auf breiten, dann immer enger werdenden, steinigen Fusswegen, entlang von Macchia-Gestr\u00fcpp. Das Meer haben wir immer weit weg liegend vor unseren Augen.<\/span><\/span><\/p>\n<\/td>\n<\/tr>\n<tr class=\"-R\">\n<td class=\"-C\" style=\"width: 240.7pt;\">\n<p class=\"Normal-P\" style=\"margin-bottom: 6pt; direction: ltr; unicode-bidi: normal;\"><span class=\"Normal-H\"><span style=\"font-family: Times New Roman;\"><img loading=\"lazy\" decoding=\"async\" class=\"\" src=\"https:\/\/www.adrianwood.ch\/wp-content\/uploads\/2022\/07\/1656669629_image3.jpeg\" data-link=\"\" width=\"350\" height=\"232\"><\/span><\/span><\/p>\n<\/td>\n<td class=\"-C\" style=\"width: 240.7pt;\">\n<p class=\"Normal-P\" style=\"margin-bottom: 6pt; direction: ltr; unicode-bidi: normal;\"><span class=\"Normal-H\"><span style=\"font-family: Times New Roman;\"><img loading=\"lazy\" decoding=\"async\" class=\"\" src=\"https:\/\/www.adrianwood.ch\/wp-content\/uploads\/2022\/07\/1656669629_image4.jpeg\" data-link=\"\" width=\"350\" height=\"232\"><\/span><\/span><\/p>\n<\/td>\n<\/tr>\n<tr class=\"-R\">\n<td class=\"-C\" style=\"width: 481.4pt;\" colspan=\"2\">\n<p class=\"Normal-P\" style=\"margin-bottom: 6pt; direction: ltr; unicode-bidi: normal;\"><span class=\"Normal-H\"><span style=\"font-family: Times New Roman;\"><img loading=\"lazy\" decoding=\"async\" class=\"\" src=\"https:\/\/www.adrianwood.ch\/wp-content\/uploads\/2022\/07\/1656669629_image5.jpeg\" data-link=\"\" width=\"719\" height=\"194\"><\/span><\/span><\/p>\n<\/td>\n<\/tr>\n<tr class=\"-R\">\n<td class=\"-C\" style=\"width: 481.4pt;\" colspan=\"2\">\n<p class=\"Normal-P\" style=\"margin-bottom: 6pt; direction: ltr; unicode-bidi: normal;\"><span class=\"Normal-H\"><span style=\"font-family: Times New Roman;\">Um die Mittagszeit kommen wir unterhalb des Felsr\u00fcckens am Kirchlein des Hl. Johannes vorbei zu einer H\u00fcgelkuppe. Begleitet werden wir ab hier von zutraulichen Eseln, die uns den Weg versperren wollen. Hier stand die einst von den Doriern erbaute Stadt <\/span><span style=\"font-family: Times New Roman;\">Brykountos<\/span><span style=\"font-family: Times New Roman;\"> die im 11. Jh. v. Chr. ein wichtiges Handelszentrum war. \u00dcberreste von Stadtmauern, S\u00e4ulen und in der Landschaft zerstreut befindliche H\u00e4userruinen sind noch zu erkennen. Besonders beeindruckend <\/span><span style=\"font-family: Times New Roman;\">sind die in die Felsen gehauenen mehrst\u00f6ckigen Grabkammern, direkt am Wanderweg.<\/span><span style=\"font-family: Times New Roman;\"> Jetzt geht es noch etwas stetig bergab zur Landzunge. Rechts davon sehen wir schon von oben das Schiff von Captain Manolis an seiner Anleg<\/span><span style=\"font-family: Times New Roman;\">e<\/span><span style=\"font-family: Times New Roman;\">stelle liegen. Bevor es aber zur Mittagsrast auf dem &#8220;Festplatz&#8221;, ca. 10 m \u00fcber der Anlegestelle kommt, besichtigen wir die nahe H\u00f6hlenkirche des Agios Ioannis Prodromos (Johanneskapelle). Beim Herabsteigen in die dunkle Gruft trifft man auf ein Kirchenschiff mit einem fr\u00fchchristlichen Marmorbecken in der Mitte, in das <\/span><span style=\"font-family: Times New Roman;\">stetig Wasser<\/span><span style=\"font-family: Times New Roman;\"> von der Decke tropft.<\/span><\/span><\/p>\n<\/td>\n<\/tr>\n<tr class=\"-R\">\n<td class=\"-C\" style=\"width: 240.7pt;\">\n<p class=\"Normal-P\" style=\"margin-bottom: 6pt; direction: ltr; unicode-bidi: normal;\"><span class=\"Normal-H\"><span style=\"font-family: Times New Roman;\"><img loading=\"lazy\" decoding=\"async\" class=\"\" src=\"https:\/\/www.adrianwood.ch\/wp-content\/uploads\/2022\/07\/1656669629_image6.jpeg\" data-link=\"\" width=\"350\" height=\"232\"><\/span><\/span><\/p>\n<\/td>\n<td class=\"-C\" style=\"width: 240.7pt;\">\n<p class=\"Normal-P\" style=\"margin-bottom: 6pt; direction: ltr; unicode-bidi: normal;\"><span class=\"Normal-H\"><span style=\"font-family: Times New Roman;\"><img loading=\"lazy\" decoding=\"async\" class=\"\" src=\"https:\/\/www.adrianwood.ch\/wp-content\/uploads\/2022\/07\/1656669629_image7.jpeg\" data-link=\"\" width=\"350\" height=\"232\"><\/span><\/span><\/p>\n<\/td>\n<\/tr>\n<tr class=\"-R\">\n<td class=\"-C\" style=\"width: 481.4pt;\" colspan=\"2\">\n<p class=\"Normal-P\" style=\"margin-bottom: 6pt; direction: ltr; unicode-bidi: normal;\"><span class=\"Normal-H\"><span style=\"font-family: Times New Roman;\">(Am 28.\/29. August findet hier j\u00e4hrlich, anl\u00e4sslich des Namenstages des Heiligen Johannes des T\u00e4ufers, ein grosses Kirchweihfest mit Musik, Tanz und reichlichem Essen statt, zu dem zahlreiche <\/span><span style=\"font-family: Times New Roman;\">Karpathioten<\/span><span style=\"font-family: Times New Roman;\"> von <\/span><span style=\"font-family: Times New Roman;\">Avlona<\/span><span style=\"font-family: Times New Roman;\"> her pilgern.)<\/span><\/span><\/p>\n<p class=\"Normal-P\" style=\"margin-bottom: 6pt; direction: ltr; unicode-bidi: normal;\"><span class=\"Normal-H\"><span style=\"font-family: Times New Roman;\">Um 14:00 Uhr finden wir uns an der Anlegestelle mit der kleinen Bucht ein und nehmen uns noch eine Stunde Zeit zum Schwimmen im Meer.<\/span><span style=\"font-family: Times New Roman;\">Um 15:00 legt das Schiff in Richtung unseres 2. Tagesziel ab: <\/span><span style=\"font-family: Times New Roman;\">Tristomo<\/span><span style=\"font-family: Times New Roman;\">.<\/span><span style=\"font-family: Times New Roman;\">Tristomo<\/span><span style=\"font-family: Times New Roman;\"> ist ein fr\u00fcher bedeutender antiker Naturhafen. An der Anlegestelle befinden sich eine kleine Kirche und moderne Villen, die wohl als Sommerresidenzen genutzt werden. Wir lassen uns eine halbe Stunde Zeit f\u00fcr die Besichtigung.<\/span><\/span><\/p>\n<\/td>\n<\/tr>\n<tr class=\"-R\">\n<td class=\"-C\" style=\"width: 240.7pt;\">\n<p class=\"Normal-P\" style=\"margin-bottom: 6pt; direction: ltr; unicode-bidi: normal;\"><span class=\"Normal-H\"><span style=\"font-family: Times New Roman;\"><img loading=\"lazy\" decoding=\"async\" class=\"\" src=\"https:\/\/www.adrianwood.ch\/wp-content\/uploads\/2022\/07\/1656669629_image8.jpeg\" data-link=\"\" width=\"350\" height=\"232\"><\/span><\/span><\/p>\n<\/td>\n<td class=\"-C\" style=\"width: 240.7pt;\">\n<p class=\"Normal-P\" style=\"margin-bottom: 6pt; text-align: center; direction: ltr; unicode-bidi: normal;\"><span class=\"Normal-H\"><span style=\"font-family: Times New Roman;\"><img loading=\"lazy\" decoding=\"async\" class=\"\" src=\"https:\/\/www.adrianwood.ch\/wp-content\/uploads\/2022\/07\/1656669629_image9.jpeg\" data-link=\"\" width=\"155\" height=\"233\"><\/span><\/span><\/p>\n<\/td>\n<\/tr>\n<tr class=\"-R\">\n<td class=\"-C\" style=\"width: 481.4pt;\" colspan=\"2\">\n<p class=\"Normal-P\" style=\"margin-bottom: 6pt; direction: ltr; unicode-bidi: normal;\"><span class=\"Normal-H\"><span style=\"font-family: Times New Roman;\">Danach geht es mit dem Schiff die nord\u00f6stliche K\u00fcste von <\/span><span style=\"font-family: Times New Roman;\">Karpathos<\/span><span style=\"font-family: Times New Roman;\"> entlang. Am n\u00f6rdlichsten Punkt sehen wir links die Insel <\/span><span style=\"font-family: Times New Roman;\">Saria<\/span><span style=\"font-family: Times New Roman;\">, die wir am Dienstag besucht haben. Ab hier zeigt uns Captain Manolis seine Geschicklichkeit. Er f\u00fchrt sein Schiff eng an die hochragenden K\u00fcstenfelsen vorbei, steuert es sicher mitten durch die aus dem Meer herausragenden Felsen und als H\u00f6hepunkt man\u00f6vriert er sein Schiff in eine Meeresh\u00f6hle (<\/span><span style=\"font-family: Times New Roman;\">Sea<\/span><span style=\"font-family: Times New Roman;\"> Cave), die fr\u00fcher den Fischern vor Unwetter Sicherheit gab.<\/span><\/span><\/p>\n<p class=\"Normal-P\" style=\"margin-bottom: 6pt; direction: ltr; unicode-bidi: normal;\"><span class=\"Normal-H\"><span style=\"font-family: Times New Roman;\">Um 17:00 kommen wir bei auffrischendem Wind in <\/span><span style=\"font-family: Times New Roman;\">Diafani<\/span><span style=\"font-family: Times New Roman;\"> an und freuen uns auf das Abendessen in der Coral-Taverne am Hafen.<\/span><\/span><\/p>\n<p class=\"Normal-P\" style=\"margin-bottom: 6pt; direction: ltr; unicode-bidi: normal;\"><span class=\"Normal-H\"><span style=\"font-family: Times New Roman;\">Rainer und Ingrid<\/span><\/span><\/p>\n<\/td>\n<\/tr>\n<p><!-- [if !supportMisalignedColumns]--><\/tbody>\n<\/table>\n<\/div>\n","protected":false},"excerpt":{"rendered":"<p>26. Mai,Vroukunda und Tristomo Heute ist wieder ein erlebnisreicher Tag mit &#8220;Taxifahrt&#8221; auf kurvenreichen Strasse zum Ausgangspunkt auf 300 Meter H\u00f6he, Wanderung auf steinigen Pfaden hinab zum Meer, Begegnung mit historischen und kulturellen St\u00e4tten, Schwimmen im Meer und teils atemberaubender Bootsfahrt zur\u00fcck nach Diafani. Am Morgen nach dem Fr\u00fchst\u00fcck werden wir von Yogis und Anna &hellip; <a href=\"https:\/\/www.adrianwood.ch\/?page_id=23656\" class=\"more-link\">Continue reading <span class=\"screen-reader-text\">05 26 Voroukunda<\/span> <span class=\"meta-nav\">&rarr;<\/span><\/a><\/p>\n","protected":false},"author":1,"featured_media":0,"parent":23454,"menu_order":2633,"comment_status":"closed","ping_status":"closed","template":"","meta":{"ngg_post_thumbnail":0,"footnotes":""},"class_list":["post-23656","page","type-page","status-publish","hentry"],"_links":{"self":[{"href":"https:\/\/www.adrianwood.ch\/index.php?rest_route=\/wp\/v2\/pages\/23656","targetHints":{"allow":["GET"]}}],"collection":[{"href":"https:\/\/www.adrianwood.ch\/index.php?rest_route=\/wp\/v2\/pages"}],"about":[{"href":"https:\/\/www.adrianwood.ch\/index.php?rest_route=\/wp\/v2\/types\/page"}],"author":[{"embeddable":true,"href":"https:\/\/www.adrianwood.ch\/index.php?rest_route=\/wp\/v2\/users\/1"}],"replies":[{"embeddable":true,"href":"https:\/\/www.adrianwood.ch\/index.php?rest_route=%2Fwp%2Fv2%2Fcomments&post=23656"}],"version-history":[{"count":4,"href":"https:\/\/www.adrianwood.ch\/index.php?rest_route=\/wp\/v2\/pages\/23656\/revisions"}],"predecessor-version":[{"id":23666,"href":"https:\/\/www.adrianwood.ch\/index.php?rest_route=\/wp\/v2\/pages\/23656\/revisions\/23666"}],"up":[{"embeddable":true,"href":"https:\/\/www.adrianwood.ch\/index.php?rest_route=\/wp\/v2\/pages\/23454"}],"wp:attachment":[{"href":"https:\/\/www.adrianwood.ch\/index.php?rest_route=%2Fwp%2Fv2%2Fmedia&parent=23656"}],"curies":[{"name":"wp","href":"https:\/\/api.w.org\/{rel}","templated":true}]}}