{"id":23825,"date":"2022-07-18T08:33:52","date_gmt":"2022-07-18T08:33:52","guid":{"rendered":"https:\/\/www.adrianwood.ch\/?page_id=23825"},"modified":"2022-07-19T10:06:09","modified_gmt":"2022-07-19T10:06:09","slug":"2022-06-roti-fluo-yaks","status":"publish","type":"page","link":"https:\/\/www.adrianwood.ch\/?page_id=23825","title":{"rendered":"2022-06 Roti Fl\u00fco Yaks"},"content":{"rendered":"<div class=\"pmdi_content_wrapper\">\n<figure id=\"attachment_23826\" aria-describedby=\"caption-attachment-23826\" style=\"width: 1620px\" class=\"wp-caption alignleft\"><a href=\"https:\/\/www.adrianwood.ch\/wp-content\/uploads\/2022\/07\/ROT_0572.jpg\"><img loading=\"lazy\" decoding=\"async\" class=\"size-full wp-image-23826\" src=\"https:\/\/www.adrianwood.ch\/wp-content\/uploads\/2022\/07\/ROT_0572.jpg\" alt=\"\" width=\"1620\" height=\"1080\" srcset=\"https:\/\/www.adrianwood.ch\/wp-content\/uploads\/2022\/07\/ROT_0572.jpg 1620w, https:\/\/www.adrianwood.ch\/wp-content\/uploads\/2022\/07\/ROT_0572-300x200.jpg 300w, https:\/\/www.adrianwood.ch\/wp-content\/uploads\/2022\/07\/ROT_0572-1024x683.jpg 1024w, https:\/\/www.adrianwood.ch\/wp-content\/uploads\/2022\/07\/ROT_0572-768x512.jpg 768w, https:\/\/www.adrianwood.ch\/wp-content\/uploads\/2022\/07\/ROT_0572-1536x1024.jpg 1536w\" sizes=\"auto, (max-width: 1620px) 100vw, 1620px\" \/><\/a><figcaption id=\"caption-attachment-23826\" class=\"wp-caption-text\">bei Yak Tsangling Lodge mit dem Bezitzer<\/figcaption><\/figure>\n<h2 class=\"Normal-P\" style=\"margin-bottom: 6pt; direction: ltr; unicode-bidi: normal;\"><span class=\"Normal-H\"><span style=\"font-family: Times New Roman; font-weight: bold; font-size: 14pt;\">2-t\u00e4gige Wanderung im <\/span><span style=\"font-family: Times New Roman; font-weight: bold; font-size: 14pt;\">Mattertal <\/span><span style=\"font-family: Times New Roman; font-weight: bold; font-size: 14pt;\">zum<\/span><span style=\"font-family: Times New Roman; font-weight: bold; font-size: 14pt;\">Yak <\/span><span style=\"font-family: Times New Roman; font-weight: bold; font-size: 14pt;\">Tsangling<\/span><span style=\"font-family: Times New Roman; font-weight: bold; font-size: 14pt;\"> Lodge<\/span><\/span><\/h2>\n<h2 class=\"Normal-P\" style=\"margin-bottom: 6pt; direction: ltr; unicode-bidi: normal;\"><span class=\"Normal-H\"><span style=\"font-family: Times New Roman; font-weight: bold; font-size: 14pt;\">Zeneggen<\/span><span style=\"font-family: Times New Roman; font-weight: bold; font-size: 14pt;\">, <\/span><span style=\"font-family: Times New Roman; font-weight: bold; font-size: 14pt;\">Moosalp<\/span><span style=\"font-family: Times New Roman; font-weight: bold; font-size: 14pt;\">, <\/span><span style=\"font-family: Times New Roman; font-weight: bold; font-size: 14pt;\">Roti <\/span><span style=\"font-family: Times New Roman; font-weight: bold; font-size: 14pt;\">Fl\u00fco<\/span><span style=\"font-family: Times New Roman; font-weight: bold; font-size: 14pt;\">, <\/span><span style=\"font-family: Times New Roman; font-weight: bold; font-size: 14pt;\">T\u00f6rbel<\/span><\/span><\/h2>\n<h2 class=\"Normal-P\" style=\"margin-bottom: 6pt; direction: ltr; unicode-bidi: normal;\"><span class=\"Normal-H\"><a href=\"https:\/\/www.adrianwood.ch\/?page_id=23832\"><span style=\"font-family: Times New Roman; font-weight: bold; font-size: 14pt;\">Samstag, <\/span><span style=\"font-family: Times New Roman; font-weight: bold; font-size: 14pt;\">18. <\/span><\/a><span style=\"font-family: Times New Roman; font-weight: bold; font-size: 14pt;\">bis <a href=\"https:\/\/www.adrianwood.ch\/?page_id=23839\">Sonntag, 19<\/a><\/span><span style=\"font-family: Times New Roman; font-weight: bold; font-size: 14pt;\">. Juni 2022<\/span><\/span><\/h2>\n<p class=\"Normal-P\" style=\"margin-bottom: 6pt; direction: ltr; unicode-bidi: normal;\"><span class=\"Normal-H\"><span style=\"font-family: Times New Roman; font-weight: bold; font-size: 14pt;\">Ausschreibung<\/span><\/span><\/p>\n<p class=\"Normal-P\" style=\"margin-bottom: 6pt; direction: ltr; unicode-bidi: normal;\"><span class=\"Normal-H\"><span style=\"font-family: Times New Roman; font-size: 14pt;\">Der erste Teil des Wegs nach <\/span><span style=\"font-family: Times New Roman; font-size: 14pt;\">T\u00f6rbel<\/span><span style=\"font-family: Times New Roman; font-size: 14pt;\"> folgt der Route die schon im 14.Jahrhundert gebauten und heute l\u00e4ngst zugedeckten \u2018<\/span><span style=\"font-family: Times New Roman; font-size: 14pt;\">Alti<\/span><span style=\"font-family: Times New Roman; font-size: 14pt;\">Suon<\/span><span style=\"font-family: Times New Roman; font-size: 14pt;\">\u2019. Unterwegs im Wald von <\/span><span style=\"font-family: Times New Roman; font-size: 14pt;\">Gstei<\/span><span style=\"font-family: Times New Roman; font-size: 14pt;\"> steht im <\/span><span style=\"font-family: Times New Roman; font-size: 14pt;\">Masstab<\/span><span style=\"font-family: Times New Roman; font-size: 14pt;\"> von 1:10 der Nachbau der f\u00fcr <\/span><span style=\"font-family: Times New Roman; font-size: 14pt;\">Moosalp<\/span><span style=\"font-family: Times New Roman; font-size: 14pt;\"> geplanten Mutter-Teresa-Kapelle Mario Bottas. <\/span><span style=\"font-family: Times New Roman; font-size: 14pt;\">T\u00f6rbel<\/span><span style=\"font-family: Times New Roman; font-size: 14pt;\"> k\u00fcmmert sich um den Natur- und Kulturschutz. Auf manchen Parzellen ist zu Gunsten der Artenvielfalt eine extensive Bewirtschaftung und der Unterhalt der traditionellen Wasserleitungen Pflicht. Hier wachsen zum Beispiel noch die seltene S\u00fcdalpinen Tulpen und der Brandorchis. Der Verein <\/span><span style=\"font-family: Times New Roman; font-size: 14pt;\">Urchigs<\/span><span style=\"font-family: Times New Roman; font-size: 14pt;\">Terbil<\/span><span style=\"font-family: Times New Roman; font-size: 14pt;\"> hat ein wahres Freilichtmuseum geschaffen mit der Restauration von wichtigen Geb\u00e4uden wie Backhaus, M\u00fchle, Obstpresse und Walke. Sie liegen alle in der Nahe unseres Wegs auf dem ausgeschilderten <\/span><span style=\"font-family: Times New Roman; font-size: 14pt;\">Yakpfad<\/span><span style=\"font-family: Times New Roman; font-size: 14pt;\">.<\/span><\/span><\/p>\n<p class=\"Normal-P\" style=\"margin-bottom: 6pt; direction: ltr; unicode-bidi: normal;\"><span class=\"Normal-H\"><span style=\"font-family: Times New Roman; font-size: 14pt;\">Bald, nach den sonnenverbrannten H\u00fctten von <\/span><span style=\"font-family: Times New Roman; font-size: 14pt;\">Riedfl\u00fce<\/span><span style=\"font-family: Times New Roman; font-size: 14pt;\">, grunzt es m\u00f6glicherweise aus dem Geb\u00fcsch. Yaks heissen auch Grunzochsen. Flatternde Gebetsfahnen k\u00fcndigen die Yak <\/span><span style=\"font-family: Times New Roman; font-size: 14pt;\">Tsangling<\/span><span style=\"font-family: Times New Roman; font-size: 14pt;\"> Lodge an, eine Traumlage mit Blick zum Weisshorn, zum Klein Matterhorn und zur Mischabelgruppe, von der die Steilflanken ins <\/span><span style=\"font-family: Times New Roman; font-size: 14pt;\">Mattertal<\/span><span style=\"font-family: Times New Roman; font-size: 14pt;\"> st\u00fcrzen. Sp\u00e4testens im Saal der Lodge f\u00fchlt man sich nach Tibet oder Nepal versetzt. Ein anderer Raum beherbergt mehrere <\/span><span style=\"font-family: Times New Roman; font-size: 14pt;\">Kaj\u00fctenbetten<\/span><span style=\"font-family: Times New Roman; font-size: 14pt;\"> in mehr typischem Alpenstil.<\/span>Roti Fl\u00fco Yakfarm<\/span><\/p>\n<p class=\"Normal-P\" style=\"margin-bottom: 6pt; direction: ltr; unicode-bidi: normal;\"><span class=\"Normal-H\"><span style=\"font-family: Times New Roman; font-size: 14pt;\">Am n\u00e4chsten Morgen <\/span><span style=\"font-family: Times New Roman; font-size: 14pt;\">gewinn<\/span><span style=\"font-family: Times New Roman; font-size: 14pt;\">t<\/span><span style=\"font-family: Times New Roman; font-size: 14pt;\">man<\/span><span style=\"font-family: Times New Roman; font-size: 14pt;\"> zuerst schnell an H\u00f6he um die Alp <\/span><span style=\"font-family: Times New Roman; font-size: 14pt;\">Pletsche<\/span><span style=\"font-family: Times New Roman; font-size: 14pt;\"> zu erreichen. Hier ist die Aussicht noch eindr\u00fccklicher und sie bleibt erhalten auf dem ganzen Panoramaweg bis <\/span><span style=\"font-family: Times New Roman; font-size: 14pt;\">Moosalp<\/span><span style=\"font-family: Times New Roman; font-size: 14pt;\">. <\/span><span style=\"font-family: Times New Roman; font-size: 14pt;\">Man<\/span><span style=\"font-family: Times New Roman; font-size: 14pt;\"> \u00fcberquer<\/span><span style=\"font-family: Times New Roman; font-size: 14pt;\">t<\/span><span style=\"font-family: Times New Roman; font-size: 14pt;\">, an zwei kleinen Seen vorbei, das gesch\u00fctzten Hochmoor und steig<\/span><span style=\"font-family: Times New Roman; font-size: 14pt;\">t<\/span><span style=\"font-family: Times New Roman; font-size: 14pt;\"> schliesslich durch den Wald nach <\/span><span style=\"font-family: Times New Roman; font-size: 14pt;\">Zeneggen<\/span><span style=\"font-family: Times New Roman; font-size: 14pt;\"> ab.<\/span><\/span><\/p>\n<p class=\"Normal-P\" style=\"margin-bottom: 6pt; direction: ltr; unicode-bidi: normal;\"><span class=\"Normal-H\"><span style=\"font-family: Times New Roman; font-size: 14pt;\">Es hatte sich nur eine kleine Gruppe von 5 Personen angemeldet. Vielleicht wegen der Wetterprognose. <\/span><span style=\"font-family: Times New Roman; font-size: 14pt;\">Es <\/span><span style=\"font-family: Times New Roman; font-size: 14pt;\">standen<\/span><span style=\"font-family: Times New Roman; font-size: 14pt;\"> zwei heisse Wandertage vor uns.<\/span><span style=\"font-family: Times New Roman; font-size: 14pt;\"> Weil es am Sonntag h\u00e4tte Gewitter geben k\u00f6nnen, habe ich die Wanderung in der umgekehrten Richtung durchgef\u00fchrt. Wir machten die l\u00e4ngere h\u00f6here Wanderung <\/span><span style=\"font-family: Times New Roman; font-size: 14pt;\">\u00fcber <\/span><span style=\"font-family: Times New Roman; font-size: 14pt;\">Moosalp<\/span><span style=\"font-family: Times New Roman; font-size: 14pt;\"> schon am Samstag und nahmen den zus\u00e4tzlichen H\u00f6henmeter in Kauf. Trotzdem erreichten wir den Yak <\/span><span style=\"font-family: Times New Roman; font-size: 14pt;\">Tsangling<\/span><span style=\"font-family: Times New Roman; font-size: 14pt;\"> Lodge rechtzeitig und wurden <\/span><span style=\"font-family: Times New Roman; font-size: 14pt;\">von Daniel Wismer und sein Freund Roger freundlich empfangen.<\/span><\/span><\/p>\n<p class=\"NormalWeb-P\" style=\"margin-top: 0pt; margin-bottom: 6pt; direction: ltr; unicode-bidi: normal;\"><span class=\"NormalWeb-H\"><span style=\"color: #000000; font-size: 14pt;\">Samstag<\/span><span style=\"color: #000000; font-size: 14pt;\">: 12.50km; Aufstieg: 864m; Abstieg: 587m; Wanderzeit: 4h 29min<\/span><\/span><\/p>\n<p class=\"NormalWeb-P\" style=\"margin-top: 0pt; margin-bottom: 6pt; direction: ltr; unicode-bidi: normal;\"><span class=\"NormalWeb-H\"><span style=\"color: #000000; font-size: 14pt;\">Sonntag<\/span><span style=\"color: #000000; font-size: 14pt;\">: 9.39km; Aufstieg: 324m; Abstieg: 603m; Wanderzeit:2h 53min<\/span><\/span><\/p>\n<p class=\"NormalWeb-P\" style=\"margin-top: 0pt; margin-bottom: 6pt; direction: ltr; unicode-bidi: normal;\"><span class=\"NormalWeb-H\"><span style=\"color: #000000; font-size: 14pt;\">Teilnehmer: Peter <\/span><span style=\"color: #000000; font-size: 14pt;\">Leupin<\/span><span style=\"color: #000000; font-size: 14pt;\">, Marianne Frei (Bericht), Charlotte Karrer, Madeleine Schaub, Adrian Wood (Leitung)<\/span><\/span><\/p>\n<\/div>\n","protected":false},"excerpt":{"rendered":"<p>2-t\u00e4gige Wanderung im Mattertal zumYak Tsangling Lodge Zeneggen, Moosalp, Roti Fl\u00fco, T\u00f6rbel Samstag, 18. bis Sonntag, 19. Juni 2022 Ausschreibung Der erste Teil des Wegs nach T\u00f6rbel folgt der Route die schon im 14.Jahrhundert gebauten und heute l\u00e4ngst zugedeckten \u2018AltiSuon\u2019. Unterwegs im Wald von Gstei steht im Masstab von 1:10 der Nachbau der f\u00fcr Moosalp &hellip; <a href=\"https:\/\/www.adrianwood.ch\/?page_id=23825\" class=\"more-link\">Continue reading <span class=\"screen-reader-text\">2022-06 Roti Fl\u00fco Yaks<\/span> <span class=\"meta-nav\">&rarr;<\/span><\/a><\/p>\n","protected":false},"author":1,"featured_media":0,"parent":136,"menu_order":1430,"comment_status":"closed","ping_status":"closed","template":"","meta":{"ngg_post_thumbnail":0,"footnotes":""},"class_list":["post-23825","page","type-page","status-publish","hentry"],"_links":{"self":[{"href":"https:\/\/www.adrianwood.ch\/index.php?rest_route=\/wp\/v2\/pages\/23825","targetHints":{"allow":["GET"]}}],"collection":[{"href":"https:\/\/www.adrianwood.ch\/index.php?rest_route=\/wp\/v2\/pages"}],"about":[{"href":"https:\/\/www.adrianwood.ch\/index.php?rest_route=\/wp\/v2\/types\/page"}],"author":[{"embeddable":true,"href":"https:\/\/www.adrianwood.ch\/index.php?rest_route=\/wp\/v2\/users\/1"}],"replies":[{"embeddable":true,"href":"https:\/\/www.adrianwood.ch\/index.php?rest_route=%2Fwp%2Fv2%2Fcomments&post=23825"}],"version-history":[{"count":6,"href":"https:\/\/www.adrianwood.ch\/index.php?rest_route=\/wp\/v2\/pages\/23825\/revisions"}],"predecessor-version":[{"id":23854,"href":"https:\/\/www.adrianwood.ch\/index.php?rest_route=\/wp\/v2\/pages\/23825\/revisions\/23854"}],"up":[{"embeddable":true,"href":"https:\/\/www.adrianwood.ch\/index.php?rest_route=\/wp\/v2\/pages\/136"}],"wp:attachment":[{"href":"https:\/\/www.adrianwood.ch\/index.php?rest_route=%2Fwp%2Fv2%2Fmedia&parent=23825"}],"curies":[{"name":"wp","href":"https:\/\/api.w.org\/{rel}","templated":true}]}}