{"id":24634,"date":"2023-05-22T09:55:09","date_gmt":"2023-05-22T09:55:09","guid":{"rendered":"https:\/\/www.adrianwood.ch\/?page_id=24634"},"modified":"2023-05-26T12:16:59","modified_gmt":"2023-05-26T12:16:59","slug":"04-26-garajonay","status":"publish","type":"page","link":"https:\/\/www.adrianwood.ch\/?page_id=24634","title":{"rendered":"04-26 Anreise"},"content":{"rendered":"<div class=\"pmdi_content_wrapper\">\n<h2 class=\"Normal-P\" style=\"margin-bottom: 6pt; text-align: justify; text-justify: inter-ideograph; direction: ltr; unicode-bidi: normal;\"><span class=\"Normal-H\"><span style=\"font-weight: bold;\">Mittwoch<\/span><span style=\"font-weight: bold;\">, 2<\/span><span style=\"font-weight: bold;\">6<\/span><span style=\"font-weight: bold;\">.4.2003<\/span><span style=\"font-weight: bold;\">. Erster<\/span><span style=\"font-weight: bold;\">T<\/span><span style=\"font-weight: bold;\">ag auf La Gomera<\/span><span style=\"font-weight: bold;\">.<\/span><\/span><\/h2>\n<table class=\"TableGrid-T\" style=\"border-collapse: collapse;\" cellspacing=\"0\">\n<tbody>\n<tr class=\"-R\">\n<td class=\"-C\" style=\"width: 481.4pt; border: none windowtext 0pt;\" colspan=\"2\">\n<p class=\"Normal-P\" style=\"margin-bottom: 6pt; text-align: justify; text-justify: inter-ideograph; direction: ltr; unicode-bidi: normal;\"><span class=\"Normal-H\">Nach der Ankunft der F\u00e4hre von Teneriffa in San Sebastien f\u00e4hrt uns ein grosse bequeme Reisebus bei sch\u00f6nstem Wetter quer \u00fcber der ganzen Insel in unserem Hotel Gran Rey im Ort Valle Gran Rey, wo wir die erste Woche unsere Wanderferien verbringen werden. <\/span><\/p>\n<\/td>\n<\/tr>\n<tr class=\"-R\">\n<td class=\"-C\" style=\"width: 240.1pt; border: none windowtext 0pt;\">\n<p class=\"Normal-P\" style=\"margin-bottom: 6pt; text-align: justify; text-justify: inter-ideograph; direction: ltr; unicode-bidi: normal;\"><span class=\"Normal-H\"><img loading=\"lazy\" decoding=\"async\" class=\"\" src=\"https:\/\/www.adrianwood.ch\/wp-content\/uploads\/2023\/05\/1685003019_image1.jpeg\" data-link=\"\" width=\"352\" height=\"235\"><\/span><\/p>\n<\/td>\n<td class=\"-C\" style=\"width: 241.3pt; border: none windowtext 0pt;\">\n<p class=\"Normal-P\" style=\"margin-bottom: 6pt; text-align: justify; text-justify: inter-ideograph; direction: ltr; unicode-bidi: normal;\"><span class=\"Normal-H\"><img loading=\"lazy\" decoding=\"async\" class=\"\" src=\"https:\/\/www.adrianwood.ch\/wp-content\/uploads\/2023\/05\/1685003019_image2.jpeg\" data-link=\"\" width=\"352\" height=\"236\"><\/span><\/p>\n<\/td>\n<\/tr>\n<tr class=\"-R\">\n<td class=\"-C\" style=\"width: 481.4pt; border: none windowtext 0pt;\" colspan=\"2\">\n<p class=\"Normal-P\" style=\"margin-bottom: 6pt; text-align: justify; text-justify: inter-ideograph; direction: ltr; unicode-bidi: normal;\"><span class=\"Normal-H\">Ich bin mir sicher, die 21 Personen halten von Zeit zu Zeit die Luft an, denn wir passieren zum ersten Mal die kunstvoll angelegte Strasse mit unz\u00e4hligen Haarnadelkurven und spektakul\u00e4ren, atemberaubenden Ausblicken in einige der 52 auf La Gomera existierenden Barrancos, die das in der Ferne glitzernde Meer freigeben. Unser Auge erfreuen bunte an den H\u00e4ngen klebende Streusiedlungen, handwerklich perfekt aufgerichtete Trockenmauern und eine \u00fcberw\u00e4ltigende Vegetation mit Palmenhainen und einer Reihe von endemischen Pflanzen, wie der Kanarenlorbeer und manche Baumheide Arten.<\/span><\/p>\n<\/td>\n<\/tr>\n<tr class=\"-R\">\n<td class=\"-C\" style=\"width: 240.1pt; border: none windowtext 0pt;\">\n<p class=\"Normal-P\" style=\"margin-bottom: 6pt; text-align: justify; text-justify: inter-ideograph; direction: ltr; unicode-bidi: normal;\"><span class=\"Normal-H\"><img loading=\"lazy\" decoding=\"async\" class=\"\" src=\"https:\/\/www.adrianwood.ch\/wp-content\/uploads\/2023\/05\/1685003019_image3.jpeg\" data-link=\"\" width=\"352\" height=\"235\"><\/span><\/p>\n<\/td>\n<td class=\"-C\" style=\"width: 241.3pt; border: none windowtext 0pt;\">\n<p class=\"Normal-P\" style=\"margin-bottom: 6pt; text-align: justify; text-justify: inter-ideograph; direction: ltr; unicode-bidi: normal;\"><span class=\"Normal-H\"><img loading=\"lazy\" decoding=\"async\" class=\"\" src=\"https:\/\/www.adrianwood.ch\/wp-content\/uploads\/2023\/05\/1685003019_image4.jpeg\" data-link=\"\" width=\"353\" height=\"235\"><\/span><\/p>\n<\/td>\n<\/tr>\n<tr class=\"-R\">\n<td class=\"-C\" style=\"width: 481.4pt; border: none windowtext 0pt;\" colspan=\"2\">\n<p class=\"Normal-P\" style=\"margin-bottom: 6pt; text-align: justify; text-justify: inter-ideograph; direction: ltr; unicode-bidi: normal;\"><span class=\"Normal-H\">Einen kurzen Halt machen wir am Roque Agando, einem ehemaligen Vulkanschlot aus Phonolith noch im Gemeindegebiet San Sebastian. Er geh\u00f6rt zur Felsgruppe Los Roques und ist mit seiner zuckerhut\u00e4hnlichen Form einer der auff\u00e4lligsten. Mit seinen 1250 Meter ist es auch der h\u00f6chsten. Von der Aussicht Plattform hatte man einen sch\u00f6nen Blick Richtung Teneriffa und den imposanten Teide.<\/span><\/p>\n<\/td>\n<\/tr>\n<tr class=\"-R\">\n<td class=\"-C\" style=\"width: 240.1pt; border: none windowtext 0pt;\">\n<p class=\"Normal-P\" style=\"margin-bottom: 6pt; text-align: justify; text-justify: inter-ideograph; direction: ltr; unicode-bidi: normal;\"><span class=\"Normal-H\"><img loading=\"lazy\" decoding=\"async\" class=\"\" src=\"https:\/\/www.adrianwood.ch\/wp-content\/uploads\/2023\/05\/1685003019_image5.jpeg\" data-link=\"\" width=\"353\" height=\"236\"><\/span><\/p>\n<\/td>\n<td class=\"-C\" style=\"width: 241.3pt; border: none windowtext 0pt;\">\n<p class=\"Normal-P\" style=\"margin-bottom: 6pt; text-align: justify; text-justify: inter-ideograph; direction: ltr; unicode-bidi: normal;\"><span class=\"Normal-H\"><img loading=\"lazy\" decoding=\"async\" class=\"\" src=\"https:\/\/www.adrianwood.ch\/wp-content\/uploads\/2023\/05\/1685003019_image6.jpeg\" data-link=\"\" width=\"352\" height=\"236\"><\/span><\/p>\n<\/td>\n<\/tr>\n<tr class=\"-R\">\n<td class=\"-C\" style=\"width: 481.4pt; border: none windowtext 0pt;\" colspan=\"2\">\n<p class=\"Normal-P\" style=\"margin-bottom: 6pt; text-align: justify; text-justify: inter-ideograph; direction: ltr; unicode-bidi: normal;\"><span class=\"Normal-H\">Weiter im sonnigen Westen oberhalb des grandiosen gelegenen Valle Gran Rey schmiegt sich das ruhige Bergdorf Arure in 825 m H\u00f6he an den gleichnamigen Barranco. Die Bewohner Arures verstehen sich als direkte Nachkommen der Altkanarier. Sie sind stolz auf die Geschichte von Arure als \u00abResidenz des K\u00f6nigs\u00bb. Von hier aus sollen die Ureinwohner Widerstand gegen die spanischen Konquistadoren geleistet haben, mit tragischem Ausgang. Die Strasse f\u00fchrt durch einen Tunnel, hinter dem schliesslich der Aussichtspunkt Mirador El Palmarejo mit Aussichtsplattform und nicht mehr bewirtschaftetem Restaurant Mirador Cesar Manrique zu sehen ist. Das Geb\u00e4ude klebt fast unsichtbar in der Felswand, erbaut mit farblich angepassten dunklen Steinplatten, durchzogen von einem Glasband als Fensterfront. Der Blick \u00fcber das Tal des Valle Gran Rey ist beindruckend. Der Mirador wurde \u00fcbrigens von Lanzarotes Inselk\u00fcnstler Cesar Manrique entworfen.<\/span><\/p>\n<\/td>\n<\/tr>\n<tr class=\"-R\">\n<td class=\"-C\" style=\"width: 240.1pt; border: none windowtext 0pt;\">\n<p class=\"Normal-P\" style=\"margin-bottom: 6pt; text-align: justify; text-justify: inter-ideograph; direction: ltr; unicode-bidi: normal;\"><span class=\"Normal-H\"><img loading=\"lazy\" decoding=\"async\" class=\"\" src=\"https:\/\/www.adrianwood.ch\/wp-content\/uploads\/2023\/05\/1685003019_image7.jpeg\" data-link=\"\" width=\"352\" height=\"235\"><\/span><\/p>\n<\/td>\n<td class=\"-C\" style=\"width: 241.3pt; border: none windowtext 0pt;\">\n<p class=\"Normal-P\" style=\"margin-bottom: 6pt; text-align: justify; text-justify: inter-ideograph; direction: ltr; unicode-bidi: normal;\"><span class=\"Normal-H\"><img loading=\"lazy\" decoding=\"async\" class=\"\" src=\"https:\/\/www.adrianwood.ch\/wp-content\/uploads\/2023\/05\/1685003019_image8.jpeg\" data-link=\"\" width=\"353\" height=\"235\"><\/span><\/p>\n<\/td>\n<\/tr>\n<tr class=\"-R\">\n<td class=\"-C\" style=\"width: 481.4pt; border: none windowtext 0pt;\" colspan=\"2\">\n<p class=\"Normal-P\" style=\"margin-bottom: 6pt; text-align: justify; text-justify: inter-ideograph; direction: ltr; unicode-bidi: normal;\"><span class=\"Normal-H\">In den Bergen gibt es weder Rotwild noch Wildschweine. Sie wurden im 15. Jh., nach der Eroberung durch die Spanier ausgerottet. Auch die Ureinwohner erfuhren ein hartes Schicksal. Im 20. Jh. st\u00fcrzte Franco die Kanaren in eine extreme Hungersnot, der ein grosser Teil der rund 40000 Bewohner umfassenden Bev\u00f6lkerung zum Opfer fiel. Noch heute betr\u00e4gt die Einwohnerzahl nur ca. 22000. <\/span><\/p>\n<\/td>\n<\/tr>\n<tr class=\"-R\">\n<td class=\"-C\" style=\"width: 240.1pt; border: none windowtext 0pt;\">\n<p class=\"Normal-P\" style=\"margin-bottom: 6pt; text-align: justify; text-justify: inter-ideograph; direction: ltr; unicode-bidi: normal;\"><span class=\"Normal-H\"><img loading=\"lazy\" decoding=\"async\" class=\"\" src=\"https:\/\/www.adrianwood.ch\/wp-content\/uploads\/2023\/05\/1685003019_image9.jpeg\" data-link=\"\" width=\"352\" height=\"235\"><\/span><\/p>\n<\/td>\n<td class=\"-C\" style=\"width: 241.3pt; border: none windowtext 0pt;\">\n<p class=\"Normal-P\" style=\"margin-bottom: 6pt; text-align: justify; text-justify: inter-ideograph; direction: ltr; unicode-bidi: normal;\"><span class=\"Normal-H\"><img loading=\"lazy\" decoding=\"async\" class=\"\" src=\"https:\/\/www.adrianwood.ch\/wp-content\/uploads\/2023\/05\/1685003019_image10.jpeg\" data-link=\"\" width=\"352\" height=\"234\"><\/span><\/p>\n<\/td>\n<\/tr>\n<tr class=\"-R\">\n<td class=\"-C\" style=\"width: 481.4pt; border: none windowtext 0pt;\" colspan=\"2\">\n<p class=\"Normal-P\" style=\"margin-bottom: 6pt; text-align: justify; text-justify: inter-ideograph; direction: ltr; unicode-bidi: normal;\"><span class=\"Normal-H\">Unterwegs kann ich es kaum erwarten ein erfrischendes Bad im Meer zu nehmen. Trotz dem sch\u00f6n angelegten Schwimmbad auf dem Hotel Dachterasse, lauf ich die K\u00fcste entlang an der \u2018Baby Beach\u2019 vorbei zur Playa de Vueltas im Hafen von Valle Gran Rey, einer mit einer bedrohlichen Steilwand ges\u00e4umten, gesch\u00fctzten Bucht ohne hohe Wellen, mit klarem t\u00fcrkisblauem Wasser und dunklem Vulkansand. Ein grandioser Abschluss des ersten Tages.<\/span><\/p>\n<\/td>\n<\/tr>\n<tr class=\"-R\">\n<td class=\"-C\" style=\"width: 240.1pt; border: none windowtext 0pt;\">\n<p class=\"Normal-P\" style=\"margin-bottom: 6pt; text-align: justify; text-justify: inter-ideograph; direction: ltr; unicode-bidi: normal;\"><span class=\"Normal-H\"><img loading=\"lazy\" decoding=\"async\" class=\"\" src=\"https:\/\/www.adrianwood.ch\/wp-content\/uploads\/2023\/05\/1685003019_image11.jpeg\" data-link=\"\" width=\"352\" height=\"235\"><\/span><\/p>\n<\/td>\n<td class=\"-C\" style=\"width: 241.3pt; border: none windowtext 0pt;\">\n<p class=\"Normal-P\" style=\"margin-bottom: 6pt; text-align: justify; text-justify: inter-ideograph; direction: ltr; unicode-bidi: normal;\"><span class=\"Normal-H\"><img loading=\"lazy\" decoding=\"async\" class=\"\" src=\"https:\/\/www.adrianwood.ch\/wp-content\/uploads\/2023\/05\/1685003019_image12.jpeg\" data-link=\"\" width=\"352\" height=\"236\"><\/span><\/p>\n<\/td>\n<\/tr>\n<tr class=\"-R\">\n<td class=\"-C\" style=\"width: 481.4pt; border: none windowtext 0pt;\" colspan=\"2\">\n<p class=\"Normal-P\" style=\"margin-bottom: 6pt; text-align: justify; text-justify: inter-ideograph; direction: ltr; unicode-bidi: normal;\"><span class=\"Normal-H\">Adrian und allen Teilnehmern danke ich f\u00fcr die bereichernde Zeit, die mir mit Euch verg\u00f6nnt war.<\/span><\/p>\n<p class=\"Normal-P\" style=\"margin-bottom: 6pt; text-align: justify; text-justify: inter-ideograph; direction: ltr; unicode-bidi: normal;\"><span class=\"Normal-H\">Brigitte D.<\/span><\/p>\n<\/td>\n<\/tr>\n<p><!-- [if !supportMisalignedColumns]--><\/tbody>\n<\/table>\n<\/div>\n","protected":false},"excerpt":{"rendered":"<p>Mittwoch, 26.4.2003. ErsterTag auf La Gomera. Nach der Ankunft der F\u00e4hre von Teneriffa in San Sebastien f\u00e4hrt uns ein grosse bequeme Reisebus bei sch\u00f6nstem Wetter quer \u00fcber der ganzen Insel in unserem Hotel Gran Rey im Ort Valle Gran Rey, wo wir die erste Woche unsere Wanderferien verbringen werden. Ich bin mir sicher, die 21 &hellip; <a href=\"https:\/\/www.adrianwood.ch\/?page_id=24634\" class=\"more-link\">Continue reading <span class=\"screen-reader-text\">04-26 Anreise<\/span> <span class=\"meta-nav\">&rarr;<\/span><\/a><\/p>\n","protected":false},"author":1,"featured_media":0,"parent":24622,"menu_order":2642,"comment_status":"closed","ping_status":"closed","template":"","meta":{"ngg_post_thumbnail":0,"footnotes":""},"class_list":["post-24634","page","type-page","status-publish","hentry"],"_links":{"self":[{"href":"https:\/\/www.adrianwood.ch\/index.php?rest_route=\/wp\/v2\/pages\/24634","targetHints":{"allow":["GET"]}}],"collection":[{"href":"https:\/\/www.adrianwood.ch\/index.php?rest_route=\/wp\/v2\/pages"}],"about":[{"href":"https:\/\/www.adrianwood.ch\/index.php?rest_route=\/wp\/v2\/types\/page"}],"author":[{"embeddable":true,"href":"https:\/\/www.adrianwood.ch\/index.php?rest_route=\/wp\/v2\/users\/1"}],"replies":[{"embeddable":true,"href":"https:\/\/www.adrianwood.ch\/index.php?rest_route=%2Fwp%2Fv2%2Fcomments&post=24634"}],"version-history":[{"count":7,"href":"https:\/\/www.adrianwood.ch\/index.php?rest_route=\/wp\/v2\/pages\/24634\/revisions"}],"predecessor-version":[{"id":24712,"href":"https:\/\/www.adrianwood.ch\/index.php?rest_route=\/wp\/v2\/pages\/24634\/revisions\/24712"}],"up":[{"embeddable":true,"href":"https:\/\/www.adrianwood.ch\/index.php?rest_route=\/wp\/v2\/pages\/24622"}],"wp:attachment":[{"href":"https:\/\/www.adrianwood.ch\/index.php?rest_route=%2Fwp%2Fv2%2Fmedia&parent=24634"}],"curies":[{"name":"wp","href":"https:\/\/api.w.org\/{rel}","templated":true}]}}

<div class="pmdi_content_wrapper">
<h2 class="Normal-P" style="margin-bottom: 6pt; text-align: justify; text-justify: inter-ideograph; direction: ltr; unicode-bidi: normal;"><span class="Normal-H"><span style="font-weight: bold;">Mittwoch</span><span style="font-weight: bold;">, 2</span><span style="font-weight: bold;">6</span><span style="font-weight: bold;">.4.2003</span><span style="font-weight: bold;">. Erster</span><span style="font-weight: bold;">T</span><span style="font-weight: bold;">ag auf La Gomera</span><span style="font-weight: bold;">.</span></span></h2>
<table class="TableGrid-T" style="border-collapse: collapse;" cellspacing="0">
<tbody>
<tr class="-R">
<td class="-C" style="width: 481.4pt; border: none windowtext 0pt;" colspan="2">
<p class="Normal-P" style="margin-bottom: 6pt; text-align: justify; text-justify: inter-ideograph; direction: ltr; unicode-bidi: normal;"><span class="Normal-H">Nach der Ankunft der Fähre von Teneriffa in San Sebastien fährt uns ein grosse bequeme Reisebus bei schönstem Wetter quer über der ganzen Insel in unserem Hotel Gran Rey im Ort Valle Gran Rey, wo wir die erste Woche unsere Wanderferien verbringen werden. </span></p>
</td>
</tr>
<tr class="-R">
<td class="-C" style="width: 240.1pt; border: none windowtext 0pt;">
<p class="Normal-P" style="margin-bottom: 6pt; text-align: justify; text-justify: inter-ideograph; direction: ltr; unicode-bidi: normal;"><span class="Normal-H"><img loading="lazy" decoding="async" class="" src="https://www.adrianwood.ch/wp-content/uploads/2023/05/1685003019_image1.jpeg" data-link="" width="352" height="235"></span></p>
</td>
<td class="-C" style="width: 241.3pt; border: none windowtext 0pt;">
<p class="Normal-P" style="margin-bottom: 6pt; text-align: justify; text-justify: inter-ideograph; direction: ltr; unicode-bidi: normal;"><span class="Normal-H"><img loading="lazy" decoding="async" class="" src="https://www.adrianwood.ch/wp-content/uploads/2023/05/1685003019_image2.jpeg" data-link="" width="352" height="236"></span></p>
</td>
</tr>
<tr class="-R">
<td class="-C" style="width: 481.4pt; border: none windowtext 0pt;" colspan="2">
<p class="Normal-P" style="margin-bottom: 6pt; text-align: justify; text-justify: inter-ideograph; direction: ltr; unicode-bidi: normal;"><span class="Normal-H">Ich bin mir sicher, die 21 Personen halten von Zeit zu Zeit die Luft an, denn wir passieren zum ersten Mal die kunstvoll angelegte Strasse mit unzähligen Haarnadelkurven und spektakulären, atemberaubenden Ausblicken in einige der 52 auf La Gomera existierenden Barrancos, die das in der Ferne glitzernde Meer freigeben. Unser Auge erfreuen bunte an den Hängen klebende Streusiedlungen, handwerklich perfekt aufgerichtete Trockenmauern und eine überwältigende Vegetation mit Palmenhainen und einer Reihe von endemischen Pflanzen, wie der Kanarenlorbeer und manche Baumheide Arten.</span></p>
</td>
</tr>
<tr class="-R">
<td class="-C" style="width: 240.1pt; border: none windowtext 0pt;">
<p class="Normal-P" style="margin-bottom: 6pt; text-align: justify; text-justify: inter-ideograph; direction: ltr; unicode-bidi: normal;"><span class="Normal-H"><img loading="lazy" decoding="async" class="" src="https://www.adrianwood.ch/wp-content/uploads/2023/05/1685003019_image3.jpeg" data-link="" width="352" height="235"></span></p>
</td>
<td class="-C" style="width: 241.3pt; border: none windowtext 0pt;">
<p class="Normal-P" style="margin-bottom: 6pt; text-align: justify; text-justify: inter-ideograph; direction: ltr; unicode-bidi: normal;"><span class="Normal-H"><img loading="lazy" decoding="async" class="" src="https://www.adrianwood.ch/wp-content/uploads/2023/05/1685003019_image4.jpeg" data-link="" width="353" height="235"></span></p>
</td>
</tr>
<tr class="-R">
<td class="-C" style="width: 481.4pt; border: none windowtext 0pt;" colspan="2">
<p class="Normal-P" style="margin-bottom: 6pt; text-align: justify; text-justify: inter-ideograph; direction: ltr; unicode-bidi: normal;"><span class="Normal-H">Einen kurzen Halt machen wir am Roque Agando, einem ehemaligen Vulkanschlot aus Phonolith noch im Gemeindegebiet San Sebastian. Er gehört zur Felsgruppe Los Roques und ist mit seiner zuckerhutähnlichen Form einer der auffälligsten. Mit seinen 1250 Meter ist es auch der höchsten. Von der Aussicht Plattform hatte man einen schönen Blick Richtung Teneriffa und den imposanten Teide.</span></p>
</td>
</tr>
<tr class="-R">
<td class="-C" style="width: 240.1pt; border: none windowtext 0pt;">
<p class="Normal-P" style="margin-bottom: 6pt; text-align: justify; text-justify: inter-ideograph; direction: ltr; unicode-bidi: normal;"><span class="Normal-H"><img loading="lazy" decoding="async" class="" src="https://www.adrianwood.ch/wp-content/uploads/2023/05/1685003019_image5.jpeg" data-link="" width="353" height="236"></span></p>
</td>
<td class="-C" style="width: 241.3pt; border: none windowtext 0pt;">
<p class="Normal-P" style="margin-bottom: 6pt; text-align: justify; text-justify: inter-ideograph; direction: ltr; unicode-bidi: normal;"><span class="Normal-H"><img loading="lazy" decoding="async" class="" src="https://www.adrianwood.ch/wp-content/uploads/2023/05/1685003019_image6.jpeg" data-link="" width="352" height="236"></span></p>
</td>
</tr>
<tr class="-R">
<td class="-C" style="width: 481.4pt; border: none windowtext 0pt;" colspan="2">
<p class="Normal-P" style="margin-bottom: 6pt; text-align: justify; text-justify: inter-ideograph; direction: ltr; unicode-bidi: normal;"><span class="Normal-H">Weiter im sonnigen Westen oberhalb des grandiosen gelegenen Valle Gran Rey schmiegt sich das ruhige Bergdorf Arure in 825 m Höhe an den gleichnamigen Barranco. Die Bewohner Arures verstehen sich als direkte Nachkommen der Altkanarier. Sie sind stolz auf die Geschichte von Arure als «Residenz des Königs». Von hier aus sollen die Ureinwohner Widerstand gegen die spanischen Konquistadoren geleistet haben, mit tragischem Ausgang. Die Strasse führt durch einen Tunnel, hinter dem schliesslich der Aussichtspunkt Mirador El Palmarejo mit Aussichtsplattform und nicht mehr bewirtschaftetem Restaurant Mirador Cesar Manrique zu sehen ist. Das Gebäude klebt fast unsichtbar in der Felswand, erbaut mit farblich angepassten dunklen Steinplatten, durchzogen von einem Glasband als Fensterfront. Der Blick über das Tal des Valle Gran Rey ist beindruckend. Der Mirador wurde übrigens von Lanzarotes Inselkünstler Cesar Manrique entworfen.</span></p>
</td>
</tr>
<tr class="-R">
<td class="-C" style="width: 240.1pt; border: none windowtext 0pt;">
<p class="Normal-P" style="margin-bottom: 6pt; text-align: justify; text-justify: inter-ideograph; direction: ltr; unicode-bidi: normal;"><span class="Normal-H"><img loading="lazy" decoding="async" class="" src="https://www.adrianwood.ch/wp-content/uploads/2023/05/1685003019_image7.jpeg" data-link="" width="352" height="235"></span></p>
</td>
<td class="-C" style="width: 241.3pt; border: none windowtext 0pt;">
<p class="Normal-P" style="margin-bottom: 6pt; text-align: justify; text-justify: inter-ideograph; direction: ltr; unicode-bidi: normal;"><span class="Normal-H"><img loading="lazy" decoding="async" class="" src="https://www.adrianwood.ch/wp-content/uploads/2023/05/1685003019_image8.jpeg" data-link="" width="353" height="235"></span></p>
</td>
</tr>
<tr class="-R">
<td class="-C" style="width: 481.4pt; border: none windowtext 0pt;" colspan="2">
<p class="Normal-P" style="margin-bottom: 6pt; text-align: justify; text-justify: inter-ideograph; direction: ltr; unicode-bidi: normal;"><span class="Normal-H">In den Bergen gibt es weder Rotwild noch Wildschweine. Sie wurden im 15. Jh., nach der Eroberung durch die Spanier ausgerottet. Auch die Ureinwohner erfuhren ein hartes Schicksal. Im 20. Jh. stürzte Franco die Kanaren in eine extreme Hungersnot, der ein grosser Teil der rund 40000 Bewohner umfassenden Bevölkerung zum Opfer fiel. Noch heute beträgt die Einwohnerzahl nur ca. 22000. </span></p>
</td>
</tr>
<tr class="-R">
<td class="-C" style="width: 240.1pt; border: none windowtext 0pt;">
<p class="Normal-P" style="margin-bottom: 6pt; text-align: justify; text-justify: inter-ideograph; direction: ltr; unicode-bidi: normal;"><span class="Normal-H"><img loading="lazy" decoding="async" class="" src="https://www.adrianwood.ch/wp-content/uploads/2023/05/1685003019_image9.jpeg" data-link="" width="352" height="235"></span></p>
</td>
<td class="-C" style="width: 241.3pt; border: none windowtext 0pt;">
<p class="Normal-P" style="margin-bottom: 6pt; text-align: justify; text-justify: inter-ideograph; direction: ltr; unicode-bidi: normal;"><span class="Normal-H"><img loading="lazy" decoding="async" class="" src="https://www.adrianwood.ch/wp-content/uploads/2023/05/1685003019_image10.jpeg" data-link="" width="352" height="234"></span></p>
</td>
</tr>
<tr class="-R">
<td class="-C" style="width: 481.4pt; border: none windowtext 0pt;" colspan="2">
<p class="Normal-P" style="margin-bottom: 6pt; text-align: justify; text-justify: inter-ideograph; direction: ltr; unicode-bidi: normal;"><span class="Normal-H">Unterwegs kann ich es kaum erwarten ein erfrischendes Bad im Meer zu nehmen. Trotz dem schön angelegten Schwimmbad auf dem Hotel Dachterasse, lauf ich die Küste entlang an der ‘Baby Beach’ vorbei zur Playa de Vueltas im Hafen von Valle Gran Rey, einer mit einer bedrohlichen Steilwand gesäumten, geschützten Bucht ohne hohe Wellen, mit klarem türkisblauem Wasser und dunklem Vulkansand. Ein grandioser Abschluss des ersten Tages.</span></p>
</td>
</tr>
<tr class="-R">
<td class="-C" style="width: 240.1pt; border: none windowtext 0pt;">
<p class="Normal-P" style="margin-bottom: 6pt; text-align: justify; text-justify: inter-ideograph; direction: ltr; unicode-bidi: normal;"><span class="Normal-H"><img loading="lazy" decoding="async" class="" src="https://www.adrianwood.ch/wp-content/uploads/2023/05/1685003019_image11.jpeg" data-link="" width="352" height="235"></span></p>
</td>
<td class="-C" style="width: 241.3pt; border: none windowtext 0pt;">
<p class="Normal-P" style="margin-bottom: 6pt; text-align: justify; text-justify: inter-ideograph; direction: ltr; unicode-bidi: normal;"><span class="Normal-H"><img loading="lazy" decoding="async" class="" src="https://www.adrianwood.ch/wp-content/uploads/2023/05/1685003019_image12.jpeg" data-link="" width="352" height="236"></span></p>
</td>
</tr>
<tr class="-R">
<td class="-C" style="width: 481.4pt; border: none windowtext 0pt;" colspan="2">
<p class="Normal-P" style="margin-bottom: 6pt; text-align: justify; text-justify: inter-ideograph; direction: ltr; unicode-bidi: normal;"><span class="Normal-H">Adrian und allen Teilnehmern danke ich für die bereichernde Zeit, die mir mit Euch vergönnt war.</span></p>
<p class="Normal-P" style="margin-bottom: 6pt; text-align: justify; text-justify: inter-ideograph; direction: ltr; unicode-bidi: normal;"><span class="Normal-H">Brigitte D.</span></p>
</td>
</tr>
<p><!-- [if !supportMisalignedColumns]--></tbody>
</table>
</div>

<p>Mittwoch, 26.4.2003. ErsterTag auf La Gomera. Nach der Ankunft der Fähre von Teneriffa in San Sebastien fährt uns ein grosse bequeme Reisebus bei schönstem Wetter quer über der ganzen Insel in unserem Hotel Gran Rey im Ort Valle Gran Rey, wo wir die erste Woche unsere Wanderferien verbringen werden. Ich bin mir sicher, die 21 &hellip; <a href="https://www.adrianwood.ch/?page_id=24634" class="more-link">Continue reading <span class="screen-reader-text">04-26 Anreise</span> <span class="meta-nav">&rarr;</span></a></p>
