{"id":25459,"date":"2023-10-19T16:02:01","date_gmt":"2023-10-19T16:02:01","guid":{"rendered":"https:\/\/www.adrianwood.ch\/?page_id=25459"},"modified":"2023-10-20T08:33:58","modified_gmt":"2023-10-20T08:33:58","slug":"09-24-manolates","status":"publish","type":"page","link":"https:\/\/www.adrianwood.ch\/?page_id=25459","title":{"rendered":"09 24 Manolates"},"content":{"rendered":"<div class=\"mceTemp\"><\/div>\n<figure id=\"attachment_25460\" aria-describedby=\"caption-attachment-25460\" style=\"width: 1620px\" class=\"wp-caption alignleft\"><a href=\"https:\/\/www.adrianwood.ch\/wp-content\/uploads\/2023\/10\/SAM_0155.jpg\"><img loading=\"lazy\" decoding=\"async\" class=\"size-full wp-image-25460\" src=\"https:\/\/www.adrianwood.ch\/wp-content\/uploads\/2023\/10\/SAM_0155.jpg\" alt=\"\" width=\"1620\" height=\"1080\" srcset=\"https:\/\/www.adrianwood.ch\/wp-content\/uploads\/2023\/10\/SAM_0155.jpg 1620w, https:\/\/www.adrianwood.ch\/wp-content\/uploads\/2023\/10\/SAM_0155-300x200.jpg 300w, https:\/\/www.adrianwood.ch\/wp-content\/uploads\/2023\/10\/SAM_0155-1024x683.jpg 1024w, https:\/\/www.adrianwood.ch\/wp-content\/uploads\/2023\/10\/SAM_0155-768x512.jpg 768w, https:\/\/www.adrianwood.ch\/wp-content\/uploads\/2023\/10\/SAM_0155-1536x1024.jpg 1536w\" sizes=\"auto, (max-width: 1620px) 100vw, 1620px\" \/><\/a><figcaption id=\"caption-attachment-25460\" class=\"wp-caption-text\">Ceramic Atelier in Manolates<\/figcaption><\/figure>\n<h2>24. Sep. Manolates \u2013 Ag. Konstantinos<\/h2>\n<p>Wanderzeit: ca. 4 Std.<br \/>\nWir starten wie vor zwei Tage am unteren Ende von Nachtigaltal, steigen aber auf der anderen Seite hoch nach Manolates, eine der bekanntesten Bergd\u00f6rfer von Samos. Es gib reichlich Zeit f\u00fcr eine Erfrischung und Eink\u00e4ufe zu bet\u00e4tigen bevor es weiter geht nach Stavrinides. Die von Zypressen und sanften Konturen gepr\u00e4gte Landschaft verleiht dieser H\u00f6henwanderung einen ganz besonderen Charme. Blumengeschm\u00fcckte H\u00e4user und liebevoll mit Spitzenvorh\u00e4ngen geschm\u00fcckte Fenster machen die Bergd\u00f6rfer zu einer ganz besonderen Augenweide. Nach dem steilen Abstieg erreichen wir die K\u00fcste und werden belohnt mit eine Badegelegenheit zum abk\u00fchlen und eine besondere Fisch Meze direkt am Strand.<\/p>\nngg_shortcode_0_placeholder\n","protected":false},"excerpt":{"rendered":"<p>24. Sep. Manolates \u2013 Ag. Konstantinos Wanderzeit: ca. 4 Std. Wir starten wie vor zwei Tage am unteren Ende von Nachtigaltal, steigen aber auf der anderen Seite hoch nach Manolates, eine der bekanntesten Bergd\u00f6rfer von Samos. Es gib reichlich Zeit f\u00fcr eine Erfrischung und Eink\u00e4ufe zu bet\u00e4tigen bevor es weiter geht nach Stavrinides. Die von &hellip; <a href=\"https:\/\/www.adrianwood.ch\/?page_id=25459\" class=\"more-link\">Continue reading <span class=\"screen-reader-text\">09 24 Manolates<\/span> <span class=\"meta-nav\">&rarr;<\/span><\/a><\/p>\n","protected":false},"author":1,"featured_media":0,"parent":25441,"menu_order":4874,"comment_status":"closed","ping_status":"closed","template":"","meta":{"ngg_post_thumbnail":0,"footnotes":""},"class_list":["post-25459","page","type-page","status-publish","hentry"],"_links":{"self":[{"href":"https:\/\/www.adrianwood.ch\/index.php?rest_route=\/wp\/v2\/pages\/25459","targetHints":{"allow":["GET"]}}],"collection":[{"href":"https:\/\/www.adrianwood.ch\/index.php?rest_route=\/wp\/v2\/pages"}],"about":[{"href":"https:\/\/www.adrianwood.ch\/index.php?rest_route=\/wp\/v2\/types\/page"}],"author":[{"embeddable":true,"href":"https:\/\/www.adrianwood.ch\/index.php?rest_route=\/wp\/v2\/users\/1"}],"replies":[{"embeddable":true,"href":"https:\/\/www.adrianwood.ch\/index.php?rest_route=%2Fwp%2Fv2%2Fcomments&post=25459"}],"version-history":[{"count":3,"href":"https:\/\/www.adrianwood.ch\/index.php?rest_route=\/wp\/v2\/pages\/25459\/revisions"}],"predecessor-version":[{"id":25554,"href":"https:\/\/www.adrianwood.ch\/index.php?rest_route=\/wp\/v2\/pages\/25459\/revisions\/25554"}],"up":[{"embeddable":true,"href":"https:\/\/www.adrianwood.ch\/index.php?rest_route=\/wp\/v2\/pages\/25441"}],"wp:attachment":[{"href":"https:\/\/www.adrianwood.ch\/index.php?rest_route=%2Fwp%2Fv2%2Fmedia&parent=25459"}],"curies":[{"name":"wp","href":"https:\/\/api.w.org\/{rel}","templated":true}]}}