{"id":25463,"date":"2023-10-19T16:09:38","date_gmt":"2023-10-19T16:09:38","guid":{"rendered":"https:\/\/www.adrianwood.ch\/?page_id=25463"},"modified":"2023-10-20T08:39:34","modified_gmt":"2023-10-20T08:39:34","slug":"09-25-kastania","status":"publish","type":"page","link":"https:\/\/www.adrianwood.ch\/?page_id=25463","title":{"rendered":"09 25 Kastania"},"content":{"rendered":"<figure id=\"attachment_25464\" aria-describedby=\"caption-attachment-25464\" style=\"width: 1620px\" class=\"wp-caption alignleft\"><a href=\"https:\/\/www.adrianwood.ch\/wp-content\/uploads\/2023\/10\/SAM_0207.jpg\"><img loading=\"lazy\" decoding=\"async\" class=\"size-full wp-image-25464\" src=\"https:\/\/www.adrianwood.ch\/wp-content\/uploads\/2023\/10\/SAM_0207.jpg\" alt=\"\" width=\"1620\" height=\"1080\" srcset=\"https:\/\/www.adrianwood.ch\/wp-content\/uploads\/2023\/10\/SAM_0207.jpg 1620w, https:\/\/www.adrianwood.ch\/wp-content\/uploads\/2023\/10\/SAM_0207-300x200.jpg 300w, https:\/\/www.adrianwood.ch\/wp-content\/uploads\/2023\/10\/SAM_0207-1024x683.jpg 1024w, https:\/\/www.adrianwood.ch\/wp-content\/uploads\/2023\/10\/SAM_0207-768x512.jpg 768w, https:\/\/www.adrianwood.ch\/wp-content\/uploads\/2023\/10\/SAM_0207-1536x1024.jpg 1536w\" sizes=\"auto, (max-width: 1620px) 100vw, 1620px\" \/><\/a><figcaption id=\"caption-attachment-25464\" class=\"wp-caption-text\">im h\u00f6chsten Dorf<\/figcaption><\/figure>\n<h2>25. Sep. Am Fusse des h\u00f6chsten Berges<\/h2>\n<p>Wanderzeit: ca. 4 Std.<br \/>\nDer h\u00f6chste Berg von Samos ist der 1443m hohem Mt.Kerketefs, der ganz im S\u00fcdosten der Insel liegt. Das Kerkismassiv ist von zahlreichen, einst von Eremiten bewohnten, H\u00f6hlen durchzogen. Auf einem steilen Pfad erreichen wir den Dorf Kastania, das auf der Wasserscheide zwischen Nord und S\u00fcd Samos liegt. Der Rundblick ist \u00fcberw\u00e4ltigend und unvergesslich. Wir besuchen dort eine Taverna und steigen im Richtung S\u00fcden ab. Anschliessend besteht die M\u00f6glichkeit zu einem erfrischenden Bad am langen Strand von Psili Amos. Ein sp\u00e4tes Mittagessen am Strand bildet die perfekte Abrundung des Tages.<\/p>\nngg_shortcode_0_placeholder\n","protected":false},"excerpt":{"rendered":"<p>25. Sep. Am Fusse des h\u00f6chsten Berges Wanderzeit: ca. 4 Std. Der h\u00f6chste Berg von Samos ist der 1443m hohem Mt.Kerketefs, der ganz im S\u00fcdosten der Insel liegt. Das Kerkismassiv ist von zahlreichen, einst von Eremiten bewohnten, H\u00f6hlen durchzogen. Auf einem steilen Pfad erreichen wir den Dorf Kastania, das auf der Wasserscheide zwischen Nord und &hellip; <a href=\"https:\/\/www.adrianwood.ch\/?page_id=25463\" class=\"more-link\">Continue reading <span class=\"screen-reader-text\">09 25 Kastania<\/span> <span class=\"meta-nav\">&rarr;<\/span><\/a><\/p>\n","protected":false},"author":1,"featured_media":0,"parent":25441,"menu_order":4875,"comment_status":"closed","ping_status":"closed","template":"","meta":{"ngg_post_thumbnail":0,"footnotes":""},"class_list":["post-25463","page","type-page","status-publish","hentry"],"_links":{"self":[{"href":"https:\/\/www.adrianwood.ch\/index.php?rest_route=\/wp\/v2\/pages\/25463","targetHints":{"allow":["GET"]}}],"collection":[{"href":"https:\/\/www.adrianwood.ch\/index.php?rest_route=\/wp\/v2\/pages"}],"about":[{"href":"https:\/\/www.adrianwood.ch\/index.php?rest_route=\/wp\/v2\/types\/page"}],"author":[{"embeddable":true,"href":"https:\/\/www.adrianwood.ch\/index.php?rest_route=\/wp\/v2\/users\/1"}],"replies":[{"embeddable":true,"href":"https:\/\/www.adrianwood.ch\/index.php?rest_route=%2Fwp%2Fv2%2Fcomments&post=25463"}],"version-history":[{"count":3,"href":"https:\/\/www.adrianwood.ch\/index.php?rest_route=\/wp\/v2\/pages\/25463\/revisions"}],"predecessor-version":[{"id":25724,"href":"https:\/\/www.adrianwood.ch\/index.php?rest_route=\/wp\/v2\/pages\/25463\/revisions\/25724"}],"up":[{"embeddable":true,"href":"https:\/\/www.adrianwood.ch\/index.php?rest_route=\/wp\/v2\/pages\/25441"}],"wp:attachment":[{"href":"https:\/\/www.adrianwood.ch\/index.php?rest_route=%2Fwp%2Fv2%2Fmedia&parent=25463"}],"curies":[{"name":"wp","href":"https:\/\/api.w.org\/{rel}","templated":true}]}}

<figure id="attachment_25464" aria-describedby="caption-attachment-25464" style="width: 1620px" class="wp-caption alignleft"><a href="https://www.adrianwood.ch/wp-content/uploads/2023/10/SAM_0207.jpg"><img loading="lazy" decoding="async" class="size-full wp-image-25464" src="https://www.adrianwood.ch/wp-content/uploads/2023/10/SAM_0207.jpg" alt="" width="1620" height="1080" srcset="https://www.adrianwood.ch/wp-content/uploads/2023/10/SAM_0207.jpg 1620w, https://www.adrianwood.ch/wp-content/uploads/2023/10/SAM_0207-300x200.jpg 300w, https://www.adrianwood.ch/wp-content/uploads/2023/10/SAM_0207-1024x683.jpg 1024w, https://www.adrianwood.ch/wp-content/uploads/2023/10/SAM_0207-768x512.jpg 768w, https://www.adrianwood.ch/wp-content/uploads/2023/10/SAM_0207-1536x1024.jpg 1536w" sizes="auto, (max-width: 1620px) 100vw, 1620px" /></a><figcaption id="caption-attachment-25464" class="wp-caption-text">im höchsten Dorf</figcaption></figure>
<h2>25. Sep. Am Fusse des höchsten Berges</h2>
<p>Wanderzeit: ca. 4 Std.<br />
Der höchste Berg von Samos ist der 1443m hohem Mt.Kerketefs, der ganz im Südosten der Insel liegt. Das Kerkismassiv ist von zahlreichen, einst von Eremiten bewohnten, Höhlen durchzogen. Auf einem steilen Pfad erreichen wir den Dorf Kastania, das auf der Wasserscheide zwischen Nord und Süd Samos liegt. Der Rundblick ist überwältigend und unvergesslich. Wir besuchen dort eine Taverna und steigen im Richtung Süden ab. Anschliessend besteht die Möglichkeit zu einem erfrischenden Bad am langen Strand von Psili Amos. Ein spätes Mittagessen am Strand bildet die perfekte Abrundung des Tages.</p>
ngg_shortcode_0_placeholder

<p>25. Sep. Am Fusse des höchsten Berges Wanderzeit: ca. 4 Std. Der höchste Berg von Samos ist der 1443m hohem Mt.Kerketefs, der ganz im Südosten der Insel liegt. Das Kerkismassiv ist von zahlreichen, einst von Eremiten bewohnten, Höhlen durchzogen. Auf einem steilen Pfad erreichen wir den Dorf Kastania, das auf der Wasserscheide zwischen Nord und &hellip; <a href="https://www.adrianwood.ch/?page_id=25463" class="more-link">Continue reading <span class="screen-reader-text">09 25 Kastania</span> <span class="meta-nav">&rarr;</span></a></p>
